000
CXUS53 KDDC 211200
CF6DDC
PRELIMINARY LOCAL CLIMATOLOGICAL DATA (WS FORM: F-6)

                                          STATION:   DODGE CITY KS
                                          MONTH:     AUGUST
                                          YEAR:      2014
                                          LATITUDE:   37 46 N
                                          LONGITUDE:  99 58 W

  TEMPERATURE IN F:       :PCPN:    SNOW:  WIND      :SUNSHINE: SKY     :PK WND
================================================================================
1   2   3   4   5  6A  6B    7    8   9   10  11  12  13   14  15   16   17  18
                                     12Z  AVG MX 2MIN
DY MAX MIN AVG DEP HDD CDD  WTR  SNW DPTH SPD SPD DIR MIN PSBL S-S WX    SPD DR
================================================================================

 1  89  62  76  -4   0  11 0.00  0.0    0  7.2 15  30   M    M   1 8      20  40
 2  90  60  75  -5   0  10 0.00  0.0    0  6.0 13  60   M    M   0 18     16  60
 3  89  61  75  -5   0  10 0.00  0.0    0  8.0 16 150   M    M   0        20 150
 4  91  64  78  -2   0  13 0.00  0.0    0 12.2 21 220   M    M   0        26 220
 5  92  65  79   0   0  14 0.00  0.0    0 14.6 26 200   M    M   1        35 200
 6  96  69  83   4   0  18 0.00  0.0    0  8.7 18 270   M    M   1        23 270
 7  92  65  79   0   0  14 0.83  0.0    0 10.7 44 290   M    M   0 138    59 290
 8  85  65  75  -4   0  10 0.06  0.0    0  5.8 17 360   M    M   2 1      21 360
 9  91  62  77  -2   0  12 0.83  0.0    0 10.2 45 330   M    M   1 13     60 320
10  88  63  76  -3   0  11    T  0.0    0  7.9 17 320   M    M   1        25 320
11  86  63  75  -4   0  10 0.00  0.0    0  8.0 17  20   M    M   0 1      25  20
12  87  61  74  -5   0   9 0.00  0.0    0  8.4 15 130   M    M   1        20 160
13  92  64  78  -1   0  13 0.00  0.0    0 12.7 20 120   M    M   1        26 110
14  96  67  82   3   0  17 0.00  0.0    0 13.4 22 190   M    M   0        28 190
15  93  74  84   6   0  19 0.00  0.0    0 10.9 21 210   M    M   1        27 210
16  95  69  82   4   0  17 0.00  0.0    0  9.4 18 320   M    M   0        24 310
17  97  68  83   5   0  18 0.00  0.0    0  8.3 20 320   M    M   1 38     27 300
18 101  67  84   6   0  19    T  0.0    0 12.1 26  40   M    M   1 38     34  40
19  93  65  79   1   0  14 0.11  0.0    0 12.9 22 180   M    M   2 13     27 190
20  97  68  83   5   0  18 0.00  0.0    0 16.1 26 170   M    M   0        38 170
================================================================================
SM 1840 1302         0 277  1.83     0.0 203.5          M       14
================================================================================
AV 92.0 65.1                              10.2 FASTST   M    M   1    MAX(MPH)
                                 MISC ---->  # 45 330               # 60  320
================================================================================
NOTES:
# LAST OF SEVERAL OCCURRENCES

COLUMN 17 PEAK WIND IN M.P.H.

PRELIMINARY LOCAL CLIMATOLOGICAL DATA (WS FORM: F-6) , PAGE 2

                                          STATION:  DODGE CITY KS
                                          MONTH:    AUGUST
                                          YEAR:     2014
                                          LATITUDE:   37 46 N
                                          LONGITUDE:  99 58 W

[TEMPERATURE DATA]      [PRECIPITATION DATA]       SYMBOLS USED IN COLUMN 16

AVERAGE MONTHLY: 78.6   TOTAL FOR MONTH:   1.83    1 = FOG OR MIST
DPTR FM NORMAL:  -0.3   DPTR FM NORMAL:   -0.01    2 = FOG REDUCING VISIBILITY
HIGHEST:   101 ON 18    GRTST 24HR  0.89 ON  7- 8      TO 1/4 MILE OR LESS
LOWEST:     60 ON  2                               3 = THUNDER
                        SNOW, ICE PELLETS, HAIL    4 = ICE PELLETS
                        TOTAL MONTH:   0.0 INCH    5 = HAIL
                        GRTST 24HR     0.0         6 = FREEZING RAIN OR DRIZZLE
                        GRTST DEPTH:   0           7 = DUSTSTORM OR SANDSTORM:
                                                       VSBY 1/2 MILE OR LESS
                                                   8 = SMOKE OR HAZE
[NO. OF DAYS WITH]      [WEATHER - DAYS WITH]      9 = BLOWING SNOW
                                                   X = TORNADO
MAX 32 OR BELOW:   0    0.01 INCH OR MORE:   4
MAX 90 OR ABOVE:  14    0.10 INCH OR MORE:   3
MIN 32 OR BELOW:   0    0.50 INCH OR MORE:   2
MIN  0 OR BELOW:   0    1.00 INCH OR MORE:   0

[HDD (BASE 65) ]
TOTAL THIS MO.     0    CLEAR  (SCALE 0-3)  20
DPTR FM NORMAL     0    PTCLDY (SCALE 4-7)   0
TOTAL FM JUL 1    13    CLOUDY (SCALE 8-10)  0
DPTR FM NORMAL    12

[CDD (BASE 65) ]
TOTAL THIS MO.   277
DPTR FM NORMAL    -2    [PRESSURE DATA]
TOTAL FM JAN 1  1077    HIGHEST SLP M ON M
DPTR FM NORMAL   -41    LOWEST  SLP 29.67 ON 20

[REMARKS]
