000
CXUS53 KDDC 221200
CF6DDC
PRELIMINARY LOCAL CLIMATOLOGICAL DATA (WS FORM: F-6)

                                          STATION:   DODGE CITY KS
                                          MONTH:     SEPTEMBER
                                          YEAR:      2017
                                          LATITUDE:   37 46 N
                                          LONGITUDE:  99 58 W

  TEMPERATURE IN F:       :PCPN:    SNOW:  WIND      :SUNSHINE: SKY     :PK WND
================================================================================
1   2   3   4   5  6A  6B    7    8   9   10  11  12  13   14  15   16   17  18
                                     12Z  AVG MX 2MIN
DY MAX MIN AVG DEP HDD CDD  WTR  SNW DPTH SPD SPD DIR MIN PSBL S-S WX    SPD DR
================================================================================

 1  87  59  73  -2   0   8    T  0.0    0 15.4 24 160   M    M   1 138    29 160
 2  92  60  76   1   0  11 0.00  0.0    0  9.2 20 150   M    M   0 1      25 150
 3  96  65  81   7   0  16 0.00  0.0    0 10.2 20 200   M    M   0 8      26 200
 4  92  62  77   3   0  12 0.00  0.0    0 12.5 20  30   M    M   0 8      28  10
 5  77  47  62 -12   3   0 0.00  0.0    0  7.5 18 350   M    M   3        29  10
 6  83  45  64  -9   1   0 0.00  0.0    0  5.9 14 160   M    M   0 8      18 240
 7  90  54  72  -1   0   7 0.00  0.0    0 13.5 23 190   M    M   0 8      30 180
 8  93  63  78   6   0  13 0.00  0.0    0 19.1 30 170   M    M   0        45 180
 9  89  60  75   3   0  10 0.00  0.0    0 19.2 28 160   M    M   0        35 160
10  88  61  75   3   0  10 0.00  0.0    0 17.1 26 170   M    M   0 8      33 170
11  91  57  74   3   0   9 0.00  0.0    0 10.8 21 190   M    M   0 8      25 180
12  90  56  73   2   0   8 0.00  0.0    0  6.4 13 130   M    M   0 8      17 130
13  95  57  76   6   0  11 0.00  0.0    0 11.3 21 170   M    M   0 8      28 190
14 100  63  82  12   0  17 0.00  0.0    0 16.2 26 190   M    M   0 8      34 170
15  93  68  81  11   0  16 0.00  0.0    0 18.8 32 150   M    M   0 8      40 150
16  86  59  73   4   0   8 0.00  0.0    0 11.0 20  10   M    M   0        26  10
17  71  53  62  -7   3   0    T  0.0    0 10.4 22  20   M    M   7 138    30  20
18  86  63  75   7   0  10 0.08  0.0    0 13.7 25 210   M    M   2 18     34 210
19 100  65  83  15   0  18 0.00  0.0    0 19.0 36 210   M    M   0 18     45 210
20  87  53  70   3   0   5 0.00  0.0    0 11.8 22  20   M    M   0        30  20
21 101  54  78  11   0  13 0.00  0.0    0 18.9 35 190   M    M   0        42 200
================================================================================
SM 1887 1224         7 202  0.08     0.0 277.9          M       13
================================================================================
AV 89.9 58.3                              13.2 FASTST   M    M   1    MAX(MPH)
                                 MISC ---->  # 36 210               # 45  180
================================================================================
NOTES:
# LAST OF SEVERAL OCCURRENCES

COLUMN 17 PEAK WIND IN M.P.H.

PRELIMINARY LOCAL CLIMATOLOGICAL DATA (WS FORM: F-6) , PAGE 2

                                          STATION:  DODGE CITY KS
                                          MONTH:    SEPTEMBER
                                          YEAR:     2017
                                          LATITUDE:   37 46 N
                                          LONGITUDE:  99 58 W

[TEMPERATURE DATA]      [PRECIPITATION DATA]       SYMBOLS USED IN COLUMN 16

AVERAGE MONTHLY: 74.1   TOTAL FOR MONTH:   0.08    1 = FOG OR MIST
DPTR FM NORMAL:   2.9   DPTR FM NORMAL:   -1.18    2 = FOG REDUCING VISIBILITY
HIGHEST:   101 ON 21    GRTST 24HR  0.08 ON 18-18      TO 1/4 MILE OR LESS
LOWEST:     45 ON  6                               3 = THUNDER
                        SNOW, ICE PELLETS, HAIL    4 = ICE PELLETS
                        TOTAL MONTH:   0.0 INCH    5 = HAIL
                        GRTST 24HR     0.0         6 = FREEZING RAIN OR DRIZZLE
                        GRTST DEPTH:   0           7 = DUSTSTORM OR SANDSTORM:
                                                       VSBY 1/2 MILE OR LESS
                                                   8 = SMOKE OR HAZE
[NO. OF DAYS WITH]      [WEATHER - DAYS WITH]      9 = BLOWING SNOW
                                                   X = TORNADO
MAX 32 OR BELOW:   0    0.01 INCH OR MORE:   1
MAX 90 OR ABOVE:  12    0.10 INCH OR MORE:   0
MIN 32 OR BELOW:   0    0.50 INCH OR MORE:   0
MIN  0 OR BELOW:   0    1.00 INCH OR MORE:   0

[HDD (BASE 65) ]
TOTAL THIS MO.     7    CLEAR  (SCALE 0-3)  19
DPTR FM NORMAL   -19    PTCLDY (SCALE 4-7)   2
TOTAL FM JUL 1     7    CLOUDY (SCALE 8-10)  0
DPTR FM NORMAL   -23

[CDD (BASE 65) ]
TOTAL THIS MO.   202
DPTR FM NORMAL    47    [PRESSURE DATA]
TOTAL FM JAN 1  1434    HIGHEST SLP M ON M
DPTR FM NORMAL    33    LOWEST  SLP 29.48 ON 19

[REMARKS]
