000
CXUS55 KALY 270710
CF6DDH
PRELIMINARY LOCAL CLIMATOLOGICAL DATA (WS FORM: F-6)

                                          STATION:   BENNINGTON VT
                                          MONTH:     SEPTEMBER
                                          YEAR:      2016
                                          LATITUDE:   42 53 N
                                          LONGITUDE:  73 15 W

  TEMPERATURE IN F:       :PCPN:    SNOW:  WIND      :SUNSHINE: SKY     :PK WND
================================================================================
1   2   3   4   5  6A  6B    7    8   9   10  11  12  13   14  15   16   17  18
                                     12Z  AVG MX 2MIN
DY MAX MIN AVG DEP HDD CDD  WTR  SNW DPTH SPD SPD DIR MIN PSBL S-S WX    SPD DR
================================================================================

 1  77  53  65   1   0   0 0.00    M    M  3.5 12 330   M    M   6 18     17 310
 2  75  48  62  -2   3   0 0.00    M    M  3.4 15 350   M    M   2 18     22 350
 3  74  46  60  -3   5   0 0.00    M    M  1.8  8 280   M    M   0 18     11 260
 4  79  48  64   1   1   0 0.00    M    M  2.2 10 110   M    M   0 18     14 110
 5  83  49  66   3   0   1 0.00    M    M  2.2 12 360   M    M   0 8      17 360
 6  80  57  69   7   0   4 0.00    M    M  2.8 14  70   M    M   5        19  80
 7  80  60  70   8   0   5 0.00    M    M  3.6 13 130   M    M   4        17 140
 8  84  60  72  10   0   7 0.40    M    M  2.2 23 270   M    M   4 1      32 260
 9  83  62  73  12   0   8 0.03    M    M  4.2 12 270   M    M   4 1      16 250
10  83  63  73  12   0   8 0.02    M    M  4.1 15 160   M    M   6 13     23 170
11  78  47  63   2   2   0 0.28    M    M  7.2 22 280   M    M   3 138    35 280
12  73  43  58  -2   7   0 0.00    M    M  1.6  9 320   M    M   0 18     12 320
13  79  45  62   2   3   0    T    M    M  3.0 13 200   M    M   0 1      17 220
14  75  47  61   1   4   0 0.00    M    M  3.7 17 280   M    M   5 1      25 280
15  68  39  54  -5  11   0 0.00    M    M  1.8  9 260   M    M   0 1      12 270
16  73  39  56  -3   9   0 0.00    M    M  1.8 12 170   M    M   0 8      14 170
17  76  47  62   3   3   0 0.04    M    M  4.9 16 170   M    M   2 1      20 150
18  74  64  69  11   0   4 0.63    M    M  1.9  9 250   M    M   8 123    14 210
19  75  63  69  11   0   4 0.94    M    M  1.3  7 120   M    M   7 123    10  70
20  80  57  69  12   0   4 0.00    M    M  1.6  8 270   M    M   4 12     11 280
21  76  51  64   7   1   0 0.00    M    M  2.2  7 150   M    M   2 128    10 260
22  82  47  65   8   0   0 0.00    M    M  1.2  6 360   M    M   0 18      8 360
23  74  53  64   8   1   0 0.13    M    M  2.7 10 340   M    M   7 1      14 340
24  64  38  51  -5  14   0 0.00    M    M  3.1 14 350   M    M   3 12     20 360
25  63  32  48  -7  17   0 0.00    M    M  3.0 13 350   M    M   0 1      19  10
26  66  31  49  -6  16   0    T    M    M  4.0 14 200   M    M   1        20 210
================================================================================
SM 1974 1289        97  45  2.47    M     75.0          M       73
================================================================================
AV 75.9 49.6                               2.9 FASTST   M    M   3    MAX(MPH)
                                 MISC ---->  # 23 270                 35    M
================================================================================
NOTES:
# LAST OF SEVERAL OCCURRENCES

COLUMN 17 PEAK WIND IN M.P.H.

PRELIMINARY LOCAL CLIMATOLOGICAL DATA (WS FORM: F-6) , PAGE 2

                                          STATION:  BENNINGTON VT
                                          MONTH:    SEPTEMBER
                                          YEAR:     2016
                                          LATITUDE:   42 53 N
                                          LONGITUDE:  73 15 W

[TEMPERATURE DATA]      [PRECIPITATION DATA]       SYMBOLS USED IN COLUMN 16

AVERAGE MONTHLY: 62.8   TOTAL FOR MONTH:   2.47    1 = FOG OR MIST
DPTR FM NORMAL:   3.1   DPTR FM NORMAL:   -0.56    2 = FOG REDUCING VISIBILITY
HIGHEST:    84 ON  8    GRTST 24HR  1.55 ON 18-19      TO 1/4 MILE OR LESS
LOWEST:     31 ON 26                               3 = THUNDER
                        SNOW, ICE PELLETS, HAIL    4 = ICE PELLETS
                        TOTAL MONTH:    M          5 = HAIL
                        GRTST 24HR    M  ON   M    6 = FREEZING RAIN OR DRIZZLE
                        GRTST DEPTH:  M  ON   M    7 = DUSTSTORM OR SANDSTORM:
                                                       VSBY 1/2 MILE OR LESS
                                                   8 = SMOKE OR HAZE
[NO. OF DAYS WITH]      [WEATHER - DAYS WITH]      9 = BLOWING SNOW
                                                   X = TORNADO
MAX 32 OR BELOW:   0    0.01 INCH OR MORE:   8
MAX 90 OR ABOVE:   0    0.10 INCH OR MORE:   5
MIN 32 OR BELOW:   2    0.50 INCH OR MORE:   2
MIN  0 OR BELOW:   0    1.00 INCH OR MORE:   0

[HDD (BASE 65) ]
TOTAL THIS MO.    97    CLEAR  (SCALE 0-3)  15
DPTR FM NORMAL   -63    PTCLDY (SCALE 4-7)  11
TOTAL FM JUL 1   119    CLOUDY (SCALE 8-10)  0
DPTR FM NORMAL  -113

[CDD (BASE 65) ]
TOTAL THIS MO.    45
DPTR FM NORMAL    23    [PRESSURE DATA]
TOTAL FM JAN 1   484    HIGHEST SLP M ON M
DPTR FM NORMAL   174    LOWEST  SLP 29.75 ON M

[REMARKS]
