000
CXUS53 KARX 300933
CF6DEH
PRELIMINARY LOCAL CLIMATOLOGICAL DATA (WS FORM: F-6)

                                          STATION:   DECORAH IA
                                          MONTH:     SEPTEMBER
                                          YEAR:      2016
                                          LATITUDE:   43 16 N
                                          LONGITUDE:  91 44 W

  TEMPERATURE IN F:       :PCPN:    SNOW:  WIND      :SUNSHINE: SKY     :PK WND
================================================================================
1   2   3   4   5  6A  6B    7    8   9   10  11  12  13   14  15   16   17  18
                                     12Z  AVG MX 2MIN
DY MAX MIN AVG DEP HDD CDD  WTR  SNW DPTH SPD SPD DIR MIN PSBL S-S WX    SPD DR
================================================================================

 1  73  54  64   M   1   0 0.00  0.0    0  4.3  9  60   M    M   1        13  40
 2  72  50  61   M   4   0 0.00  0.0    0  3.8  7 140   M    M   1        12  99
 3  73  54  64   M   1   0 0.00  0.0    0  6.2 10 150   M    M   5        17 160
 4  75  57  66   M   0   1 0.00  0.0    0  7.9 13 170   M    M   3        22 170
 5  86  64  75   M   0  10 0.02  0.0    0  8.6 15 180   M    M   2        24 180
 6  86  70  78   M   0  13 0.43  0.0    0  8.3 13 310   M    M   7        22 320
 7  73  64  69   M   0   4 1.90  0.0    0  3.4  9 120   M    M   7 12     22  99
 8  77  59  68   M   0   3 0.00  0.0    0  3.1 10 330   M    M   4 12     17 330
 9  68  61  65   M   0   0 2.20  0.0    0  6.6 16  20   M    M   7 1      20 120
10  70  52  61   M   4   0 0.04  0.0    0  6.4 14 310   M    M   5        24 320
11  75  52  64   M   1   0 0.00  0.0    0  5.8 13 190   M    M   0        22 190
12  81  57  69   M   0   4 0.00  0.0    0  9.4 15 180   M    M   3        28 170
13  70  57  64   M   1   0 0.27  0.0    0  5.7 13 350   M    M   7 13     16 340
14   M  52   M   M   M   M 0.00  0.0    0  3.2  6 120   M    M   2        13   0
15   M   M   M   M   M   M    M  0.0    0   M   M   M   M    M   M         M  M
16   M   M   M   M   M   M    M  0.0    0   M   M   M   M    M   M         M  M
17  66  55  61   M   4   0 0.00  0.0    0  3.8  8 290   M    M   4        14  99
18  81  54  68   M   0   3 0.00  0.0    0  6.2 10 220   M    M   1        20 220
19  75  55  65   M   0   0 0.00  0.0    0  5.6 10 210   M    M   3        20 210
20  82  52  67   M   0   2 0.00  0.0    0  5.7 13 140   M    M   2 12     27 140
21  79  64  72   M   0   7 0.55  0.0    0 10.7 22 180   M    M   8        31 150
22  73  63  68   M   0   3 2.07  0.0    0  6.6 16 160   M    M   8        28  10
23  66  63  65   M   0   0 0.00  0.0    0  7.9 14 100   M    M  10 1      20  90
24  70  63  67   M   0   2 0.00  0.0    0  7.6 10 130   M    M   9 1      21 130
25  73  55  64   M   1   0 0.05  0.0    0  8.0 13 280   M    M   7 1      23 280
26  66  48  57   M   8   0 0.00  0.0    0  8.3 17 290   M    M   0        32 300
27  64  45  55   M  10   0 0.00  0.0    0  8.9 18 310   M    M   3        30 310
28  61  48  55   M  10   0    T  0.0    0  8.4 16 360   M    M   8 1      20 350
29  70  48  59   M   6   0 0.00  0.0    0  7.3 14  20   M    M   1        15  99
================================================================================
SM 1905 1516        51  52  7.53     0.0 177.7          M      118
================================================================================
AV 73.3 56.2                               6.6 FASTST   M    M   4    MAX(MPH)
                                 MISC ---->    22   M                 32    M
================================================================================
NOTES:
# LAST OF SEVERAL OCCURRENCES

COLUMN 17 PEAK WIND IN M.P.H.

PRELIMINARY LOCAL CLIMATOLOGICAL DATA (WS FORM: F-6) , PAGE 2

                                          STATION:  DECORAH IA
                                          MONTH:    SEPTEMBER
                                          YEAR:     2016
                                          LATITUDE:   43 16 N
                                          LONGITUDE:  91 44 W

[TEMPERATURE DATA]      [PRECIPITATION DATA]       SYMBOLS USED IN COLUMN 16

AVERAGE MONTHLY: 64.7   TOTAL FOR MONTH:   7.53    1 = FOG OR MIST
DPTR FM NORMAL:     M   DPTR FM NORMAL:       M    2 = FOG REDUCING VISIBILITY
HIGHEST:    86 ON  6, 5 GRTST 24HR  2.20 ON  9- 9      TO 1/4 MILE OR LESS
LOWEST:     45 ON 27                               3 = THUNDER
                        SNOW, ICE PELLETS, HAIL    4 = ICE PELLETS
                        TOTAL MONTH:   0.0 INCH    5 = HAIL
                        GRTST 24HR     0.0         6 = FREEZING RAIN OR DRIZZLE
                        GRTST DEPTH:   0           7 = DUSTSTORM OR SANDSTORM:
                                                       VSBY 1/2 MILE OR LESS
                                                   8 = SMOKE OR HAZE
[NO. OF DAYS WITH]      [WEATHER - DAYS WITH]      9 = BLOWING SNOW
                                                   X = TORNADO
MAX 32 OR BELOW:   0    0.01 INCH OR MORE:   9
MAX 90 OR ABOVE:   0    0.10 INCH OR MORE:   6
MIN 32 OR BELOW:   0    0.50 INCH OR MORE:   4
MIN  0 OR BELOW:   0    1.00 INCH OR MORE:   3

[HDD (BASE 65) ]
TOTAL THIS MO.    51    CLEAR  (SCALE 0-3)  12
DPTR FM NORMAL     M    PTCLDY (SCALE 4-7)  13
TOTAL FM JUL 1    55    CLOUDY (SCALE 8-10)  2
DPTR FM NORMAL     M

[CDD (BASE 65) ]
TOTAL THIS MO.    52
DPTR FM NORMAL     M    [PRESSURE DATA]
TOTAL FM JAN 1   585    HIGHEST SLP M ON M
DPTR FM NORMAL     M    LOWEST  SLP M ON M

[REMARKS]
