907
CXUS54 KSHV 281300
CF6DEQ
PRELIMINARY LOCAL CLIMATOLOGICAL DATA (WS FORM: F-6)

                                          STATION:   DE QUEEN
                                          MONTH:     MAY
                                          YEAR:      2017
                                          LATITUDE:   34  2 N
                                          LONGITUDE:  94 24 W

  TEMPERATURE IN F:       :PCPN:    SNOW:  WIND      :SUNSHINE: SKY     :PK WND
================================================================================
1   2   3   4   5  6A  6B    7    8   9   10  11  12  13   14  15   16   17  18
                                     12Z  AVG MX 2MIN
DY MAX MIN AVG DEP HDD CDD  WTR  SNW DPTH SPD SPD DIR MIN PSBL S-S WX    SPD DR
================================================================================

 1  76  46  61  -5   4   0 0.00  0.0    0 10.1 21 260   M    M   0        26 270
 2  83  46  65  -1   0   0    T  0.0    0  4.2 15 180   M    M   1 1      21 200
 3  69  52  61  -5   4   0 0.51  0.0    0  6.4 17 320   M    M   7 13     27 310
 4  70  51  61  -6   4   0 0.00  0.0    0 10.4 22 320   M    M   4 8      31 330
 5  75  46  61  -6   4   0 0.00  0.0    0  5.4 18 330   M    M   0        29 320
 6  81  43  62  -5   3   0 0.00  0.0    0  2.6 14 270   M    M   0 1      17 270
 7  85  50  68   1   0   3 0.00  0.0    0  2.4 10 210   M    M   0 1      15 130
 8  83  54  69   1   0   4 0.00  0.0    0  2.9 13 120   M    M   0 1      19 110
 9  81  54  68   0   0   3 0.00  0.0    0  2.8 13 200   M    M   1 12     18 200
10  81  60  71   3   0   6 0.00  0.0    0  3.9 13 180   M    M   3 13     17 180
11  81  63  72   4   0   7 1.33  0.0    0  4.2 23 190   M    M   5 13     33 190
12  77  60  69   0   0   4 0.22  0.0    0  4.7 17 330   M    M   7 13     23 360
13  80  53  67  -2   0   2 0.00  0.0    0  2.6 12  90   M    M   0 1      18  80
14  83  51  67  -2   0   2 0.00  0.0    0  1.3  9 220   M    M   1 12     11 220
15  85  56  71   1   0   6 0.00  0.0    0  3.1 12 180   M    M   1 1      16 200
16  85  57  71   1   0   6 0.00  0.0    0  6.8 18 200   M    M   0 1      26 200
17  85  68  77   7   0  12    T  0.0    0  8.9 23 200   M    M   6 1      33 200
18  88  73  81  11   0  16    T  0.0    0  7.4 18 160   M    M   6        26 160
19  88  71  80   9   0  15 0.00  0.0    0  6.2 14 160   M    M   4        19 160
20  80  64  72   1   0   7 0.52  0.0    0  4.6 18 320   M    M   5 13     27 320
21  81  57  69  -2   0   4 0.00  0.0    0  4.0 15  30   M    M   1 1      20  30
22  78  59  69  -2   0   4    T  0.0    0  4.6 15  90   M    M   1        19 110
23  77  56  67  -5   0   2 0.01  0.0    0  5.3 14 330   M    M   6 1      20 340
24  71  49  60 -12   5   0 0.00  0.0    0  6.4 17 300   M    M   2 1      24 300
25  85  47  66  -6   0   1 0.00  0.0    0  5.6 15 190   M    M   0 12     21 180
26  89  66  78   6   0  13 0.00  0.0    0  6.1 17 200   M    M   7        22 220
27  90  77  84  11   0  19 0.00  0.0    0  6.5 16 190   M    M   9 138    22 200
================================================================================
SM 2187 1529        24 136  2.59     0.0 139.4          M       77
================================================================================
AV 81.0 56.6                               5.2 FASTST   M    M   3    MAX(MPH)
                                 MISC ---->  # 23 190               # 33  190
================================================================================
NOTES:
# LAST OF SEVERAL OCCURRENCES

COLUMN 17 PEAK WIND IN M.P.H.

PRELIMINARY LOCAL CLIMATOLOGICAL DATA (WS FORM: F-6) , PAGE 2

                                          STATION:  DE QUEEN
                                          MONTH:    MAY
                                          YEAR:     2017
                                          LATITUDE:   34  2 N
                                          LONGITUDE:  94 24 W

[TEMPERATURE DATA]      [PRECIPITATION DATA]       SYMBOLS USED IN COLUMN 16

AVERAGE MONTHLY: 68.8   TOTAL FOR MONTH:   2.59    1 = FOG OR MIST
DPTR FM NORMAL:  -0.4   DPTR FM NORMAL:   -2.43    2 = FOG REDUCING VISIBILITY
HIGHEST:    90 ON 27    GRTST 24HR  1.33 ON 11-11      TO 1/4 MILE OR LESS
LOWEST:     43 ON  6                               3 = THUNDER
                        SNOW, ICE PELLETS, HAIL    4 = ICE PELLETS
                        TOTAL MONTH:   0.0 INCH    5 = HAIL
                        GRTST 24HR     0.0         6 = FREEZING RAIN OR DRIZZLE
                        GRTST DEPTH:   0           7 = DUSTSTORM OR SANDSTORM:
                                                       VSBY 1/2 MILE OR LESS
                                                   8 = SMOKE OR HAZE
[NO. OF DAYS WITH]      [WEATHER - DAYS WITH]      9 = BLOWING SNOW
                                                   X = TORNADO
MAX 32 OR BELOW:   0    0.01 INCH OR MORE:   5
MAX 90 OR ABOVE:   1    0.10 INCH OR MORE:   4
MIN 32 OR BELOW:   0    0.50 INCH OR MORE:   3
MIN  0 OR BELOW:   0    1.00 INCH OR MORE:   1

[HDD (BASE 65) ]
TOTAL THIS MO.    24    CLEAR  (SCALE 0-3)  15
DPTR FM NORMAL     3    PTCLDY (SCALE 4-7)  11
TOTAL FM JUL 1  2101    CLOUDY (SCALE 8-10)  1
DPTR FM NORMAL  -941

[CDD (BASE 65) ]
TOTAL THIS MO.   136
DPTR FM NORMAL    -1    [PRESSURE DATA]
TOTAL FM JAN 1   243    HIGHEST SLP M ON M
DPTR FM NORMAL    59    LOWEST  SLP 29.61 ON  3

[REMARKS]
