000
CXUS53 KIWX 220800
CF6DFI
PRELIMINARY LOCAL CLIMATOLOGICAL DATA (WS FORM: F-6)

                                          STATION:   DEFIANCE MEMORIAL
                                          MONTH:     JANUARY
                                          YEAR:      2017
                                          LATITUDE:   41 20 N
                                          LONGITUDE:  84 26 W

  TEMPERATURE IN F:       :PCPN:    SNOW:  WIND      :SUNSHINE: SKY     :PK WND
================================================================================
1   2   3   4   5  6A  6B    7    8   9   10  11  12  13   14  15   16   17  18
                                     12Z  AVG MX 2MIN
DY MAX MIN AVG DEP HDD CDD  WTR  SNW DPTH SPD SPD DIR MIN PSBL S-S WX    SPD DR
================================================================================

 1  41  22  32   6  33   0 0.00  0.0    M  3.5 14 200   M    M   0 18     17 200
 2  42  30  36  11  29   0 0.38    M    M  7.5 14  70   M    M   8 18     18  80
 3  48  39  44  19  21   0 0.77  0.0    0  7.5 23 300   M    M  10 12     31 300
 4  39  19  29   4  36   0    T    M    M 13.0 20 300   M    M  10        36 300
 5  19   8  14 -11  51   0    T    M    M  7.8 15 240   M    M   8 8      24 250
 6  16   4  10 -15  55   0    T    M    M  4.4 14 300   M    M   2 8      17 300
 7  17  -1   8 -17  57   0    T    M    M  5.9 18 300   M    M   4 8      23 300
 8  20  11  16  -9  49   0    T    M    M  5.5 13 320   M    M   7        17 320
 9  32  14  23  -2  42   0    T    M    0  9.6 18 220   M    M   6        25 210
10  50  32  41  16  24   0 0.41    M    M 18.4 31 200   M    M  10 168    46 230
11  58  31  45  20  20   0 0.02    M    M 12.1 22 190   M    M   5 18     31 200
12  58  30  44  19  21   0 0.96    M    M  9.0 25 320   M    M  10 13     31 320
13  30  24  27   2  38   0 0.00  0.0    M  8.0 14  80   M    M   0        18  80
14  32  24  28   3  37   0 0.00  0.0    M  4.6 13  70   M    M   8        15  70
15  34  20  27   2  38   0 0.00  0.0    M  0.1  5 200   M    M   0 18      7 110
16  38  26  32   7  33   0 0.05    M    M  5.1 10  90   M    M   8 18     14 100
17  53  37  45  20  20   0 0.80  0.0    0  9.1 17 220   M    M   9 128    25 220
18  39  34  37  12  28   0 0.00  0.0    0  7.8 15 220   M    M  10 18     21 210
19  38  33  36  11  29   0 0.00  0.0    0  5.6 12 230   M    M   8 18     15 250
20  47  35  41  16  24   0 0.43  0.0    0  5.7 14  60   M    M  10 1      18  60
21  59  45  52  27  13   0 0.00  0.0    0  6.2 15 180   M    M   3 12     19 180
================================================================================
SM  810  517       698   0  3.82     0.0 156.4          M      136
================================================================================
AV 38.6 24.6                               7.4 FASTST   M    M   6    MAX(MPH)
                                 MISC ---->  # 31 200               # 46  230
================================================================================
NOTES:
# LAST OF SEVERAL OCCURRENCES

COLUMN 17 PEAK WIND IN M.P.H.

PRELIMINARY LOCAL CLIMATOLOGICAL DATA (WS FORM: F-6) , PAGE 2

                                          STATION:  DEFIANCE MEMORIAL
                                          MONTH:    JANUARY
                                          YEAR:     2017
                                          LATITUDE:   41 20 N
                                          LONGITUDE:  84 26 W

[TEMPERATURE DATA]      [PRECIPITATION DATA]       SYMBOLS USED IN COLUMN 16

AVERAGE MONTHLY: 31.6   TOTAL FOR MONTH:   3.82    1 = FOG OR MIST
DPTR FM NORMAL:   6.5   DPTR FM NORMAL:    2.76    2 = FOG REDUCING VISIBILITY
HIGHEST:    59 ON 21    GRTST 24HR  1.13 ON  2- 3      TO 1/4 MILE OR LESS
LOWEST:     -1 ON  7                               3 = THUNDER
                        SNOW, ICE PELLETS, HAIL    4 = ICE PELLETS
                        TOTAL MONTH:   0.0 INCH    5 = HAIL
                        GRTST 24HR     0.0         6 = FREEZING RAIN OR DRIZZLE
                        GRTST DEPTH:   0           7 = DUSTSTORM OR SANDSTORM:
                                                       VSBY 1/2 MILE OR LESS
                                                   8 = SMOKE OR HAZE
[NO. OF DAYS WITH]      [WEATHER - DAYS WITH]      9 = BLOWING SNOW
                                                   X = TORNADO
MAX 32 OR BELOW:   7    0.01 INCH OR MORE:   8
MAX 90 OR ABOVE:   0    0.10 INCH OR MORE:   6
MIN 32 OR BELOW:  15    0.50 INCH OR MORE:   3
MIN  0 OR BELOW:   1    1.00 INCH OR MORE:   0

[HDD (BASE 65) ]
TOTAL THIS MO.   698    CLEAR  (SCALE 0-3)   5
DPTR FM NORMAL  -141    PTCLDY (SCALE 4-7)   5
TOTAL FM JUL 1  2636    CLOUDY (SCALE 8-10) 11
DPTR FM NORMAL  -573

[CDD (BASE 65) ]
TOTAL THIS MO.     0
DPTR FM NORMAL     0    [PRESSURE DATA]
TOTAL FM JAN 1     0    HIGHEST SLP M ON M
DPTR FM NORMAL     0    LOWEST  SLP 29.47 ON 21

[REMARKS]
