000
CXUS53 KIWX 290800
CF6DFI
PRELIMINARY LOCAL CLIMATOLOGICAL DATA (WS FORM: F-6)

                                          STATION:   DEFIANCE MEMORIAL
                                          MONTH:     AUGUST
                                          YEAR:      2015
                                          LATITUDE:   41 20 N
                                          LONGITUDE:  84 26 W

  TEMPERATURE IN F:       :PCPN:    SNOW:  WIND      :SUNSHINE: SKY     :PK WND
================================================================================
1   2   3   4   5  6A  6B    7    8   9   10  11  12  13   14  15   16   17  18
                                     12Z  AVG MX 2MIN
DY MAX MIN AVG DEP HDD CDD  WTR  SNW DPTH SPD SPD DIR MIN PSBL S-S WX    SPD DR
================================================================================

 1  85  59  72   0   0   7 0.00  0.0    0  5.3 20 310   M    M   2        27 310
 2  91  64  78   6   0  13    T  0.0    0 10.5 23 220   M    M   1 3      35 210
 3  84  61  73   1   0   8 0.66  0.0    0  7.6 22 170   M    M   4 138    30 170
 4  83  56  70  -2   0   5 0.00  0.0    0  4.2 13 300   M    M   2        19 310
 5  82  55  69  -3   0   4 0.00  0.0    0  2.2  8 360   M    M   1 8      11 300
 6  78  58  68  -4   0   3 0.00  0.0    0  7.3 16 100   M    M   1        22 100
 7  81  57  69  -3   0   4 0.00  0.0    0  5.3 12 110   M    M   2        14 110
 8  83  59  71  -1   0   6 0.00  0.0    0  3.9 14  80   M    M   5        17  80
 9  81  67  74   2   0   9 0.00  0.0    0  4.1 16 200   M    M   5 18     22 170
10  83  69  76   4   0  11 0.01  0.0    0  5.9 16 330   M    M   6 138    21 320
11  84  66  75   3   0  10 0.01  0.0    0  8.7 18 330   M    M   3 18     24 310
12  79  57  68  -4   0   3 0.00  0.0    0  6.5 14 340   M    M   2        18 340
13  85  55  70  -1   0   5 0.00  0.0    0  5.6 14 220   M    M   1 8      20 230
14  86  66  76   5   0  11 0.21  0.0    0  6.9 22  20   M    M   3 13     29 350
15  86  65  76   5   0  11 0.11  0.0    0  2.7 14 220   M    M   2 13     20 200
16  88  65  77   6   0  12 0.00  0.0    0  3.7 12 200   M    M   1 1      15 220
17  87  68  78   7   0  13 0.00  0.0    0  4.9 12 220   M    M   2 138    20 220
18  85  65  75   4   0  10 0.00  0.0    0  5.5 16 190   M    M   4 18     20 220
19  86  70  78   7   0  13 0.43  0.0    0  8.1 24 210   M    M   3 1      32 210
20  75  58  67  -4   0   2 0.25  0.0    0  8.4 20 220   M    M   4 1      29 230
21  81  52  67  -4   0   2 0.00  0.0    0  2.1  9 300   M    M   1        13 310
22  81  56  69  -1   0   4 0.00  0.0    0  4.7 14 110   M    M   0        19 130
23  84  57  71   1   0   6 0.14  0.0    0  5.5 18 220   M    M   3 13     26 230
24  75  56  66  -4   0   1 0.00  0.0    0  6.6 16 290   M    M   3 1      25 300
25  67  56  62  -8   3   0 0.00  0.0    0  5.7 15 300   M    M   9        19 290
26  69  58  64  -6   1   0 0.00  0.0    0  3.7  9 300   M    M  10        13 310
27  73  51  62  -8   3   0 0.00  0.0    0  3.2  8  10   M    M   5 12     12 320
28  79  52  66  -3   0   1 0.00  0.0    0  2.4  9 190   M    M   2 18     14 180
================================================================================
SM 2281 1678         7 174  1.82     0.0 151.2          M       87
================================================================================
AV 81.5 59.9                               5.4 FASTST   M    M   3    MAX(MPH)
                                 MISC ---->  # 24 210               # 35  210
================================================================================
NOTES:
# LAST OF SEVERAL OCCURRENCES

COLUMN 17 PEAK WIND IN M.P.H.

PRELIMINARY LOCAL CLIMATOLOGICAL DATA (WS FORM: F-6) , PAGE 2

                                          STATION:  DEFIANCE MEMORIAL
                                          MONTH:    AUGUST
                                          YEAR:     2015
                                          LATITUDE:   41 20 N
                                          LONGITUDE:  84 26 W

[TEMPERATURE DATA]      [PRECIPITATION DATA]       SYMBOLS USED IN COLUMN 16

AVERAGE MONTHLY: 70.7   TOTAL FOR MONTH:   1.82    1 = FOG OR MIST
DPTR FM NORMAL:  -0.4   DPTR FM NORMAL:   -1.14    2 = FOG REDUCING VISIBILITY
HIGHEST:    91 ON  2    GRTST 24HR  0.68 ON 19-20      TO 1/4 MILE OR LESS
LOWEST:     51 ON 27                               3 = THUNDER
                        SNOW, ICE PELLETS, HAIL    4 = ICE PELLETS
                        TOTAL MONTH:   0.0 INCH    5 = HAIL
                        GRTST 24HR     0.0         6 = FREEZING RAIN OR DRIZZLE
                        GRTST DEPTH:   0           7 = DUSTSTORM OR SANDSTORM:
                                                       VSBY 1/2 MILE OR LESS
                                                   8 = SMOKE OR HAZE
[NO. OF DAYS WITH]      [WEATHER - DAYS WITH]      9 = BLOWING SNOW
                                                   X = TORNADO
MAX 32 OR BELOW:   0    0.01 INCH OR MORE:   8
MAX 90 OR ABOVE:   1    0.10 INCH OR MORE:   6
MIN 32 OR BELOW:   0    0.50 INCH OR MORE:   1
MIN  0 OR BELOW:   0    1.00 INCH OR MORE:   0

[HDD (BASE 65) ]
TOTAL THIS MO.     7    CLEAR  (SCALE 0-3)  18
DPTR FM NORMAL     7    PTCLDY (SCALE 4-7)   8
TOTAL FM JUL 1     7    CLOUDY (SCALE 8-10)  2
DPTR FM NORMAL     5

[CDD (BASE 65) ]
TOTAL THIS MO.   174
DPTR FM NORMAL    -3    [PRESSURE DATA]
TOTAL FM JAN 1   676    HIGHEST SLP M ON M
DPTR FM NORMAL    66    LOWEST  SLP 29.62 ON  2

[REMARKS]
