000
CXUS54 KFWD 260730
CF6DFW
PRELIMINARY LOCAL CLIMATOLOGICAL DATA (WS FORM: F-6)

                                          STATION:   DALLAS FORT WORTH
                                          MONTH:     MARCH
                                          YEAR:      2015
                                          LATITUDE:   32 54 N
                                          LONGITUDE:  97  2 W

  TEMPERATURE IN F:       :PCPN:    SNOW:  WIND      :SUNSHINE: SKY     :PK WND
================================================================================
1   2   3   4   5  6A  6B    7    8   9   10  11  12  13   14  15   16   17  18
                                     12Z  AVG MX 2MIN
DY MAX MIN AVG DEP HDD CDD  WTR  SNW DPTH SPD SPD DIR MIN PSBL S-S WX    SPD DR
================================================================================

 1  37  32  35 -19  30   0 0.07  0.0    1  9.6 17  10   M    M  10 16     21  10
 2  40  33  37 -17  28   0 0.03  0.0    T  7.3 18  10   M    M  10 12     23  20
 3  52  40  46  -8  19   0 0.05  0.0    0  4.4 12 170   M    M  10 12     16 170
 4  52  26  39 -15  26   0 0.70  2.5    0 17.0 33  10   M    M  10 12346  41  10
 5  39  22  31 -24  34   0 0.06  1.0    4 11.3 25 360   M    M   3 1      33  20
 6  51  22  37 -18  28   0 0.00  0.0    T  5.8 12 170   M    M   1        16 230
 7  61  28  45 -10  20   0 0.00  0.0    0  6.8 16 190   M    M   6        19 190
 8  50  46  48  -7  17   0 0.08  0.0    0  8.9 16 140   M    M  10 1      19 130
 9  50  47  49  -7  16   0 0.65  0.0    0  7.7 14  50   M    M  10 1      16  50
10  59  49  54  -2  11   0    T  0.0    0  6.2 14 330   M    M  10 12     16 320
11  68  44  56   0   9   0 0.00  0.0    0  5.5 15  40   M    M   7 12     18  50
12  69  49  59   2   6   0    T  0.0    0  8.5 17 360   M    M   7        22 350
13  60  54  57   0   8   0 0.34  0.0    0 11.7 20 330   M    M  10 1      24 330
14  64  55  60   3   5   0 0.00  0.0    0 14.9 28 330   M    M   9        34 330
15  68  54  61   4   4   0    T  0.0    0  5.7 16  10   M    M   9 18     21 360
16  77  50  64   6   1   0 0.00  0.0    0  7.5 15 200   M    M   8 1      19 160
17  81  60  71  13   0   6 0.00  0.0    0  6.2 15  10   M    M   8        19  10
18  66  55  61   3   4   0 0.03  0.0    0  5.9 14  10   M    M   9        16  10
19  77  56  67   9   0   2    T  0.0    0  7.1 16  20   M    M   9 12     19 200
20  61  53  57  -2   8   0 0.40  0.0    0 10.2 24 350   M    M  10 13     28 350
21  63  53  58  -1   7   0 0.06  0.0    0  6.5 13  70   M    M  10 1      15 310
22  69  52  61   2   4   0 0.06  0.0    0  5.0 10 350   M    M   5 1      12 360
23  75  51  63   3   2   0 0.00  0.0    0  9.0 15 170   M    M   1        20 150
24  82  59  71  11   0   6 0.00  0.0    0 14.3 25 180   M    M   2        31 170
25  81  63  72  12   0   7    T  0.0    0 15.0 26 190   M    M   5        33 170
================================================================================
SM 1552 1153       287  21  2.53     3.5 218.0          M      189
================================================================================
AV 62.1 46.1                               8.7 FASTST   M    M   8    MAX(MPH)
                                 MISC ---->  # 33  10               # 41   10
================================================================================
NOTES:
# LAST OF SEVERAL OCCURRENCES

COLUMN 17 PEAK WIND IN M.P.H.

PRELIMINARY LOCAL CLIMATOLOGICAL DATA (WS FORM: F-6) , PAGE 2

                                          STATION:  DALLAS FORT WORTH
                                          MONTH:    MARCH
                                          YEAR:     2015
                                          LATITUDE:   32 54 N
                                          LONGITUDE:  97  2 W

[TEMPERATURE DATA]      [PRECIPITATION DATA]       SYMBOLS USED IN COLUMN 16

AVERAGE MONTHLY: 54.1   TOTAL FOR MONTH:   2.53    1 = FOG OR MIST
DPTR FM NORMAL:  -2.7   DPTR FM NORMAL:   -0.33    2 = FOG REDUCING VISIBILITY
HIGHEST:    82 ON 24    GRTST 24HR  0.70 ON  4- 4      TO 1/4 MILE OR LESS
LOWEST:     22 ON  6, 5                            3 = THUNDER
                        SNOW, ICE PELLETS, HAIL    4 = ICE PELLETS
                        TOTAL MONTH:   3.5 INCHES  5 = HAIL
                        GRTST 24HR   2.5 ON  4- 4  6 = FREEZING RAIN OR DRIZZLE
                        GRTST DEPTH:   4 ON  5     7 = DUSTSTORM OR SANDSTORM:
                                                       VSBY 1/2 MILE OR LESS
                                                   8 = SMOKE OR HAZE
[NO. OF DAYS WITH]      [WEATHER - DAYS WITH]      9 = BLOWING SNOW
                                                   X = TORNADO
MAX 32 OR BELOW:   0    0.01 INCH OR MORE:  12
MAX 90 OR ABOVE:   0    0.10 INCH OR MORE:   4
MIN 32 OR BELOW:   5    0.50 INCH OR MORE:   2
MIN  0 OR BELOW:   0    1.00 INCH OR MORE:   0

[HDD (BASE 65) ]
TOTAL THIS MO.   287    CLEAR  (SCALE 0-3)   4
DPTR FM NORMAL    60    PTCLDY (SCALE 4-7)   6
TOTAL FM JUL 1  2323    CLOUDY (SCALE 8-10) 15
DPTR FM NORMAL   164

[CDD (BASE 65) ]
TOTAL THIS MO.    21
DPTR FM NORMAL    -2    [PRESSURE DATA]
TOTAL FM JAN 1    21    HIGHEST SLP M ON M
DPTR FM NORMAL    -9    LOWEST  SLP 29.71 ON 25

[REMARKS]
