000
CXUS55 KCYS 181000
CF6DGW
PRELIMINARY LOCAL CLIMATOLOGICAL DATA (WS FORM: F-6)

                                          STATION:   CONVERSE CO (DOUGLAS) WY ARPT
                                          MONTH:     DECEMBER
                                          YEAR:      2017
                                          LATITUDE:   42 46 N
                                          LONGITUDE: 105 22 W

  TEMPERATURE IN F:       :PCPN:    SNOW:  WIND      :SUNSHINE: SKY     :PK WND
================================================================================
1   2   3   4   5  6A  6B    7    8   9   10  11  12  13   14  15   16   17  18
                                     12Z  AVG MX 2MIN
DY MAX MIN AVG DEP HDD CDD  WTR  SNW DPTH SPD SPD DIR MIN PSBL S-S WX    SPD DR
================================================================================

 1  52  22  37  11  28   0 0.00    M    M  7.1 23 310   M    M   2        28 300
 2  57  22  40  14  25   0 0.00    M    M  6.8 21 290   M    M   0        24 300
 3  61  33  47  21  18   0    T    M    M 12.0 33 250   M    M   2        44 250
 4  34   4  19  -6  46   0    T    M    M 14.0 33 330   M    M   8 128    42 320
 5  31   4  18  -7  47   0 0.00    M    M 13.4 26 300   M    M   2        33 300
 6  27  16  22  -3  43   0    T    M    M 16.8 30 330   M    M   8        36 330
 7  35  10  23  -1  42   0 0.00    M    M 18.3 31 290   M    M   5        38 290
 8  41  26  34  10  31   0 0.00    M    M 18.3 30 300   M    M   1        37 300
 9  46  20  33   9  32   0 0.00    M    M 10.7 20 300   M    M   0        24 310
10  50  19  35  11  30   0 0.00    M    M  8.7 20 300   M    M   0        26 300
11  49  19  34  10  31   0 0.00    M    M  8.7 21 330   M    M   0        26 340
12  58  19  39  15  26   0 0.00    M    M  8.6 22 300   M    M   0        27 310
13  49  27  38  14  27   0 0.00    M    M 12.7 23 330   M    M   4        32 330
14  37  19  28   4  37   0    T    M    M 15.0 35 340   M    M   6        44 350
15  56  19  38  14  27   0 0.00    M    M  8.2 26 280   M    M   0        35 280
16  42  27  35  11  30   0    T    M    M  8.8 23 350   M    M   7        30 350
17  41  21  31   8  34   0 0.00    M    M  8.9 28 280   M    M   4        34 270
================================================================================
SM  766  327       554   0    T     M    197.0          M       49
================================================================================
AV 45.1 19.2                              11.6 FASTST   M    M   3    MAX(MPH)
                                 MISC ---->  # 35 340               # 44  250
================================================================================
NOTES:
# LAST OF SEVERAL OCCURRENCES

COLUMN 17 PEAK WIND IN M.P.H.

PRELIMINARY LOCAL CLIMATOLOGICAL DATA (WS FORM: F-6) , PAGE 2

                                          STATION:  CONVERSE CO (DOUGLAS) WY ARPT
                                          MONTH:    DECEMBER
                                          YEAR:     2017
                                          LATITUDE:   42 46 N
                                          LONGITUDE: 105 22 W

[TEMPERATURE DATA]      [PRECIPITATION DATA]       SYMBOLS USED IN COLUMN 16

AVERAGE MONTHLY: 32.2   TOTAL FOR MONTH:      T    1 = FOG OR MIST
DPTR FM NORMAL:   7.7   DPTR FM NORMAL:   -0.24    2 = FOG REDUCING VISIBILITY
HIGHEST:    61 ON  3    GRTST 24HR    T  ON 16-16      TO 1/4 MILE OR LESS
LOWEST:      4 ON  5, 4                            3 = THUNDER
                        SNOW, ICE PELLETS, HAIL    4 = ICE PELLETS
                        TOTAL MONTH:    M          5 = HAIL
                        GRTST 24HR    M  ON   M    6 = FREEZING RAIN OR DRIZZLE
                        GRTST DEPTH:  M  ON   M    7 = DUSTSTORM OR SANDSTORM:
                                                       VSBY 1/2 MILE OR LESS
                                                   8 = SMOKE OR HAZE
[NO. OF DAYS WITH]      [WEATHER - DAYS WITH]      9 = BLOWING SNOW
                                                   X = TORNADO
MAX 32 OR BELOW:   2    0.01 INCH OR MORE:   0
MAX 90 OR ABOVE:   0    0.10 INCH OR MORE:   0
MIN 32 OR BELOW:  16    0.50 INCH OR MORE:   0
MIN  0 OR BELOW:   0    1.00 INCH OR MORE:   0

[HDD (BASE 65) ]
TOTAL THIS MO.   554    CLEAR  (SCALE 0-3)  10
DPTR FM NORMAL  -135    PTCLDY (SCALE 4-7)   7
TOTAL FM JUL 1  2241    CLOUDY (SCALE 8-10)  0
DPTR FM NORMAL  -270

[CDD (BASE 65) ]
TOTAL THIS MO.     0
DPTR FM NORMAL     0    [PRESSURE DATA]
TOTAL FM JAN 1   502    HIGHEST SLP M ON M
DPTR FM NORMAL    16    LOWEST  SLP 29.43 ON  3

[REMARKS]
