000
CXUS55 KCYS 011256
CF6DGW
PRELIMINARY LOCAL CLIMATOLOGICAL DATA (WS FORM: F-6)

                                          STATION:   CONVERSE CO (DOUGLAS) WY ARPT
                                          MONTH:     JANUARY
                                          YEAR:      2015
                                          LATITUDE:   42 46 N
                                          LONGITUDE: 105 22 W

  TEMPERATURE IN F:       :PCPN:    SNOW:  WIND      :SUNSHINE: SKY     :PK WND
================================================================================
1   2   3   4   5  6A  6B    7    8   9   10  11  12  13   14  15   16   17  18
                                     12Z  AVG MX 2MIN
DY MAX MIN AVG DEP HDD CDD  WTR  SNW DPTH SPD SPD DIR MIN PSBL S-S WX    SPD DR
================================================================================

 1  22 -12   5 -19  60   0 0.00    M    M  6.8 15 320   M    M   5        19 330
 2  31   3  17  -7  48   0 0.00    M    M  3.2 16 310   M    M   3        20 280
 3  28 -12   8 -16  57   0    T    M    M 11.1 33  10   M    M   6 128    42  20
 4   6 -15  -4 -29  69   0 0.00    M    M  1.9  8  60   M    M   2 8      11  70
 5  44  -3  21  -4  44   0 0.00    M    M 15.0 40 280   M    M   4        49 270
 6  47   9  28   3  37   0    T    M    M  9.2 29  20   M    M   5        39  20
 7  24   9  17  -8  48   0 0.00  0.0    0  7.3 22 130   M    M   5        25 130
 8  41   2  22  -3  43   0    T    M    M 12.9 31 350   M    M   8 1      43 360
 9  18 -15   2 -23  63   0 0.00    M    M  1.2 14 260   M    M   0 18     39 220
10  47   4  26   1  39   0 0.00    M    M  3.9 10 330   M    M   0        14 330
11  36  18  27   2  38   0    T    M    M  6.5 13 360   M    M   6 1      15 360
12  22  17  20  -5  45   0    T    M    M 14.9 23 140   M    M  10 18     28 130
13  33   7  20  -5  45   0 0.00    M    M  7.8 17 310   M    M   4 1      21 310
14  37   1  19  -6  46   0 0.00    M    M  5.0 18 300   M    M   1 128    23 310
15  46  15  31   6  34   0 0.00    M    M  6.1 21 280   M    M   0        27 280
16  51  30  41  16  24   0    T    M    M 17.7 37 260   M    M   1        48 250
17  45  25  35  10  30   0 0.00    M    M 12.4 30 290   M    M   1        37 290
18  54  35  45  20  20   0 0.00    M    M 15.4 31 280   M    M   0        39 260
19  47  27  37  12  28   0 0.00    M    M 11.0 26 280   M    M   4        31 280
20  39  22  31   6  34   0    T    M    M 10.7 24 300   M    M   7        30 300
21  33  13  23  -2  42   0 0.00    M    M  8.8 21 330   M    M   2        27 320
22  44   4  24  -1  41   0 0.00    M    M  4.8 18 300   M    M   0        23 300
23  43  20  32   7  33   0 0.00    M    M 10.9 23 300   M    M   5        28 290
24  48  20  34   9  31   0 0.03    M    M 16.1 37 290   M    M   7 1      47 290
25  56  25  41  16  24   0 0.00    M    M 10.0 28 300   M    M   3        35 300
26  65  33  49  24  16   0 0.00    M    M  9.1 21 290   M    M   0        27 310
27  71  31  51  26  14   0 0.00    M    M 11.5 31 240   M    M   0        49 240
28  51  35  43  18  22   0 0.10    M    M 14.2 32 290   M    M   6 1      42 290
29  47  22  35  10  30   0 0.00    M    M  4.5 12 130   M    M   3        14 140
30  47  23  35  10  30   0 0.00    M    M  4.5 17 320   M    M   0        21 330
31  46  20  33   8  32   0    T    M    M  8.3 25 340   M    M   4 1      35 350
================================================================================
SM 1269  413      1167   0  0.13     0.0 282.7          M      102
================================================================================
AV 40.9 13.3                               9.1 FASTST   M    M   3    MAX(MPH)
                                 MISC ---->  # 40 280               # 49  270
================================================================================
NOTES:
# LAST OF SEVERAL OCCURRENCES

COLUMN 17 PEAK WIND IN M.P.H.

PRELIMINARY LOCAL CLIMATOLOGICAL DATA (WS FORM: F-6) , PAGE 2

                                          STATION:  CONVERSE CO (DOUGLAS) WY ARPT
                                          MONTH:    JANUARY
                                          YEAR:     2015
                                          LATITUDE:   42 46 N
                                          LONGITUDE: 105 22 W

[TEMPERATURE DATA]      [PRECIPITATION DATA]       SYMBOLS USED IN COLUMN 16

AVERAGE MONTHLY: 27.1   TOTAL FOR MONTH:   0.13    1 = FOG OR MIST
DPTR FM NORMAL:   2.1   DPTR FM NORMAL:   -0.25    2 = FOG REDUCING VISIBILITY
HIGHEST:    71 ON 27    GRTST 24HR  0.10 ON 28-28      TO 1/4 MILE OR LESS
LOWEST:    -15 ON  9, 4                            3 = THUNDER
                        SNOW, ICE PELLETS, HAIL    4 = ICE PELLETS
                        TOTAL MONTH:   0.0 INCH    5 = HAIL
                        GRTST 24HR     0.0         6 = FREEZING RAIN OR DRIZZLE
                        GRTST DEPTH:   0           7 = DUSTSTORM OR SANDSTORM:
                                                       VSBY 1/2 MILE OR LESS
                                                   8 = SMOKE OR HAZE
[NO. OF DAYS WITH]      [WEATHER - DAYS WITH]      9 = BLOWING SNOW
                                                   X = TORNADO
MAX 32 OR BELOW:   7    0.01 INCH OR MORE:   2
MAX 90 OR ABOVE:   0    0.10 INCH OR MORE:   1
MIN 32 OR BELOW:  28    0.50 INCH OR MORE:   0
MIN  0 OR BELOW:   5    1.00 INCH OR MORE:   0

[HDD (BASE 65) ]
TOTAL THIS MO.  1167    CLEAR  (SCALE 0-3)  14
DPTR FM NORMAL   -75    PTCLDY (SCALE 4-7)  16
TOTAL FM JUL 1  4062    CLOUDY (SCALE 8-10)  1
DPTR FM NORMAL  -269

[CDD (BASE 65) ]
TOTAL THIS MO.     0
DPTR FM NORMAL     0    [PRESSURE DATA]
TOTAL FM JAN 1     0    HIGHEST SLP 31.00 ON  7
DPTR FM NORMAL     0    LOWEST  SLP 29.73 ON 16

[REMARKS]
#FINAL-01-15#
