000
CXUS54 KAMA 011912
CF6DHT
PRELIMINARY LOCAL CLIMATOLOGICAL DATA (WS FORM: F-6)

                                          STATION:   DALHART
                                          MONTH:     FEBRUARY
                                          YEAR:      2015
                                          LATITUDE:   36  1 N
                                          LONGITUDE: 102 33 W

  TEMPERATURE IN F:       :PCPN:    SNOW:  WIND      :SUNSHINE: SKY     :PK WND
================================================================================
1   2   3   4   5  6A  6B    7    8   9   10  11  12  13   14  15   16   17  18
                                     12Z  AVG MX 2MIN
DY MAX MIN AVG DEP HDD CDD  WTR  SNW DPTH SPD SPD DIR MIN PSBL S-S WX    SPD DR
================================================================================

 1  41  28  35  -1  30   0 0.00  0.0    0 15.5 31 360   M    M   5        40 350
 2  57  27  42   6  23   0 0.00  0.0    0 10.2 23 200   M    M   5        26 210
 3  65  29  47  11  18   0 0.00  0.0    0  7.4 13 230   M    M   0        16 230
 4  56  24  40   4  25   0    T    T    0 17.0 39  20   M    M   6 1      49  10
 5  58  25  42   6  23   0 0.00  0.0    0 10.7 21 200   M    M   4 1      24 220
 6  83  28  56  20   9   0 0.00  0.0    0 10.9 17 230   M    M   0        22 230
 7  84  39  62  26   3   0 0.00  0.0    0 10.3 16 340   M    M   0        20 310
 8  74  42  58  22   7   0 0.00  0.0    0 10.4 22  50   M    M   0        26  50
 9  75  33  54  17  11   0 0.00  0.0    0  9.3 26 220   M    M   0        34 240
10  70  34  52  15  13   0 0.00  0.0    0 12.3 23  20   M    M   0        26  20
11  46  28  37   0  28   0 0.07  0.5    0 16.4 35  20   M    M   5 1      45  30
12  53  24  39   2  26   0 0.00  0.0    1 11.0 23 200   M    M   0        29 190
13  68  27  48  11  17   0 0.00  0.0    0  6.8 14  20   M    M   0        17  30
14  76  28  52  15  13   0 0.00  0.0    0 11.4 25 230   M    M   0        31 210
15  46  23  35  -3  30   0 0.00  0.0    0 15.6 28  30   M    M   7 1      34  30
16  43  23  33  -5  32   0 0.07  2.1    0  9.0 25  10   M    M   7 1      30  10
17  45  24  35  -3  30   0    T    T    0  7.3 28  10   M    M   5 1      32  10
18  55  20  38   0  27   0 0.00  0.0    0  5.4 14  40   M    M   0        18  30
19  68  21  45   7  20   0 0.00  0.0    0  9.3 21 210   M    M   0        26 200
20  74  27  51  12  14   0 0.00  0.0    0 11.3 51  10   M    M   0 8      60  10
21  51  30  41   2  24   0 0.29  0.0    0 11.0 22 150   M    M   5 1      25 150
22  40  13  27 -12  38   0 0.63  4.3    4 19.5 36  20   M    M  10 128    42  20
23  20  11  16 -24  49   0 0.10  1.9    6  7.7 17  40   M    M  10 18     20  40
24  42  11  27 -13  38   0 0.00  0.0    4 10.6 30  20   M    M   2        35  20
25  54  26  40   0  25   0    T    T    0 15.0 33 360   M    M   3 1      36 360
26  35  19  27 -13  38   0    T    T    0 16.1 26  20   M    M  10 1      33  20
27  19  13  16 -25  49   0 0.26  3.1    2 14.1 20 150   M    M   9 12     22 140
28  27  13  20 -21  45   0 0.17  2.2    5 12.0 23 220   M    M  10 1      28 230
================================================================================
SM 1525  690       705   0  1.59    14.1 323.5          M      103
================================================================================
AV 54.5 24.6                              11.6 FASTST   M    M   4    MAX(MPH)
                                 MISC ---->  # 51  10               # 60   10
================================================================================
NOTES:
# LAST OF SEVERAL OCCURRENCES

COLUMN 17 PEAK WIND IN M.P.H.

PRELIMINARY LOCAL CLIMATOLOGICAL DATA (WS FORM: F-6) , PAGE 2

                                          STATION:  DALHART
                                          MONTH:    FEBRUARY
                                          YEAR:     2015
                                          LATITUDE:   36  1 N
                                          LONGITUDE: 102 33 W

[TEMPERATURE DATA]      [PRECIPITATION DATA]       SYMBOLS USED IN COLUMN 16

AVERAGE MONTHLY: 39.6   TOTAL FOR MONTH:   1.59    1 = FOG OR MIST
DPTR FM NORMAL:   1.8   DPTR FM NORMAL:    1.19    2 = FOG REDUCING VISIBILITY
HIGHEST:    84 ON  7    GRTST 24HR  0.63 ON 22-22      TO 1/4 MILE OR LESS
LOWEST:     11 ON 24,23                            3 = THUNDER
                        SNOW, ICE PELLETS, HAIL    4 = ICE PELLETS
                        TOTAL MONTH:  14.1 INCHES  5 = HAIL
                        GRTST 24HR   4.3 ON   M    6 = FREEZING RAIN OR DRIZZLE
                        GRTST DEPTH:   6 ON 23     7 = DUSTSTORM OR SANDSTORM:
                                                       VSBY 1/2 MILE OR LESS
                                                   8 = SMOKE OR HAZE
[NO. OF DAYS WITH]      [WEATHER - DAYS WITH]      9 = BLOWING SNOW
                                                   X = TORNADO
MAX 32 OR BELOW:   3    0.01 INCH OR MORE:   7
MAX 90 OR ABOVE:   0    0.10 INCH OR MORE:   5
MIN 32 OR BELOW:  24    0.50 INCH OR MORE:   1
MIN  0 OR BELOW:   0    1.00 INCH OR MORE:   0

[HDD (BASE 65) ]
TOTAL THIS MO.   705    CLEAR  (SCALE 0-3)  14
DPTR FM NORMAL   -56    PTCLDY (SCALE 4-7)   9
TOTAL FM JUL 1  3293    CLOUDY (SCALE 8-10)  5
DPTR FM NORMAL  -350

[CDD (BASE 65) ]
TOTAL THIS MO.     0
DPTR FM NORMAL     0    [PRESSURE DATA]
TOTAL FM JAN 1     0    HIGHEST SLP 30.66 ON 23
DPTR FM NORMAL     0    LOWEST  SLP 29.50 ON 20

[REMARKS]
#FINAL-02-15#
