000
CXUS51 KLWX 010620
CF6DMH
PRELIMINARY LOCAL CLIMATOLOGICAL DATA (WS FORM: F-6)

                                          STATION:   BALTIMORE INNER HARBOR MD
                                          MONTH:     FEBRUARY
                                          YEAR:      2015
                                          LATITUDE:   39 16 N
                                          LONGITUDE:  76 37 W

  TEMPERATURE IN F:       :PCPN:    SNOW:  WIND      :SUNSHINE: SKY     :PK WND
================================================================================
1   2   3   4   5  6A  6B    7    8   9   10  11  12  13   14  15   16   17  18
                                     12Z  AVG MX 2MIN
DY MAX MIN AVG DEP HDD CDD  WTR  SNW DPTH SPD SPD DIR MIN PSBL S-S WX    SPD DR
================================================================================

 1  40  24  32  -4  33   0 0.09    M    M   M   M   M   M    M   M         M  M
 2  45  24  35  -2  30   0 0.28    M    M   M   M   M   M    M   M         M  M
 3  33  21  27 -10  38   0 0.00    M    M   M   M   M   M    M   M         M  M
 4  47  27  37   0  28   0 0.00    M    M   M   M   M   M    M   M         M  M
 5  44  20  32  -5  33   0 0.00    M    M   M   M   M   M    M   M         M  M
 6  35  16  26 -11  39   0 0.00    M    M   M   M   M   M    M   M         M  M
 7  46  29  38   1  27   0 0.00    M    M   M   M   M   M    M   M         M  M
 8  49  35  42   5  23   0 0.00    M    M   M   M   M   M    M   M         M  M
 9  43  31  37   0  28   0 0.07    M    M   M   M   M   M    M   M         M  M
10  37  28  33  -5  32   0 0.11    M    M   M   M   M   M    M   M         M  M
11  40  27  34  -4  31   0 0.00    M    M   M   M   M   M    M   M         M  M
12  40  19  30  -8  35   0 0.00    M    M   M   M   M   M    M   M         M  M
13  26  13  20 -18  45   0 0.00    M    M   M   M   M   M    M   M         M  M
14  36  15  26 -12  39   0 0.10    M    M   M   M   M   M    M   M         M  M
15  19   7  13 -25  52   0 0.00    M    M   M   M   M   M    M   M         M  M
16  19   6  13 -26  52   0 0.19    M    M   M   M   M   M    M   M         M  M
17  26  14  20 -19  45   0 0.15    M    M   M   M   M   M    M   M         M  M
18  32  17  25 -14  40   0 0.01    M    M   M   M   M   M    M   M         M  M
19  19   7  13 -26  52   0 0.00    M    M   M   M   M   M    M   M         M  M
20  19   3  11 -28  54   0 0.00    M    M   M   M   M   M    M   M         M  M
21  32  12  22 -18  43   0 0.94    M    M   M   M   M   M    M   M         M  M
22  42  31  37  -3  28   0 0.11    M    M   M   M   M   M    M   M         M  M
23  35  15  25 -15  40   0 0.00    M    M   M   M   M   M    M   M         M  M
24  25  10  18 -22  47   0 0.00    M    M   M   M   M   M    M   M         M  M
25  39  19  29 -12  36   0 0.00    M    M   M   M   M   M    M   M         M  M
26  35  27  31 -10  34   0 0.07    M    M   M   M   M   M    M   M         M  M
27  31  22  27 -14  38   0 0.00    M    M   M   M   M   M    M   M         M  M
28  31  17  24 -17  41   0 0.00    M    M   M   M   M   M    M   0         M  M
================================================================================
SM  965  536      1063   0  2.12    M        M          M        0
================================================================================
AV 34.5 19.1                                 M FASTST   M    M   0    MAX(MPH)
                                 MISC ---->     M   M                  M    M
================================================================================
NOTES:
# LAST OF SEVERAL OCCURRENCES

COLUMN 17 PEAK WIND IN M.P.H.

PRELIMINARY LOCAL CLIMATOLOGICAL DATA (WS FORM: F-6) , PAGE 2

                                          STATION:  BALTIMORE INNER HARBOR MD
                                          MONTH:    FEBRUARY
                                          YEAR:     2015
                                          LATITUDE:   39 16 N
                                          LONGITUDE:  76 37 W

[TEMPERATURE DATA]      [PRECIPITATION DATA]       SYMBOLS USED IN COLUMN 16

AVERAGE MONTHLY: 26.8   TOTAL FOR MONTH:   2.12    1 = FOG OR MIST
DPTR FM NORMAL: -11.8   DPTR FM NORMAL:   -0.48    2 = FOG REDUCING VISIBILITY
HIGHEST:    49 ON  8    GRTST 24HR  1.05 ON 21-22      TO 1/4 MILE OR LESS
LOWEST:      3 ON 20                               3 = THUNDER
                        SNOW, ICE PELLETS, HAIL    4 = ICE PELLETS
                        TOTAL MONTH:    M          5 = HAIL
                        GRTST 24HR    M  ON   M    6 = FREEZING RAIN OR DRIZZLE
                        GRTST DEPTH:  M  ON   M    7 = DUSTSTORM OR SANDSTORM:
                                                       VSBY 1/2 MILE OR LESS
                                                   8 = SMOKE OR HAZE
[NO. OF DAYS WITH]      [WEATHER - DAYS WITH]      9 = BLOWING SNOW
                                                   X = TORNADO
MAX 32 OR BELOW:  11    0.01 INCH OR MORE:  11
MAX 90 OR ABOVE:   0    0.10 INCH OR MORE:   7
MIN 32 OR BELOW:  27    0.50 INCH OR MORE:   1
MIN  0 OR BELOW:   0    1.00 INCH OR MORE:   0

[HDD (BASE 65) ]
TOTAL THIS MO.  1063    CLEAR  (SCALE 0-3)   1
DPTR FM NORMAL   323    PTCLDY (SCALE 4-7)   0
TOTAL FM JUL 1  3514    CLOUDY (SCALE 8-10)  0
DPTR FM NORMAL   426

[CDD (BASE 65) ]
TOTAL THIS MO.     0
DPTR FM NORMAL     0    [PRESSURE DATA]
TOTAL FM JAN 1     0    HIGHEST SLP M ON M
DPTR FM NORMAL     0    LOWEST  SLP 29.42 ON  2

[REMARKS]
#FINAL-02-15#
