000
CXUS54 KEPZ 291200
CF6DMN
PRELIMINARY LOCAL CLIMATOLOGICAL DATA (WS FORM: F-6)

                                          STATION:   DEMING
                                          MONTH:     APRIL
                                          YEAR:      2017
                                          LATITUDE:   32 15 N
                                          LONGITUDE: 107 42 W

  TEMPERATURE IN F:       :PCPN:    SNOW:  WIND      :SUNSHINE: SKY     :PK WND
================================================================================
1   2   3   4   5  6A  6B    7    8   9   10  11  12  13   14  15   16   17  18
                                     12Z  AVG MX 2MIN
DY MAX MIN AVG DEP HDD CDD  WTR  SNW DPTH SPD SPD DIR MIN PSBL S-S WX    SPD DR
================================================================================

 1  62  41  52  -3  13   0    T  0.0    0  8.0 20  30   M    M   7        25  20
 2  70  33  52  -3  13   0 0.00  0.0    0  9.1 29 270   M    M   0 8      37 270
 3  74  41  58   2   7   0 0.00  0.0    0 11.6 28 280   M    M   0        33 270
 4  70  47  59   3   6   0 0.00  0.0    0 18.5 39 280   M    M   0        48 290
 5  69  33  51  -5  14   0 0.00  0.0    0  6.2 20  70   M    M   0        26  90
 6  77  37  57   1   8   0 0.00  0.0    0  4.7 14 100   M    M   0        18 110
 7  84  39  62   5   3   0 0.00  0.0    0  8.8 22 260   M    M   0        30 260
 8  86  42  64   7   1   0 0.00  0.0    0 11.3 25 240   M    M   0        36 260
 9  77  39  58   0   7   0 0.00  0.0    0 12.5 33 280   M    M   0        45 280
10  77  32  55  -3  10   0 0.00  0.0    0  5.0 14  60   M    M   0        18  50
11  83  35  59   1   6   0 0.00  0.0    0  6.7 21  80   M    M   0        24  80
12  84  53  69  11   0   4 0.00  0.0    0  7.4 18 280   M    M   0        25 250
13  85  45  65   6   0   0 0.00  0.0    0  5.6 16 240   M    M   0        21 230
14  86  47  67   8   0   2 0.00  0.0    0  8.8 21 250   M    M   0        29 270
15  84  45  65   5   0   0 0.00  0.0    0  8.5 20 290   M    M   0        26 260
16  83  42  63   3   2   0 0.00  0.0    0  9.1 21 270   M    M   0        27 270
17  85  45  65   5   0   0 0.00  0.0    0  9.3 20 270   M    M   0        29 250
18  87  46  67   6   0   2 0.00  0.0    0 11.0 24 250   M    M   0        31 250
19  86  48  67   6   0   2 0.00  0.0    0 11.5 26 270   M    M   0        35 280
20  88  44  66   5   0   1 0.00  0.0    0  9.6 22 260   M    M   0        30 290
21  87  42  65   3   0   0 0.00  0.0    0 10.2 24 280   M    M   0        32 260
22  82  46  64   2   1   0 0.00  0.0    0 10.9 20 100   M    M   0        28 110
23  82  46  64   2   1   0 0.00  0.0    0  8.5 18 100   M    M   0        25 110
24  88  46  67   4   0   2 0.00  0.0    0 13.7 29 270   M    M   0        38 260
25  79  61  70   7   0   5 0.00  0.0    0 24.1 41 280   M    M   1 8      56 290
26  78  42  60  -3   5   0 0.00  0.0    0 15.0 30 260   M    M   0        37 280
27  85  49  67   3   0   2 0.00  0.0    0 18.2 38 260   M    M   0        47 290
28  81  56  69   5   0   4 0.01  0.0    0 18.6 31 270   M    M   3        42 250
================================================================================
SM 2259 1222        97  24  0.01     0.0 302.4          M       11
================================================================================
AV 80.7 43.6                              10.8 FASTST   M    M   0    MAX(MPH)
                                 MISC ---->  # 41 280               # 56  290
================================================================================
NOTES:
# LAST OF SEVERAL OCCURRENCES

COLUMN 17 PEAK WIND IN M.P.H.

PRELIMINARY LOCAL CLIMATOLOGICAL DATA (WS FORM: F-6) , PAGE 2

                                          STATION:  DEMING
                                          MONTH:    APRIL
                                          YEAR:     2017
                                          LATITUDE:   32 15 N
                                          LONGITUDE: 107 42 W

[TEMPERATURE DATA]      [PRECIPITATION DATA]       SYMBOLS USED IN COLUMN 16

AVERAGE MONTHLY: 62.2   TOTAL FOR MONTH:   0.01    1 = FOG OR MIST
DPTR FM NORMAL:   2.7   DPTR FM NORMAL:   -0.33    2 = FOG REDUCING VISIBILITY
HIGHEST:    88 ON 24,20 GRTST 24HR  0.01 ON 28-28      TO 1/4 MILE OR LESS
LOWEST:     32 ON 10                               3 = THUNDER
                        SNOW, ICE PELLETS, HAIL    4 = ICE PELLETS
                        TOTAL MONTH:   0.0 INCH    5 = HAIL
                        GRTST 24HR     0.0         6 = FREEZING RAIN OR DRIZZLE
                        GRTST DEPTH:   0           7 = DUSTSTORM OR SANDSTORM:
                                                       VSBY 1/2 MILE OR LESS
                                                   8 = SMOKE OR HAZE
[NO. OF DAYS WITH]      [WEATHER - DAYS WITH]      9 = BLOWING SNOW
                                                   X = TORNADO
MAX 32 OR BELOW:   0    0.01 INCH OR MORE:   1
MAX 90 OR ABOVE:   0    0.10 INCH OR MORE:   0
MIN 32 OR BELOW:   1    0.50 INCH OR MORE:   0
MIN  0 OR BELOW:   0    1.00 INCH OR MORE:   0

[HDD (BASE 65) ]
TOTAL THIS MO.    97    CLEAR  (SCALE 0-3)  26
DPTR FM NORMAL   -74    PTCLDY (SCALE 4-7)   2
TOTAL FM JUL 1  2326    CLOUDY (SCALE 8-10)  0
DPTR FM NORMAL  -816

[CDD (BASE 65) ]
TOTAL THIS MO.    24
DPTR FM NORMAL    11    [PRESSURE DATA]
TOTAL FM JAN 1    30    HIGHEST SLP M ON M
DPTR FM NORMAL    17    LOWEST  SLP 29.33 ON 28

[REMARKS]
