000
CXUS55 KEAX 230736
CF6DMO
PRELIMINARY LOCAL CLIMATOLOGICAL DATA (WS FORM: F-6)

                                          STATION:   SEDALIA MO
                                          MONTH:     JANUARY
                                          YEAR:      2017
                                          LATITUDE:   38 42 N
                                          LONGITUDE:  93  6 W

  TEMPERATURE IN F:       :PCPN:    SNOW:  WIND      :SUNSHINE: SKY     :PK WND
================================================================================
1   2   3   4   5  6A  6B    7    8   9   10  11  12  13   14  15   16   17  18
                                     12Z  AVG MX 2MIN
DY MAX MIN AVG DEP HDD CDD  WTR  SNW DPTH SPD SPD DIR MIN PSBL S-S WX    SPD DR
================================================================================

 1  47  23  35   3  30   0 0.00    M    M  7.0 14 100   M    M   3        17  80
 2  54  42  48  16  17   0 0.00    M    M  6.9 15 120   M    M  10 1      17 120
 3  48  19  34   2  31   0    T    M    M 15.1 26 320   M    M   7 12     32 310
 4  25  13  19 -12  46   0    T    M    M  8.3 16 330   M    M   3        21 340
 5  18   6  12 -19  53   0 0.02    M    M 10.2 20 320   M    M  10 18     24 330
 6  12   1   7 -24  58   0 0.00    M    M  5.6 12 340   M    M   0        14 320
 7  29   2  16 -15  49   0 0.00    M    M  7.1 13 220   M    M   0        16 210
 8  31   8  20 -11  45   0 0.00    M    M 10.2 18 190   M    M   2        25 190
 9  51  24  38   7  27   0 0.00  0.0    0 15.0 28 170   M    M   2        35 170
10  64  30  47  16  18   0 0.00  0.0    0 18.4 41 230   M    M   1        55 220
11  73  29  51  20  14   0 0.00  0.0    0 14.8 35 190   M    M   2        45 200
12  32  22  27  -4  38   0 0.00  0.0    0 10.9 18 340   M    M   6 18     24 340
13  28  22  25  -6  40   0    T    M    0 10.2 18  60   M    M   6 16     22  60
14  31  28  30  -1  35   0 0.00  0.0    0  5.3  9  10   M    M  10 1      11  10
15  35  31  33   2  32   0 0.38    M    0  7.9 13 120   M    M  10 16     16 110
16  62  35  49  18  16   0 0.28    M    0 11.6 22 260   M    M   8 1      29 260
17  42  37  40   9  25   0 0.00  0.0    0  8.6 16 280   M    M  10 1      21 260
18  51  37  44  13  21   0 0.00  0.0    0  5.4 13 180   M    M   9 1      15 180
19  52  45  49  17  16   0 0.00    M    M  4.8 10 140   M    M  10 12     12 130
20  58  42  50  18  15   0 0.00    M    M  6.0 16 160   M    M   7 12     21 160
21  60  42  51  19  14   0 0.01    M    M  8.4 16 200   M    M   4        23 210
22  49  37  43  11  22   0 0.30    M    M 12.5 23 360   M    M   9 1      26 360
================================================================================
SM  952  575       662   0  0.99     0.0 210.2          M      129
================================================================================
AV 43.3 26.1                               9.6 FASTST   M    M   6    MAX(MPH)
                                 MISC ---->  # 41 230               # 55  220
================================================================================
NOTES:
# LAST OF SEVERAL OCCURRENCES

COLUMN 17 PEAK WIND IN M.P.H.

PRELIMINARY LOCAL CLIMATOLOGICAL DATA (WS FORM: F-6) , PAGE 2

                                          STATION:  SEDALIA MO
                                          MONTH:    JANUARY
                                          YEAR:     2017
                                          LATITUDE:   38 42 N
                                          LONGITUDE:  93  6 W

[TEMPERATURE DATA]      [PRECIPITATION DATA]       SYMBOLS USED IN COLUMN 16

AVERAGE MONTHLY: 34.7   TOTAL FOR MONTH:   0.99    1 = FOG OR MIST
DPTR FM NORMAL:   3.4   DPTR FM NORMAL:   -0.15    2 = FOG REDUCING VISIBILITY
HIGHEST:    73 ON 11    GRTST 24HR  0.57 ON 15-16      TO 1/4 MILE OR LESS
LOWEST:      1 ON  6                               3 = THUNDER
                        SNOW, ICE PELLETS, HAIL    4 = ICE PELLETS
                        TOTAL MONTH:   0.0 INCH    5 = HAIL
                        GRTST 24HR     0.0         6 = FREEZING RAIN OR DRIZZLE
                        GRTST DEPTH:   0           7 = DUSTSTORM OR SANDSTORM:
                                                       VSBY 1/2 MILE OR LESS
                                                   8 = SMOKE OR HAZE
[NO. OF DAYS WITH]      [WEATHER - DAYS WITH]      9 = BLOWING SNOW
                                                   X = TORNADO
MAX 32 OR BELOW:   8    0.01 INCH OR MORE:   5
MAX 90 OR ABOVE:   0    0.10 INCH OR MORE:   3
MIN 32 OR BELOW:  14    0.50 INCH OR MORE:   0
MIN  0 OR BELOW:   0    1.00 INCH OR MORE:   0

[HDD (BASE 65) ]
TOTAL THIS MO.   662    CLEAR  (SCALE 0-3)   8
DPTR FM NORMAL   -81    PTCLDY (SCALE 4-7)   5
TOTAL FM JUL 1  2154    CLOUDY (SCALE 8-10)  9
DPTR FM NORMAL  -370

[CDD (BASE 65) ]
TOTAL THIS MO.     0
DPTR FM NORMAL     0    [PRESSURE DATA]
TOTAL FM JAN 1     0    HIGHEST SLP  0.00 ON M
DPTR FM NORMAL     0    LOWEST  SLP  0.00 ON M

[REMARKS]
