000
CXUS55 KEAX 190736
CF6DMO
PRELIMINARY LOCAL CLIMATOLOGICAL DATA (WS FORM: F-6)

                                          STATION:   SEDALIA MO
                                          MONTH:     DECEMBER
                                          YEAR:      2014
                                          LATITUDE:   38 42 N
                                          LONGITUDE:  93  6 W

  TEMPERATURE IN F:       :PCPN:    SNOW:  WIND      :SUNSHINE: SKY     :PK WND
================================================================================
1   2   3   4   5  6A  6B    7    8   9   10  11  12  13   14  15   16   17  18
                                     12Z  AVG MX 2MIN
DY MAX MIN AVG DEP HDD CDD  WTR  SNW DPTH SPD SPD DIR MIN PSBL S-S WX    SPD DR
================================================================================

 1  30  19  25 -15  40   0 0.00    M    M 12.8 23  10   M    M   4 8      27 360
 2  36  21  29 -10  36   0 0.00    M    M  7.2 17 210   M    M   7 8      22 210
 3  46  28  37  -2  28   0 0.00    M    M  6.7 13  70   M    M   1 1      17  80
 4  40  33  37  -1  28   0 0.00    M    M  7.6 13 120   M    M  10 18     16 110
 5  47  40  44   6  21   0 1.19    M    M  8.0 16 360   M    M  10 12     19  10
 6  41  35  38   0  27   0 0.00    M    M  9.0 15 350   M    M  10 1      18 360
 7  43  35  39   2  26   0    T    M    M  8.7 17 140   M    M   8 18     20 140
 8  53  41  47  10  18   0 0.00    M    M 10.6 21 280   M    M   5 1      32 250
 9  41  32  37   1  28   0 0.00    M    M  8.0 20 340   M    M   9        24 340
10  36  32  34  -2  31   0 0.05    M    M  6.6 16 140   M    M  10 18     19 140
11  39  34  37   1  28   0 0.00    M    M  5.5 10 100   M    M  10 18     15 110
12  55  39  47  11  18   0 0.00    M    M  3.9  9 180   M    M   8 18     11  50
13  55  39  47  12  18   0 0.00    M    M  8.7 14 160   M    M   8 1      16 160
14  63  47  55  20  10   0 0.12    M    M 13.5 22 200   M    M   5 1      26 140
15  60  38  49  14  16   0 0.16    M    M 16.2 25 220   M    M   8 1      35 170
16  38  29  34   0  31   0 0.03    M    M 13.8 26 280   M    M  10 1      36 290
17  33  24  29  -5  36   0 0.00    M    M  5.0 10 340   M    M   5        13 340
18  34  31  33  -1  32   0 0.06    M    M  5.8 10 110   M    M  10 1      16  50
================================================================================
SM  790  597       472   0  1.61    M    157.6          M      138
================================================================================
AV 43.9 33.2                               8.8 FASTST   M    M   8    MAX(MPH)
                                 MISC ---->  # 26 280               # 36  290
================================================================================
NOTES:
# LAST OF SEVERAL OCCURRENCES

COLUMN 17 PEAK WIND IN M.P.H.

PRELIMINARY LOCAL CLIMATOLOGICAL DATA (WS FORM: F-6) , PAGE 2

                                          STATION:  SEDALIA MO
                                          MONTH:    DECEMBER
                                          YEAR:     2014
                                          LATITUDE:   38 42 N
                                          LONGITUDE:  93  6 W

[TEMPERATURE DATA]      [PRECIPITATION DATA]       SYMBOLS USED IN COLUMN 16

AVERAGE MONTHLY: 38.5   TOTAL FOR MONTH:   1.61    1 = FOG OR MIST
DPTR FM NORMAL:   2.0   DPTR FM NORMAL:    0.37    2 = FOG REDUCING VISIBILITY
HIGHEST:    63 ON 14    GRTST 24HR  1.19 ON  5- 5      TO 1/4 MILE OR LESS
LOWEST:     19 ON  1                               3 = THUNDER
                        SNOW, ICE PELLETS, HAIL    4 = ICE PELLETS
                        TOTAL MONTH:    M          5 = HAIL
                        GRTST 24HR    M  ON   M    6 = FREEZING RAIN OR DRIZZLE
                        GRTST DEPTH:  M  ON   M    7 = DUSTSTORM OR SANDSTORM:
                                                       VSBY 1/2 MILE OR LESS
                                                   8 = SMOKE OR HAZE
[NO. OF DAYS WITH]      [WEATHER - DAYS WITH]      9 = BLOWING SNOW
                                                   X = TORNADO
MAX 32 OR BELOW:   1    0.01 INCH OR MORE:   6
MAX 90 OR ABOVE:   0    0.10 INCH OR MORE:   3
MIN 32 OR BELOW:   8    0.50 INCH OR MORE:   1
MIN  0 OR BELOW:   0    1.00 INCH OR MORE:   1

[HDD (BASE 65) ]
TOTAL THIS MO.   472    CLEAR  (SCALE 0-3)   1
DPTR FM NORMAL   -42    PTCLDY (SCALE 4-7)   9
TOTAL FM JUL 1  1457    CLOUDY (SCALE 8-10)  8
DPTR FM NORMAL    98

[CDD (BASE 65) ]
TOTAL THIS MO.     0
DPTR FM NORMAL     0    [PRESSURE DATA]
TOTAL FM JAN 1  1409    HIGHEST SLP  0.00 ON M
DPTR FM NORMAL   -81    LOWEST  SLP  0.00 ON M

[REMARKS]
