000
CXUS55 KEAX 230736
CF6DMO
PRELIMINARY LOCAL CLIMATOLOGICAL DATA (WS FORM: F-6)

                                          STATION:   SEDALIA MO
                                          MONTH:     JANUARY
                                          YEAR:      2018
                                          LATITUDE:   38 42 N
                                          LONGITUDE:  93  6 W

  TEMPERATURE IN F:       :PCPN:    SNOW:  WIND      :SUNSHINE: SKY     :PK WND
================================================================================
1   2   3   4   5  6A  6B    7    8   9   10  11  12  13   14  15   16   17  18
                                     12Z  AVG MX 2MIN
DY MAX MIN AVG DEP HDD CDD  WTR  SNW DPTH SPD SPD DIR MIN PSBL S-S WX    SPD DR
================================================================================

 1  11  -8   2 -30  63   0 0.00    M    M  6.7 16 340   M    M   0        18 340
 2  23  -4  10 -22  55   0 0.00    M    M  6.3 18 230   M    M   0        25 230
 3  30  10  20 -12  45   0 0.00    M    M 13.2 23 330   M    M   3        31 340
 4  21   3  12 -19  53   0 0.00    M    M  4.3 10 330   M    M   2        13 320
 5  29  11  20 -11  45   0 0.00    M    M  8.7 14  70   M    M   3        18  70
 6  32  14  23  -8  42   0 0.00    M    M 11.6 18 160   M    M   5        25 150
 7  38  30  34   3  31   0 0.52    M    M 10.6 20 160   M    M   9 1      26 160
 8  46  29  38   7  27   0 0.00    M    M  3.9  9 330   M    M   5 128    12 320
 9  42  26  34   3  31   0 0.00    M    M  9.5 18 140   M    M   7 12     23 140
10  63  40  52  21  13   0 0.00    M    M 17.0 28 170   M    M   2        38 170
11  58  15  37   6  28   0 0.15    M    M 15.6 29 330   M    M   9 1      38 310
12  22   9  16 -15  49   0    T    M    M 15.3 24 340   M    M   4        30 330
13  23  12  18 -13  47   0 0.00    M    M  7.2 15 360   M    M   8        17 360
14  33  18  26  -5  39   0 0.01    M    M 10.2 18 210   M    M   9 1      24 210
15  33   2  18 -13  47   0 0.06    M    M 15.0 28 330   M    M   4 1      40 320
16  10  -3   4 -27  61   0    T    M    M  8.2 15 280   M    M   2        18 310
17  22  -2  10 -21  55   0 0.00    M    M  8.2 16 220   M    M   0        20 210
18  42  16  29  -2  36   0 0.00    M    M 16.4 24 220   M    M   0        32 220
19  54  32  43  11  22   0 0.00    M    M 17.8 24 200   M    M   0        32 210
20  59  41  50  18  15   0 0.00    M    M 10.5 20 210   M    M   4        27 210
21  71  45  58  26   7   0 0.17    M    M 12.7 28 200   M    M   5 1      36 200
22  58  33  46  14  19   0 0.02    M    M 18.2 29 210   M    M   7 1      37 240
================================================================================
SM  820  369       830   0  0.93    M    247.1          M       88
================================================================================
AV 37.3 16.8                              11.2 FASTST   M    M   4    MAX(MPH)
                                 MISC ---->  # 29 330               # 40  320
================================================================================
NOTES:
# LAST OF SEVERAL OCCURRENCES

COLUMN 17 PEAK WIND IN M.P.H.

PRELIMINARY LOCAL CLIMATOLOGICAL DATA (WS FORM: F-6) , PAGE 2

                                          STATION:  SEDALIA MO
                                          MONTH:    JANUARY
                                          YEAR:     2018
                                          LATITUDE:   38 42 N
                                          LONGITUDE:  93  6 W

[TEMPERATURE DATA]      [PRECIPITATION DATA]       SYMBOLS USED IN COLUMN 16

AVERAGE MONTHLY: 27.0   TOTAL FOR MONTH:   0.93    1 = FOG OR MIST
DPTR FM NORMAL:  -4.3   DPTR FM NORMAL:   -0.21    2 = FOG REDUCING VISIBILITY
HIGHEST:    71 ON 21    GRTST 24HR  0.52 ON  7- 7      TO 1/4 MILE OR LESS
LOWEST:     -8 ON  1                               3 = THUNDER
                        SNOW, ICE PELLETS, HAIL    4 = ICE PELLETS
                        TOTAL MONTH:    M          5 = HAIL
                        GRTST 24HR    M  ON   M    6 = FREEZING RAIN OR DRIZZLE
                        GRTST DEPTH:  M  ON   M    7 = DUSTSTORM OR SANDSTORM:
                                                       VSBY 1/2 MILE OR LESS
                                                   8 = SMOKE OR HAZE
[NO. OF DAYS WITH]      [WEATHER - DAYS WITH]      9 = BLOWING SNOW
                                                   X = TORNADO
MAX 32 OR BELOW:  10    0.01 INCH OR MORE:   6
MAX 90 OR ABOVE:   0    0.10 INCH OR MORE:   3
MIN 32 OR BELOW:  18    0.50 INCH OR MORE:   1
MIN  0 OR BELOW:   4    1.00 INCH OR MORE:   0

[HDD (BASE 65) ]
TOTAL THIS MO.   830    CLEAR  (SCALE 0-3)   9
DPTR FM NORMAL    87    PTCLDY (SCALE 4-7)  10
TOTAL FM JUL 1  2503    CLOUDY (SCALE 8-10)  3
DPTR FM NORMAL   -21

[CDD (BASE 65) ]
TOTAL THIS MO.     0
DPTR FM NORMAL     0    [PRESSURE DATA]
TOTAL FM JAN 1     0    HIGHEST SLP  0.00 ON M
DPTR FM NORMAL     0    LOWEST  SLP  0.00 ON M

[REMARKS]
