000
CXUS55 KEAX 280736
CF6DMO
PRELIMINARY LOCAL CLIMATOLOGICAL DATA (WS FORM: F-6)

                                          STATION:   SEDALIA MO
                                          MONTH:     MARCH
                                          YEAR:      2015
                                          LATITUDE:   38 42 N
                                          LONGITUDE:  93  6 W

  TEMPERATURE IN F:       :PCPN:    SNOW:  WIND      :SUNSHINE: SKY     :PK WND
================================================================================
1   2   3   4   5  6A  6B    7    8   9   10  11  12  13   14  15   16   17  18
                                     12Z  AVG MX 2MIN
DY MAX MIN AVG DEP HDD CDD  WTR  SNW DPTH SPD SPD DIR MIN PSBL S-S WX    SPD DR
================================================================================

 1  30  21  26 -15  39   0 0.06    M    M  4.3 12 320   M    M   6 18     14 320
 2  36  13  25 -16  40   0 0.00    M    M  7.2 15 110   M    M   3 18     20 170
 3  44  34  39  -3  26   0    T    M    M 13.2 25 210   M    M  10 18     34 210
 4  34  20  27 -15  38   0    M    M    M 13.0 25 340   M    M   7 1      31 360
 5  30  13  22 -20  43   0 0.00    M    M  7.0 16 360   M    M   0        19 360
 6  53  20  37  -6  28   0 0.00    M    M 14.5 28 220   M    M   0        34 220
 7  64  40  52   9  13   0 0.00    M    M 13.5 28 220   M    M   0        34 230
 8  67  40  54  11  11   0 0.00    M    M  9.0 20 220   M    M   0        26 220
 9  63  32  48   4  17   0 0.00    M    M  5.8 13 180   M    M   1        16 190
10  67  43  55  11  10   0 0.04    M    M  3.0  9 180   M    M   5 12     12 320
11  76  42  59  15   6   0 0.00    M    M  4.8 12  80   M    M   0        16  70
12  72  44  58  13   7   0 0.05    M    M  8.1 16 130   M    M   1        19 130
13  64  52  58  13   7   0 0.06    M    M  5.8 13  50   M    M   6 18     17  40
14  64  42  53   7  12   0 0.00    M    M  9.2 18  30   M    M   0        23 360
15  72  37  55   9  10   0 0.00    M    M  9.8 18 220   M    M   0        24 210
16  79  53  66  20   0   1 0.00    M    M 13.1 24 220   M    M   0        31 220
17  62  42  52   5  13   0 0.00    M    M 13.6 25  30   M    M   2        34  30
18  44  37  41  -6  24   0 0.26    M    M 11.2 20 110   M    M   7 1      26 110
19  41  36  39  -8  26   0 0.22    M    M  5.0 14 110   M    M   9 1      17 110
20  58  38  48   0  17   0 0.00    M    M  6.2 13 220   M    M   5 18     16 220
21  71  47  59  11   6   0 0.00    M    M  7.7 14 220   M    M   0        20 220
22  74  43  59  11   6   0 0.00    M    M  4.9 13 230   M    M   1        17 230
23  60  42  51   2  14   0 0.00    M    M 11.6 20 290   M    M   2        29 250
24  58  37  48  -1  17   0 0.09    M    M 13.0 22 130   M    M   9 138    29 310
25  59  40  50   0  15   0 0.28    M    M  8.5 22  10   M    M   6 18     27  20
26  51  37  44  -6  21   0 0.04    M    M 10.4 22  10   M    M   3        25  10
27  46  34  40 -10  25   0 0.01    M    M  8.1 20  10   M    M   6 1      24  10
================================================================================
SM 1539  979       491   1  1.11    M    241.5          M       89
================================================================================
AV 57.0 36.3                               8.9 FASTST   M    M   3    MAX(MPH)
                                 MISC ---->  # 28 220               # 34  210
================================================================================
NOTES:
# LAST OF SEVERAL OCCURRENCES

COLUMN 17 PEAK WIND IN M.P.H.

PRELIMINARY LOCAL CLIMATOLOGICAL DATA (WS FORM: F-6) , PAGE 2

                                          STATION:  SEDALIA MO
                                          MONTH:    MARCH
                                          YEAR:     2015
                                          LATITUDE:   38 42 N
                                          LONGITUDE:  93  6 W

[TEMPERATURE DATA]      [PRECIPITATION DATA]       SYMBOLS USED IN COLUMN 16

AVERAGE MONTHLY: 46.6   TOTAL FOR MONTH:   1.11    1 = FOG OR MIST
DPTR FM NORMAL:   1.1   DPTR FM NORMAL:   -1.13    2 = FOG REDUCING VISIBILITY
HIGHEST:    79 ON 16    GRTST 24HR  0.28 ON 25-25      TO 1/4 MILE OR LESS
LOWEST:     13 ON  5, 2                            3 = THUNDER
                        SNOW, ICE PELLETS, HAIL    4 = ICE PELLETS
                        TOTAL MONTH:    M          5 = HAIL
                        GRTST 24HR    M  ON   M    6 = FREEZING RAIN OR DRIZZLE
                        GRTST DEPTH:  M  ON   M    7 = DUSTSTORM OR SANDSTORM:
                                                       VSBY 1/2 MILE OR LESS
                                                   8 = SMOKE OR HAZE
[NO. OF DAYS WITH]      [WEATHER - DAYS WITH]      9 = BLOWING SNOW
                                                   X = TORNADO
MAX 32 OR BELOW:   2    0.01 INCH OR MORE:  10
MAX 90 OR ABOVE:   0    0.10 INCH OR MORE:   3
MIN 32 OR BELOW:   6    0.50 INCH OR MORE:   0
MIN  0 OR BELOW:   0    1.00 INCH OR MORE:   0

[HDD (BASE 65) ]
TOTAL THIS MO.   491    CLEAR  (SCALE 0-3)  16
DPTR FM NORMAL   -37    PTCLDY (SCALE 4-7)   8
TOTAL FM JUL 1  4339    CLOUDY (SCALE 8-10)  3
DPTR FM NORMAL   194

[CDD (BASE 65) ]
TOTAL THIS MO.     1
DPTR FM NORMAL     1    [PRESSURE DATA]
TOTAL FM JAN 1     1    HIGHEST SLP  0.00 ON M
DPTR FM NORMAL     1    LOWEST  SLP  0.00 ON M

[REMARKS]
