000
CXUS55 KVEF 260940
CF6DRA
PRELIMINARY LOCAL CLIMATOLOGICAL DATA (WS FORM: F-6)

                                          STATION:   DESERT ROCK-MERCURY NV
                                          MONTH:     APRIL
                                          YEAR:      2017
                                          LATITUDE:   36 37 N
                                          LONGITUDE: 116  1 W

  TEMPERATURE IN F:       :PCPN:    SNOW:  WIND      :SUNSHINE: SKY     :PK WND
================================================================================
1   2   3   4   5  6A  6B    7    8   9   10  11  12  13   14  15   16   17  18
                                     12Z  AVG MX 2MIN
DY MAX MIN AVG DEP HDD CDD  WTR  SNW DPTH SPD SPD DIR MIN PSBL S-S WX    SPD DR
================================================================================

 1  76  49  63   7   2   0 0.00  0.0    0  7.3 21  20   M    M   2        30  30
 2  77  42  60   4   5   0 0.00  0.0    0  8.9 20 220   M    M   1        24 220
 3  71  46  59   3   6   0 0.01  0.0    0 10.5 33 330   M    M   1        43 300
 4  72  44  58   1   7   0 0.00  0.0    0 10.1 16  30   M    M   1        22 100
 5  76  44  60   3   5   0 0.00  0.0    M  7.4 17 120   M    M   0        23 140
 6  81  47  64   7   1   0 0.00  0.0    0 15.6 35 200   M    M   0        45 210
 7  75  63  69  12   0   4 0.00  0.0    0 28.0 41 210   M    M   1        57 200
 8  69  46  58   0   7   0 0.00  0.0    0 21.9 32 200   M    M   2        50 220
 9  64  39  52  -6  13   0 0.00  0.0    0  6.9 20  20   M    M   0        24  20
10  71  35  53  -5  12   0 0.00  0.0    0  3.3 15 220   M    M   0        23 260
11  74  41  58   0   7   0 0.00  0.0    0  7.4 23 220   M    M   1        29 180
12  81  43  62   4   3   0 0.00  0.0    0 10.6 25 190   M    M   0        33 180
13  74  53  64   5   1   0 0.00  0.0    0 25.4 46 210   M    M   0        59 210
14  72  38  55  -4  10   0 0.00  0.0    0  5.9 16  10   M    M   0        21  10
15  78  42  60   1   5   0 0.00  0.0    0  8.7 20  30   M    M   0        23  30
16  84  49  67   7   0   2 0.00  0.0    0  9.9 26 170   M    M   0        36 200
17  77  63  70  10   0   5 0.00  0.0    0 16.9 26 230   M    M   0        32 200
18  78  57  68   8   0   3 0.00  0.0    0 18.0 33 200   M    M   2        43 200
19  77  50  64   4   1   0 0.00  0.0    0  7.5 16 230   M    M   1        20 230
20  79  43  61   0   4   0 0.00  0.0    0 10.0 24  30   M    M   0        30  30
21  78  51  65   4   0   0 0.00  0.0    0  9.7 22  30   M    M   0        27  40
22  83  53  68   6   0   3 0.00  0.0    0  9.8 18 110   M    M   0        24 120
23  85  61  73  11   0   8 0.00  0.0    0 16.1 36 200   M    M   0        44 200
24  78  55  67   5   0   2 0.00  0.0    0 10.0 24 220   M    M   1        29 240
25  74  53  64   2   1   0 0.00  0.0    0 11.1 28 360   M    M   2        36 310
================================================================================
SM 1904 1207        90  27  0.01     0.0 296.9          M       15
================================================================================
AV 76.2 48.3                              11.9 FASTST   M    M   1    MAX(MPH)
                                 MISC ---->  # 46 210               # 59  210
================================================================================
NOTES:
# LAST OF SEVERAL OCCURRENCES

COLUMN 17 PEAK WIND IN M.P.H.

PRELIMINARY LOCAL CLIMATOLOGICAL DATA (WS FORM: F-6) , PAGE 2

                                          STATION:  DESERT ROCK-MERCURY NV
                                          MONTH:    APRIL
                                          YEAR:     2017
                                          LATITUDE:   36 37 N
                                          LONGITUDE: 116  1 W

[TEMPERATURE DATA]      [PRECIPITATION DATA]       SYMBOLS USED IN COLUMN 16

AVERAGE MONTHLY: 62.2   TOTAL FOR MONTH:   0.01    1 = FOG OR MIST
DPTR FM NORMAL:   3.3   DPTR FM NORMAL:   -0.28    2 = FOG REDUCING VISIBILITY
HIGHEST:    85 ON 23    GRTST 24HR  0.01 ON  3- 3      TO 1/4 MILE OR LESS
LOWEST:     35 ON 10                               3 = THUNDER
                        SNOW, ICE PELLETS, HAIL    4 = ICE PELLETS
                        TOTAL MONTH:   0.0 INCH    5 = HAIL
                        GRTST 24HR     0.0         6 = FREEZING RAIN OR DRIZZLE
                        GRTST DEPTH:   0           7 = DUSTSTORM OR SANDSTORM:
                                                       VSBY 1/2 MILE OR LESS
                                                   8 = SMOKE OR HAZE
[NO. OF DAYS WITH]      [WEATHER - DAYS WITH]      9 = BLOWING SNOW
                                                   X = TORNADO
MAX 32 OR BELOW:   0    0.01 INCH OR MORE:   1
MAX 90 OR ABOVE:   0    0.10 INCH OR MORE:   0
MIN 32 OR BELOW:   0    0.50 INCH OR MORE:   0
MIN  0 OR BELOW:   0    1.00 INCH OR MORE:   0

[HDD (BASE 65) ]
TOTAL THIS MO.    90    CLEAR  (SCALE 0-3)  25
DPTR FM NORMAL   -83    PTCLDY (SCALE 4-7)   0
TOTAL FM JUL 1  2376    CLOUDY (SCALE 8-10)  0
DPTR FM NORMAL  -550

[CDD (BASE 65) ]
TOTAL THIS MO.    27
DPTR FM NORMAL     6    [PRESSURE DATA]
TOTAL FM JAN 1    40    HIGHEST SLP M ON M
DPTR FM NORMAL    17    LOWEST  SLP 29.53 ON 25

[REMARKS]
