000
CXUS55 KVEF 270940
CF6DRA
PRELIMINARY LOCAL CLIMATOLOGICAL DATA (WS FORM: F-6)

                                          STATION:   DESERT ROCK-MERCURY NV
                                          MONTH:     JULY
                                          YEAR:      2016
                                          LATITUDE:   36 37 N
                                          LONGITUDE: 116  1 W

  TEMPERATURE IN F:       :PCPN:    SNOW:  WIND      :SUNSHINE: SKY     :PK WND
================================================================================
1   2   3   4   5  6A  6B    7    8   9   10  11  12  13   14  15   16   17  18
                                     12Z  AVG MX 2MIN
DY MAX MIN AVG DEP HDD CDD  WTR  SNW DPTH SPD SPD DIR MIN PSBL S-S WX    SPD DR
================================================================================

 1  96  66  81  -2   0  16 0.49  0.0    0 11.3 49  10   M    M   3 1      68  10
 2  95  65  80  -3   0  15 0.00  0.0    0  9.2 36 120   M    M   0        43 120
 3  99  69  84   1   0  19 0.00  0.0    0  7.3 21 230   M    M   0        27 220
 4 100  72  86   2   0  21 0.00  0.0    0 11.1 24 200   M    M   0        35 180
 5  99  73  86   2   0  21 0.00  0.0    0 11.7 25 200   M    M   0        34 220
 6  97  70  84   0   0  19 0.00  0.0    0 14.6 25 210   M    M   0        36 170
 7  98  70  84   0   0  19 0.00  0.0    0 11.2 26 210   M    M   0        37 210
 8  99  72  86   2   0  21 0.00  0.0    0 12.7 30 210   M    M   0        38 210
 9  98  75  87   3   0  22 0.00  0.0    0 14.3 29 230   M    M   0        35 220
10  97  76  87   2   0  22 0.00  0.0    0 14.5 28 230   M    M   0        37 230
11  96  68  82  -3   0  17 0.00  0.0    0  9.1 22  40   M    M   0        27  30
12  99  62  81  -4   0  16 0.00  0.0    0  8.3 24 220   M    M   0        30 220
13 101  63  82  -3   0  17 0.00  0.0    0  6.2 18 220   M    M   0        25 230
14 105  67  86   1   0  21 0.00  0.0    0  7.6 21 230   M    M   0        32 240
15 105  66  86   1   0  21 0.00  0.0    0 11.6 25 230   M    M   0        34 190
16 101  76  89   4   0  24 0.00  0.0    0 16.2 28 220   M    M   0        40 200
17 101  77  89   4   0  24 0.00  0.0    0 15.6 29 200   M    M   0        39 170
18 101  78  90   4   0  25 0.00  0.0    0 15.6 26 210   M    M   0        45 190
19 101  72  87   1   0  22 0.00  0.0    0 11.4 29 230   M    M   0        37 240
20 102  74  88   2   0  23 0.00  0.0    0 11.8 25 200   M    M   0        33 200
21 105  70  88   2   0  23 0.00  0.0    0  8.3 26 230   M    M   0        32 210
22 106  71  89   3   0  24 0.00  0.0    0  7.6 21 240   M    M   0        29 250
23 107  69  88   2   0  23 0.00  0.0    0  8.7 23 230   M    M   0        31 220
24 106  71  89   3   0  24 0.00  0.0    0 11.6 28 230   M    M   0        36 220
25 106  75  91   5   0  26 0.00  0.0    0  8.6 25 240   M    M   0        46 200
26 107  75  91   5   0  26 0.00  0.0    0  5.7 16 220   M    M   0        22 270
================================================================================
SM 2627 1842         0 551  0.49     0.0 281.8          M        3
================================================================================
AV101.0 70.8                              10.8 FASTST   M    M   0    MAX(MPH)
                                 MISC ---->  # 49  10               # 68   10
================================================================================
NOTES:
# LAST OF SEVERAL OCCURRENCES

COLUMN 17 PEAK WIND IN M.P.H.

PRELIMINARY LOCAL CLIMATOLOGICAL DATA (WS FORM: F-6) , PAGE 2

                                          STATION:  DESERT ROCK-MERCURY NV
                                          MONTH:    JULY
                                          YEAR:     2016
                                          LATITUDE:   36 37 N
                                          LONGITUDE: 116  1 W

[TEMPERATURE DATA]      [PRECIPITATION DATA]       SYMBOLS USED IN COLUMN 16

AVERAGE MONTHLY: 85.9   TOTAL FOR MONTH:   0.49    1 = FOG OR MIST
DPTR FM NORMAL:   1.1   DPTR FM NORMAL:    0.12    2 = FOG REDUCING VISIBILITY
HIGHEST:   107 ON 26,23 GRTST 24HR  0.52 ON 30- 1      TO 1/4 MILE OR LESS
LOWEST:     62 ON 12                               3 = THUNDER
                        SNOW, ICE PELLETS, HAIL    4 = ICE PELLETS
                        TOTAL MONTH:   0.0 INCH    5 = HAIL
                        GRTST 24HR     0.0         6 = FREEZING RAIN OR DRIZZLE
                        GRTST DEPTH:   0           7 = DUSTSTORM OR SANDSTORM:
                                                       VSBY 1/2 MILE OR LESS
                                                   8 = SMOKE OR HAZE
[NO. OF DAYS WITH]      [WEATHER - DAYS WITH]      9 = BLOWING SNOW
                                                   X = TORNADO
MAX 32 OR BELOW:   0    0.01 INCH OR MORE:   1
MAX 90 OR ABOVE:  26    0.10 INCH OR MORE:   1
MIN 32 OR BELOW:   0    0.50 INCH OR MORE:   0
MIN  0 OR BELOW:   0    1.00 INCH OR MORE:   0

[HDD (BASE 65) ]
TOTAL THIS MO.     0    CLEAR  (SCALE 0-3)  26
DPTR FM NORMAL     0    PTCLDY (SCALE 4-7)   0
TOTAL FM JUL 1     0    CLOUDY (SCALE 8-10)  0
DPTR FM NORMAL     0

[CDD (BASE 65) ]
TOTAL THIS MO.   551
DPTR FM NORMAL    35    [PRESSURE DATA]
TOTAL FM JAN 1  1270    HIGHEST SLP M ON M
DPTR FM NORMAL   119    LOWEST  SLP 29.59 ON 10

[REMARKS]
