000
CXUS53 KDMX 270920
CF6DSM
PRELIMINARY LOCAL CLIMATOLOGICAL DATA (WS FORM: F-6)

                                          STATION:   DES MOINES IA
                                          MONTH:     APRIL
                                          YEAR:      2017
                                          LATITUDE:   41 31 N
                                          LONGITUDE:  93 39 W

  TEMPERATURE IN F:       :PCPN:    SNOW:  WIND      :SUNSHINE: SKY     :PK WND
================================================================================
1   2   3   4   5  6A  6B    7    8   9   10  11  12  13   14  15   16   17  18
                                     12Z  AVG MX 2MIN
DY MAX MIN AVG DEP HDD CDD  WTR  SNW DPTH SPD SPD DIR MIN PSBL S-S WX    SPD DR
================================================================================

 1  55  36  46   0  19   0 0.02  0.0    0  3.7  9 160   M    M  10        13  70
 2  53  47  50   4  15   0 0.14  0.0    0  6.8 12 140   M    M  10 1      16 110
 3  53  49  51   4  14   0 0.50  0.0    0  7.7 13 340   M    M  10 1      17 350
 4  57  48  53   6  12   0 0.01  0.0    0  9.9 17 360   M    M  10 1      23 360
 5  52  43  48   0  17   0 0.52  0.0    0 11.1 23  20   M    M   9 1      31 350
 6  57  37  47  -1  18   0 0.00  0.0    0 11.8 23 320   M    M   4        32 330
 7  63  31  47  -1  18   0 0.00  0.0    0  6.7 16 170   M    M   4        24 180
 8  76  48  62  13   3   0 0.00  0.0    0 13.5 25 190   M    M   8        31 190
 9  81  60  71  22   0   6    T  0.0    0 14.1 26 290   M    M   9 3      35 300
10  72  42  57   7   8   0    T  0.0    0 13.8 30 310   M    M   8 3      36 310
11  63  39  51   1  14   0 0.00  0.0    0  9.6 20 300   M    M   5        23 270
12  71  45  58   8   7   0 0.02  0.0    0  9.2 18 180   M    M   7        23 180
13  79  54  67  16   0   2 0.04  0.0    0  8.8 18 110   M    M   7        26 110
14  72  56  64  13   1   0 0.15  0.0    0 10.5 23 160   M    M  10 138    33 170
15  78  61  70  18   0   5 0.49  0.0    0 12.4 25 310   M    M   9 13     35 300
16  72  53  63  11   2   0 0.00  0.0    0  7.6 17 320   M    M   7 1      23  20
17  74  48  61   9   4   0 0.00  0.0    0  5.2 14 200   M    M   4        18 210
18  76  55  66  13   0   1 0.05  0.0    0 10.4 25 190   M    M   8        33 190
19  80  51  66  13   0   1 0.13  0.0    0 12.2 26 230   M    M   8 13     35 190
20  65  45  55   1  10   0 0.00  0.0    0 16.6 26 310   M    M   8        36 290
21  62  41  52  -2  13   0 0.00  0.0    0 11.0 21  40   M    M   7        26  20
22  68  45  57   3   8   0 0.00  0.0    0  6.6 17  30   M    M   5        22  40
23  73  43  58   3   7   0 0.00  0.0    0  6.5 16 190   M    M   3        23 170
24  76  49  63   8   2   0    T  0.0    0 14.9 32 170   M    M   7        41 150
25  75  49  62   7   3   0    T  0.0    0  9.8 20 310   M    M   9 3      24 300
26  50  40  45 -11  20   0 0.02  0.0    0 16.0 24 300   M    M   8 1      29 300
================================================================================
SM 1753 1215       215  15  2.09     0.0 266.4          M      194
================================================================================
AV 67.4 46.7                              10.2 FASTST   M    M   7    MAX(MPH)
                                 MISC ---->  # 32 170               # 41  150
================================================================================
NOTES:
# LAST OF SEVERAL OCCURRENCES

COLUMN 17 PEAK WIND IN M.P.H.

PRELIMINARY LOCAL CLIMATOLOGICAL DATA (WS FORM: F-6) , PAGE 2

                                          STATION:  DES MOINES IA
                                          MONTH:    APRIL
                                          YEAR:     2017
                                          LATITUDE:   41 31 N
                                          LONGITUDE:  93 39 W

[TEMPERATURE DATA]      [PRECIPITATION DATA]       SYMBOLS USED IN COLUMN 16

AVERAGE MONTHLY: 57.1   TOTAL FOR MONTH:   2.09    1 = FOG OR MIST
DPTR FM NORMAL:   6.1   DPTR FM NORMAL:   -1.13    2 = FOG REDUCING VISIBILITY
HIGHEST:    81 ON  9    GRTST 24HR  0.57 ON  2- 3      TO 1/4 MILE OR LESS
LOWEST:     31 ON  7                               3 = THUNDER
                        SNOW, ICE PELLETS, HAIL    4 = ICE PELLETS
                        TOTAL MONTH:   0.0 INCH    5 = HAIL
                        GRTST 24HR     0.0         6 = FREEZING RAIN OR DRIZZLE
                        GRTST DEPTH:   0           7 = DUSTSTORM OR SANDSTORM:
                                                       VSBY 1/2 MILE OR LESS
                                                   8 = SMOKE OR HAZE
[NO. OF DAYS WITH]      [WEATHER - DAYS WITH]      9 = BLOWING SNOW
                                                   X = TORNADO
MAX 32 OR BELOW:   0    0.01 INCH OR MORE:  12
MAX 90 OR ABOVE:   0    0.10 INCH OR MORE:   6
MIN 32 OR BELOW:   1    0.50 INCH OR MORE:   2
MIN  0 OR BELOW:   0    1.00 INCH OR MORE:   0

[HDD (BASE 65) ]
TOTAL THIS MO.   215    CLEAR  (SCALE 0-3)   1
DPTR FM NORMAL  -160    PTCLDY (SCALE 4-7)  13
TOTAL FM JUL 1  4633    CLOUDY (SCALE 8-10) 12
DPTR FM NORMAL -1369

[CDD (BASE 65) ]
TOTAL THIS MO.    15
DPTR FM NORMAL     6    [PRESSURE DATA]
TOTAL FM JAN 1    15    HIGHEST SLP M ON M
DPTR FM NORMAL     5    LOWEST  SLP 29.39 ON 25

[REMARKS]
