000
CXUS54 KFWD 010730
CF6DTO
PRELIMINARY LOCAL CLIMATOLOGICAL DATA (WS FORM: F-6)

                                          STATION:   DENTON
                                          MONTH:     JULY
                                          YEAR:      2015
                                          LATITUDE:   33 12 N
                                          LONGITUDE:  97 12 W

  TEMPERATURE IN F:       :PCPN:    SNOW:  WIND      :SUNSHINE: SKY     :PK WND
================================================================================
1   2   3   4   5  6A  6B    7    8   9   10  11  12  13   14  15   16   17  18
                                     12Z  AVG MX 2MIN
DY MAX MIN AVG DEP HDD CDD  WTR  SNW DPTH SPD SPD DIR MIN PSBL S-S WX    SPD DR
================================================================================

 1  93  72  83   0   0  18 0.00  0.0    0 11.7 24 210   M    M   0        30 220
 2  91  73  82  -1   0  17 0.00  0.0    0 13.6 22 210   M    M   0 8      28 210
 3  92  76  84   1   0  19    T  0.0    0 10.3 22 200   M    M   4        26 200
 4  94  75  85   2   0  20 0.00  0.0    0  7.8 16 210   M    M   2        20 210
 5  92  75  84   1   0  19 0.00  0.0    0 12.5 22 170   M    M   1 1      28 160
 6  92  78  85   2   0  20 0.00  0.0    0 16.6 28 180   M    M   4        33 180
 7  89  78  84   1   0  19    T  0.0    0 12.7 24 190   M    M   5        32 180
 8  81  74  78  -5   0  13 0.36  0.0    0  9.4 21 210   M    M   5 138    28 200
 9  92  75  84   0   0  19 0.00  0.0    0 13.5 25 200   M    M   1 18     34 190
10  92  69  81  -3   0  16 0.00  0.0    0 11.1 23 170   M    M   0 18     28 160
11  93  74  84   0   0  19 0.00  0.0    0  9.8 17 150   M    M   0        24 160
12  96  72  84   0   0  19 0.00  0.0    0  8.9 16 200   M    M   0        20 210
13  99  73  86   2   0  21 0.00  0.0    0  9.5 18 170   M    M   0 8      23 210
14  99  75  87   3   0  22 0.00  0.0    0  9.4 16 150   M    M   0 8      21 150
15  97  74  86   2   0  21 0.00  0.0    0  9.2 15 180   M    M   0        25 170
16  96  74  85   1   0  20 0.00  0.0    0 10.4 20 160   M    M   0        25 180
17  97  76  87   3   0  22 0.00  0.0    0 11.3 18 150   M    M   0        24 140
18  99  77  88   4   0  23 0.00  0.0    0 11.5 20 160   M    M   0        30 150
19  99  75  87   3   0  22 0.00  0.0    0  8.9 17 150   M    M   0        22 160
20 100  76  88   4   0  23 0.00  0.0    0  8.5 16 190   M    M   0        20 140
21  97  77  87   2   0  22 0.00  0.0    0  9.3 17 140   M    M   0        25 190
22  97  77  87   2   0  22 0.07  0.0    0  8.5 18 150   M    M   2 1      23 190
23  99  79  89   4   0  24 0.00  0.0    0 10.2 17 200   M    M   0        21 150
24  99  77  88   3   0  23 0.00  0.0    0  8.9 16 200   M    M   0        21 160
25  99  74  87   2   0  22 0.00  0.0    0  7.3 16 140   M    M   0        22 150
26 100  70  85   0   0  20 0.00  0.0    0  6.2 15 150   M    M   0 8      24 180
27  99  73  86   1   0  21 0.00  0.0    0  8.0 20 170   M    M   0        25 170
28  98  76  87   2   0  22 0.00  0.0    0 10.0 21 150   M    M   0        30 110
29 100  76  88   3   0  23 0.00  0.0    0  5.4 14 160   M    M   0        17 120
30 101  74  88   3   0  23 0.00  0.0    0  4.3 16  90   M    M   0        21 100
31  97  77  87   2   0  22 0.00  0.0    0  6.8 18  80   M    M   0        23 110
================================================================================
SM 2969 2321         0 636  0.43     0.0 301.5          M       24
================================================================================
AV 95.8 74.9                               9.7 FASTST   M    M   1    MAX(MPH)
                                 MISC ---->  # 28 180               # 34  190
================================================================================
NOTES:
# LAST OF SEVERAL OCCURRENCES

COLUMN 17 PEAK WIND IN M.P.H.

PRELIMINARY LOCAL CLIMATOLOGICAL DATA (WS FORM: F-6) , PAGE 2

                                          STATION:  DENTON
                                          MONTH:    JULY
                                          YEAR:     2015
                                          LATITUDE:   33 12 N
                                          LONGITUDE:  97 12 W

[TEMPERATURE DATA]      [PRECIPITATION DATA]       SYMBOLS USED IN COLUMN 16

AVERAGE MONTHLY: 85.3   TOTAL FOR MONTH:   0.43    1 = FOG OR MIST
DPTR FM NORMAL:   1.2   DPTR FM NORMAL:   -2.06    2 = FOG REDUCING VISIBILITY
HIGHEST:   101 ON 30    GRTST 24HR  0.36 ON  8- 8      TO 1/4 MILE OR LESS
LOWEST:     69 ON 10                               3 = THUNDER
                        SNOW, ICE PELLETS, HAIL    4 = ICE PELLETS
                        TOTAL MONTH:   0.0 INCH    5 = HAIL
                        GRTST 24HR     0.0         6 = FREEZING RAIN OR DRIZZLE
                        GRTST DEPTH:   0           7 = DUSTSTORM OR SANDSTORM:
                                                       VSBY 1/2 MILE OR LESS
                                                   8 = SMOKE OR HAZE
[NO. OF DAYS WITH]      [WEATHER - DAYS WITH]      9 = BLOWING SNOW
                                                   X = TORNADO
MAX 32 OR BELOW:   0    0.01 INCH OR MORE:   2
MAX 90 OR ABOVE:  29    0.10 INCH OR MORE:   1
MIN 32 OR BELOW:   0    0.50 INCH OR MORE:   0
MIN  0 OR BELOW:   0    1.00 INCH OR MORE:   0

[HDD (BASE 65) ]
TOTAL THIS MO.     0    CLEAR  (SCALE 0-3)  27
DPTR FM NORMAL     0    PTCLDY (SCALE 4-7)   4
TOTAL FM JUL 1     0    CLOUDY (SCALE 8-10)  0
DPTR FM NORMAL     0

[CDD (BASE 65) ]
TOTAL THIS MO.   636
DPTR FM NORMAL    46    [PRESSURE DATA]
TOTAL FM JAN 1  1405    HIGHEST SLP M ON M
DPTR FM NORMAL    30    LOWEST  SLP 29.75 ON 21

[REMARKS]
#FINAL-07-15#
