000
CXUS53 KDTX 260800
CF6DTW
PRELIMINARY LOCAL CLIMATOLOGICAL DATA (WS FORM: F-6)

                                          STATION:   DETROIT MI
                                          MONTH:     MARCH
                                          YEAR:      2017
                                          LATITUDE:   42 13 N
                                          LONGITUDE:  83 20 W

  TEMPERATURE IN F:       :PCPN:    SNOW:  WIND      :SUNSHINE: SKY     :PK WND
================================================================================
1   2   3   4   5  6A  6B    7    8   9   10  11  12  13   14  15   16   17  18
                                     12Z  AVG MX 2MIN
DY MAX MIN AVG DEP HDD CDD  WTR  SNW DPTH SPD SPD DIR MIN PSBL S-S WX    SPD DR
================================================================================

 1  58  27  43  11  22   0 0.90  0.1    0 18.5 38 260   M    M  10 138    49 270
 2  33  25  29  -3  36   0    T  0.2    T 12.9 21 320   M    M   9 1      29 300
 3  32  22  27  -5  38   0    T    T    T 12.9 23 290   M    M   6 8      29 290
 4  32  17  25  -8  40   0 0.00  0.0    0  5.4 12 100   M    M   3        15 120
 5  42  24  33   0  32   0    T  0.0    0  9.1 17 140   M    M   7        22 140
 6  58  42  50  17  15   0 0.07  0.0    0 11.5 24 200   M    M  10 18     30 200
 7  60  38  49  15  16   0 0.06  0.0    0 15.8 25 220   M    M   8 13     46 230
 8  55  37  46  12  19   0 0.00  0.0    0 25.7 49 250   M    M   2        68 250
 9  45  33  39   5  26   0    T    T    0  9.0 23 290   M    M   8        30 290
10  36  17  27  -8  38   0 0.00  0.0    0 14.9 26 310   M    M   6        35 280
11  32  16  24 -11  41   0 0.00  0.0    0 11.5 21 310   M    M   6        26 300
12  34  18  26 -10  39   0 0.00  0.0    0  7.6 18 340   M    M   7        23 330
13  26  21  24 -12  41   0 0.25  5.2    1 10.8 20  40   M    M  10 12     24  50
14  26  16  21 -15  44   0    T  0.1    5 14.1 26 340   M    M   6 8      36 330
15  32  17  25 -12  40   0 0.00  0.0    4 15.2 24 300   M    M   5        32 320
16  42  20  31  -6  34   0 0.00  0.0    3  7.8 17 280   M    M   3        23 290
17  37  23  30  -8  35   0 0.11  0.8    1  5.9 17 180   M    M   8 148    19 170
18  44  34  39   1  26   0 0.12  0.5    1  8.0 16 290   M    M   9 128    21 300
19  45  33  39   1  26   0 0.00  0.0    T  6.0 13 190   M    M   9 18     14 190
20  43  34  39   0  26   0 0.17  0.0    0  5.0 21 170   M    M  10 18     26 170
21  59  29  44   5  21   0 0.00  0.0    0 11.1 26 330   M    M   7 128    34 340
22  39  22  31  -9  34   0 0.00  0.0    0  8.6 24 360   M    M   2        30 360
23  44  24  34  -6  31   0 0.16  0.0    0  7.3 16 160   M    M   7 1      20 130
24  77  37  57  17   8   0 0.18  0.0    0 16.8 30 230   M    M   9 18     38 240
25  47  41  44   3  21   0 0.01  0.0    0 10.0 18  60   M    M  10 18     25 360
================================================================================
SM 1078  667       749   0  2.03     6.9 281.4          M      177
================================================================================
AV 43.1 26.7                              11.3 FASTST   M    M   7    MAX(MPH)
                                 MISC ---->  # 49 250               # 68  250
================================================================================
NOTES:
# LAST OF SEVERAL OCCURRENCES

COLUMN 17 PEAK WIND IN M.P.H.

PRELIMINARY LOCAL CLIMATOLOGICAL DATA (WS FORM: F-6) , PAGE 2

                                          STATION:  DETROIT MI
                                          MONTH:    MARCH
                                          YEAR:     2017
                                          LATITUDE:   42 13 N
                                          LONGITUDE:  83 20 W

[TEMPERATURE DATA]      [PRECIPITATION DATA]       SYMBOLS USED IN COLUMN 16

AVERAGE MONTHLY: 34.9   TOTAL FOR MONTH:   2.03    1 = FOG OR MIST
DPTR FM NORMAL:  -1.2   DPTR FM NORMAL:    0.24    2 = FOG REDUCING VISIBILITY
HIGHEST:    77 ON 24    GRTST 24HR  0.90 ON  1- 1      TO 1/4 MILE OR LESS
LOWEST:     16 ON 14,11                            3 = THUNDER
                        SNOW, ICE PELLETS, HAIL    4 = ICE PELLETS
                        TOTAL MONTH:   6.9 INCHES  5 = HAIL
                        GRTST 24HR   5.2 ON   M    6 = FREEZING RAIN OR DRIZZLE
                        GRTST DEPTH:   5 ON 14     7 = DUSTSTORM OR SANDSTORM:
                                                       VSBY 1/2 MILE OR LESS
                                                   8 = SMOKE OR HAZE
[NO. OF DAYS WITH]      [WEATHER - DAYS WITH]      9 = BLOWING SNOW
                                                   X = TORNADO
MAX 32 OR BELOW:   6    0.01 INCH OR MORE:  10
MAX 90 OR ABOVE:   0    0.10 INCH OR MORE:   7
MIN 32 OR BELOW:  16    0.50 INCH OR MORE:   1
MIN  0 OR BELOW:   0    1.00 INCH OR MORE:   0

[HDD (BASE 65) ]
TOTAL THIS MO.   749    CLEAR  (SCALE 0-3)   3
DPTR FM NORMAL    24    PTCLDY (SCALE 4-7)  12
TOTAL FM JUL 1  4487    CLOUDY (SCALE 8-10) 10
DPTR FM NORMAL  -791

[CDD (BASE 65) ]
TOTAL THIS MO.     0
DPTR FM NORMAL     0    [PRESSURE DATA]
TOTAL FM JAN 1     0    HIGHEST SLP M ON M
DPTR FM NORMAL     0    LOWEST  SLP 29.29 ON  1

[REMARKS]
