000
CXUS51 KPBZ 250804
CF6DUJ
PRELIMINARY LOCAL CLIMATOLOGICAL DATA (WS FORM: F-6)

                                          STATION:   DUBOIS
                                          MONTH:     JUNE
                                          YEAR:      2017
                                          LATITUDE:   41 10 N
                                          LONGITUDE:  78 54 W

  TEMPERATURE IN F:       :PCPN:    SNOW:  WIND      :SUNSHINE: SKY     :PK WND
================================================================================
1   2   3   4   5  6A  6B    7    8   9   10  11  12  13   14  15   16   17  18
                                     12Z  AVG MX 2MIN
DY MAX MIN AVG DEP HDD CDD  WTR  SNW DPTH SPD SPD DIR MIN PSBL S-S WX    SPD DR
================================================================================

 1  70  47  59  -2   6   0 0.00  0.0    0  8.8 22 260   M    M   4 12     30 240
 2  69  45  57  -4   8   0 0.00    M    0  8.4 24 310   M    M   3        32 260
 3  74  50  62   1   3   0 0.00    M    0  6.6 21 310   M    M   3        28 310
 4  66  50  58  -4   7   0 0.81  0.0    0  6.1 15 220   M    M   8 13     21  80
 5  70  56  63   1   2   0 0.04  0.0    0  7.6 17 330   M    M   6 128    22 330
 6  65  52  59  -3   6   0 0.31  0.0    0  8.0 20 260   M    M   9 18     25 280
 7  62  49  56  -6   9   0 0.01    M    0  6.2 16  70   M    M   8 18     21  70
 8  70  47  59  -4   6   0 0.00  0.0    0  4.2 14 110   M    M   6 1      18  70
 9  75  46  61  -2   4   0 0.02    M    M  7.5 20 270   M    M   4 1      25 260
10  80  58  69   6   0   4 0.10    M    M  9.4 21 250   M    M   4 13     26 240
11  82  61  72   8   0   7 0.00  0.0    0  9.5 21 250   M    M   0        28 240
12  84  60  72   8   0   7 0.00  0.0    0  7.8 17 240   M    M   2        23 250
13  87  65  76  12   0  11 0.01  0.0    0  7.1 16 300   M    M   2 18     22 310
14  85  66  76  12   0  11 0.00  0.0    0  2.5  8 120   M    M   6 18     10 120
15  83  65  74   9   0   9 0.79  0.0    0  6.2 16 280   M    M   6 1238   28 350
16  79  61  70   5   0   5 0.21  0.0    0  5.0 16 320   M    M   5 1238   23 300
17  82  58  70   5   0   5 0.00  0.0    0  5.4 12 230   M    M   4 12     16 230
18  85  68  77  12   0  12 0.89    M    0  9.3 16 230   M    M   3 123    30 230
19  75  58  67   1   0   2 0.61    M    0  6.0 16 260   M    M   8 1      21 250
20  73  55  64  -2   1   0 0.00    M    0 10.5 20 270   M    M   3        27 240
21  76  55  66   0   0   1 0.00    M    0  6.2 18 270   M    M   5        27 260
22  82  54  68   2   0   3 0.00  0.0    0  7.2 21 260   M    M   3 1      26 230
23  74  66  70   4   0   5 0.42  0.0    0  9.3 20 220   M    M   8 1      27 210
24  76  58  67   0   0   2 0.14  0.0    0 10.1 24 250   M    M   4 1      31 260
================================================================================
SM 1824 1350        52  84  4.36     0.0 174.9          M      114
================================================================================
AV 76.0 56.3                               7.3 FASTST   M    M   5    MAX(MPH)
                                 MISC ---->  # 24 310               # 32  260
================================================================================
NOTES:
# LAST OF SEVERAL OCCURRENCES

COLUMN 17 PEAK WIND IN M.P.H.

PRELIMINARY LOCAL CLIMATOLOGICAL DATA (WS FORM: F-6) , PAGE 2

                                          STATION:  DUBOIS
                                          MONTH:    JUNE
                                          YEAR:     2017
                                          LATITUDE:   41 10 N
                                          LONGITUDE:  78 54 W

[TEMPERATURE DATA]      [PRECIPITATION DATA]       SYMBOLS USED IN COLUMN 16

AVERAGE MONTHLY: 66.1   TOTAL FOR MONTH:   4.36    1 = FOG OR MIST
DPTR FM NORMAL:   2.2   DPTR FM NORMAL:    0.49    2 = FOG REDUCING VISIBILITY
HIGHEST:    87 ON 13    GRTST 24HR  0.89 ON 18-18      TO 1/4 MILE OR LESS
LOWEST:     45 ON  2                               3 = THUNDER
                        SNOW, ICE PELLETS, HAIL    4 = ICE PELLETS
                        TOTAL MONTH:   0.0 INCH    5 = HAIL
                        GRTST 24HR     0.0         6 = FREEZING RAIN OR DRIZZLE
                        GRTST DEPTH:   0           7 = DUSTSTORM OR SANDSTORM:
                                                       VSBY 1/2 MILE OR LESS
                                                   8 = SMOKE OR HAZE
[NO. OF DAYS WITH]      [WEATHER - DAYS WITH]      9 = BLOWING SNOW
                                                   X = TORNADO
MAX 32 OR BELOW:   0    0.01 INCH OR MORE:  13
MAX 90 OR ABOVE:   0    0.10 INCH OR MORE:   9
MIN 32 OR BELOW:   0    0.50 INCH OR MORE:   4
MIN  0 OR BELOW:   0    1.00 INCH OR MORE:   0

[HDD (BASE 65) ]
TOTAL THIS MO.    52    CLEAR  (SCALE 0-3)   7
DPTR FM NORMAL   -27    PTCLDY (SCALE 4-7)  14
TOTAL FM JUL 1  5735    CLOUDY (SCALE 8-10)  3
DPTR FM NORMAL -1146

[CDD (BASE 65) ]
TOTAL THIS MO.    84
DPTR FM NORMAL    35    [PRESSURE DATA]
TOTAL FM JAN 1   109    HIGHEST SLP M ON M
DPTR FM NORMAL    37    LOWEST  SLP 29.64 ON 23

[REMARKS]
