000
CXUS54 KHGX 301415
CF6DWH
PRELIMINARY LOCAL CLIMATOLOGICAL DATA (WS FORM: F-6)

                                          STATION:   HOUSTON/D.W._HOOKS
                                          MONTH:     JUNE
                                          YEAR:      2015
                                          LATITUDE:   30  4 N
                                          LONGITUDE:  95 33 W

  TEMPERATURE IN F:       :PCPN:    SNOW:  WIND      :SUNSHINE: SKY     :PK WND
================================================================================
1   2   3   4   5  6A  6B    7    8   9   10  11  12  13   14  15   16   17  18
                                     12Z  AVG MX 2MIN
DY MAX MIN AVG DEP HDD CDD  WTR  SNW DPTH SPD SPD DIR MIN PSBL S-S WX    SPD DR
================================================================================

 1  88  65  77  -2   0  12 0.00  0.0    0  2.3  9 350   M    M   1        13 350
 2  90  68  79   0   0  14 0.00  0.0    0  2.3  8  60   M    M   1 18     13  20
 3  90  69  80   0   0  15 0.00  0.0    0  2.1  9 190   M    M   3 1      13 190
 4  90  68  79  -1   0  14 0.00  0.0    0  2.0 10 130   M    M   1 1      14 130
 5  92  72  82   2   0  17 0.00  0.0    0  2.4  9  30   M    M   5        13 100
 6  94  71  83   3   0  18 0.00  0.0    0  2.5  8 210   M    M   2 1      10 210
 7  92  71  82   2   0  17 0.00  0.0    0  3.4 13 110   M    M   1 1      17 100
 8  92  70  81   1   0  16 0.00  0.0    0  3.2  9 200   M    M   1        14 230
 9  91  74  83   3   0  18 0.00  0.0    0  4.1 12 310   M    M   0        14 270
10  93  74  84   4   0  19 0.00  0.0    0  4.6 12 200   M    M   3        15 190
11  93  75  84   3   0  19    T  0.0    0  6.1 18 140   M    M   3        24 130
12  92  74  83   2   0  18 0.12  0.0    0  6.4 18 190   M    M   1 3      26 180
13  87  76  82   1   0  17 0.06  0.0    0  8.4 20 130   M    M   5 1      26 120
14  89  74  82   1   0  17 0.44  0.0    0  6.8 17 140   M    M   2 138    25 140
15  89  76  83   2   0  18 0.26  0.0    0  8.2 25  80   M    M   5 138    31  80
16  81  74  78  -3   0  13 1.81  0.0    0 11.2 24 130   M    M   9 13     32 120
17  85  76  81   0   0  16 0.30  0.0    0 10.0 23 150   M    M   6 13     33 130
18  84  72  78  -3   0  13 0.31  0.0    0  4.5 23 270   M    M   8 138    31 260
19  88  75  82   1   0  17    T  0.0    0  2.9 10 210   M    M   3 1      12 220
20  91  76  84   3   0  19 0.78  0.0    0  5.3 22  90   M    M   2 13     30  90
21  91  79  85   4   0  20 0.00  0.0    0  5.9 13 140   M    M   4        19 150
22  91  77  84   3   0  19 0.00  0.0    0  4.3 12 150   M    M   2        17 180
23  93  76  85   4   0  20 0.00  0.0    0  4.5 13 110   M    M   1 3      19 130
24  94  73  84   3   0  19 0.00  0.0    0  2.9 10 140   M    M   2 1      14 130
25  95  74  85   3   0  20 0.00  0.0    0  2.6 15 210   M    M   1 13     21  60
26  93  76  85   3   0  20 0.00  0.0    0  5.8 15 220   M    M   2 3      21 210
27  92  74  83   1   0  18 1.86  0.0    0  6.6 22 110   M    M   3 13     29 110
28  89  73  81  -1   0  16 0.38  0.0    0  4.2 15 290   M    M   5 13     21 300
29  92  77  85   3   0  20 0.00  0.0    0  7.2 17 200   M    M   2        26 200
================================================================================
SM 2621 2129         0 499  6.32     0.0 142.7          M       84
================================================================================
AV 90.4 73.4                               4.9 FASTST   M    M   3    MAX(MPH)
                                 MISC ---->  # 25  80               # 33  130
================================================================================
NOTES:
# LAST OF SEVERAL OCCURRENCES

COLUMN 17 PEAK WIND IN M.P.H.

PRELIMINARY LOCAL CLIMATOLOGICAL DATA (WS FORM: F-6) , PAGE 2

                                          STATION:  HOUSTON/D.W._HOOKS
                                          MONTH:    JUNE
                                          YEAR:     2015
                                          LATITUDE:   30  4 N
                                          LONGITUDE:  95 33 W

[TEMPERATURE DATA]      [PRECIPITATION DATA]       SYMBOLS USED IN COLUMN 16

AVERAGE MONTHLY: 81.9   TOTAL FOR MONTH:   6.32    1 = FOG OR MIST
DPTR FM NORMAL:   1.1   DPTR FM NORMAL:    1.22    2 = FOG REDUCING VISIBILITY
HIGHEST:    95 ON 25    GRTST 24HR  2.24 ON 27-28      TO 1/4 MILE OR LESS
LOWEST:     65 ON  1                               3 = THUNDER
                        SNOW, ICE PELLETS, HAIL    4 = ICE PELLETS
                        TOTAL MONTH:   0.0 INCH    5 = HAIL
                        GRTST 24HR     0.0         6 = FREEZING RAIN OR DRIZZLE
                        GRTST DEPTH:   0           7 = DUSTSTORM OR SANDSTORM:
                                                       VSBY 1/2 MILE OR LESS
                                                   8 = SMOKE OR HAZE
[NO. OF DAYS WITH]      [WEATHER - DAYS WITH]      9 = BLOWING SNOW
                                                   X = TORNADO
MAX 32 OR BELOW:   0    0.01 INCH OR MORE:  10
MAX 90 OR ABOVE:  20    0.10 INCH OR MORE:   9
MIN 32 OR BELOW:   0    0.50 INCH OR MORE:   3
MIN  0 OR BELOW:   0    1.00 INCH OR MORE:   2

[HDD (BASE 65) ]
TOTAL THIS MO.     0    CLEAR  (SCALE 0-3)  21
DPTR FM NORMAL     0    PTCLDY (SCALE 4-7)   7
TOTAL FM JUL 1  1554    CLOUDY (SCALE 8-10)  1
DPTR FM NORMAL   -24

[CDD (BASE 65) ]
TOTAL THIS MO.   499
DPTR FM NORMAL    42    [PRESSURE DATA]
TOTAL FM JAN 1  1165    HIGHEST SLP M ON M
DPTR FM NORMAL   157    LOWEST  SLP 29.77 ON 10

[REMARKS]
