000
CXUS54 KEWX 010910
CF6DZB
PRELIMINARY LOCAL CLIMATOLOGICAL DATA (WS FORM: F-6)

                                          STATION:   Horseshoe Bay
                                          MONTH:     SEPTEMBER
                                          YEAR:      2014
                                          LATITUDE:   30 31 N
                                          LONGITUDE:  98 22 W

  TEMPERATURE IN F:       :PCPN:    SNOW:  WIND      :SUNSHINE: SKY     :PK WND
================================================================================
1   2   3   4   5  6A  6B    7    8   9   10  11  12  13   14  15   16   17  18
                                     12Z  AVG MX 2MIN
DY MAX MIN AVG DEP HDD CDD  WTR  SNW DPTH SPD SPD DIR MIN PSBL S-S WX    SPD DR
================================================================================

 1  98  75  87   M   0  22 0.00    M    M  7.8 13 150   M    M   2        21 160
 2  98  76  87   M   0  22 0.00    M    M  8.0 15 140   M    M   3        23 140
 3  97  74  86   M   0  21 0.00    M    M  5.5 14 130   M    M   3        22 130
 4  93  71  82   M   0  17 0.00    M    M  5.6 15 180   M    M   2        22 180
 5  98  73  86   M   0  21 0.04    M    M  4.7 14 120   M    M   4 3      23 120
 6  95  71  83   M   0  18 0.00    M    M  2.6  8  70   M    M   4 3      16 360
 7  88  73  81   M   0  16 0.02    M    M  2.5  8  70   M    M   6 3       M  M
 8  96  69  83   M   0  18 0.00    M    M  2.5  9 150   M    M   2         M  M
 9  98  74  86   M   0  21 0.00    M    M  6.0 10 160   M    M   1        17 160
10 100  75  88   M   0  23 0.00    M    M  7.3 14 180   M    M   0        23 190
11  99  75  87   M   0  22 0.00    M    M  4.3 10 180   M    M   2        23 180
12  90  63  77   M   0  12 0.04    M    M  4.6 13 360   M    M   6        20 360
13  69  58  64   M   1   0 0.04    M    M  5.0 12 360   M    M  10        17 360
14  81  64  73   M   0   8 0.00    M    M  1.7  6 110   M    M   7 1       M  M
15  90  68  79   M   0  14 0.00    M    M  1.9  8  80   M    M   4        16 120
16  94  70  82   M   0  17 0.28    M    M  2.9 10  60   M    M   5 3      17  30
17  91  73  82   M   0  17 0.00    M    M  2.4  8 170   M    M   7 13      M  M
18  91  71  81   M   0  16 1.71    M    M  3.5 10  40   M    M   8 13     28  40
19  83  72  78   M   0  13 0.07    M    M  1.3  7  80   M    M   7 1       M  M
20  88  72  80   M   0  15 0.00    M    M  2.1  8  70   M    M   6 1       M  M
21  90  69  80   M   0  15 0.00    M    M  2.1  7 110   M    M   3 1       M  M
22  90  66  78   M   0  13 0.05    M    M  1.3  7  30   M    M   2 1       M  M
23  85  63  74   M   0   9 0.00    M    M  1.9  5 110   M    M   0         M  M
24   M   M   M   M   M   M    M    M    M   M   M   M   M    M   M         M  M
25   M   M   M   M   M   M    M    M    M   M   M   M   M    M   M         M  M
26   M   M   M   M   M   M    M    M    M   M   M   M   M    M   M         M  M
27   M   M   M   M   M   M    M    M    M   M   M   M   M    M   M         M  M
28   M   M   M   M   M   M    M    M    M   M   M   M   M    M   M         M  M
29  88  69  79   M   0  14 0.00    M    M  2.8  6  70   M    M   2         M  M
30  90  62  76   M   0  11 0.00    M    M  3.2  8 160   M    M   1         M  M
================================================================================
SM 2280 1746         1 395  2.25    M     93.5          M       97
================================================================================
AV 91.2 69.8                               3.7 FASTST   M    M   4    MAX(MPH)
                                 MISC ---->  # 15 140                 28    M
================================================================================
NOTES:
# LAST OF SEVERAL OCCURRENCES

COLUMN 17 PEAK WIND IN M.P.H.

PRELIMINARY LOCAL CLIMATOLOGICAL DATA (WS FORM: F-6) , PAGE 2

                                          STATION:  Horseshoe Bay
                                          MONTH:    SEPTEMBER
                                          YEAR:     2014
                                          LATITUDE:   30 31 N
                                          LONGITUDE:  98 22 W

[TEMPERATURE DATA]      [PRECIPITATION DATA]       SYMBOLS USED IN COLUMN 16

AVERAGE MONTHLY: 80.5   TOTAL FOR MONTH:   2.25    1 = FOG OR MIST
DPTR FM NORMAL:     M   DPTR FM NORMAL:       M    2 = FOG REDUCING VISIBILITY
HIGHEST:   100 ON 10    GRTST 24HR  1.71 ON 18-18      TO 1/4 MILE OR LESS
LOWEST:     58 ON 13                               3 = THUNDER
                        SNOW, ICE PELLETS, HAIL    4 = ICE PELLETS
                        TOTAL MONTH:    M          5 = HAIL
                        GRTST 24HR    M  ON   M    6 = FREEZING RAIN OR DRIZZLE
                        GRTST DEPTH:  M  ON   M    7 = DUSTSTORM OR SANDSTORM:
                                                       VSBY 1/2 MILE OR LESS
                                                   8 = SMOKE OR HAZE
[NO. OF DAYS WITH]      [WEATHER - DAYS WITH]      9 = BLOWING SNOW
                                                   X = TORNADO
MAX 32 OR BELOW:   0    0.01 INCH OR MORE:   8
MAX 90 OR ABOVE:  18    0.10 INCH OR MORE:   2
MIN 32 OR BELOW:   0    0.50 INCH OR MORE:   1
MIN  0 OR BELOW:   0    1.00 INCH OR MORE:   1

[HDD (BASE 65) ]
TOTAL THIS MO.     1    CLEAR  (SCALE 0-3)  13
DPTR FM NORMAL     M    PTCLDY (SCALE 4-7)  11
TOTAL FM JUL 1     1    CLOUDY (SCALE 8-10)  1
DPTR FM NORMAL     M

[CDD (BASE 65) ]
TOTAL THIS MO.   395
DPTR FM NORMAL     M    [PRESSURE DATA]
TOTAL FM JAN 1  2566    HIGHEST SLP M ON M
DPTR FM NORMAL     M    LOWEST  SLP M ON M

[REMARKS]
#FINAL-09-14#
