000
CXUS54 KEWX 290910
CF6DZB
PRELIMINARY LOCAL CLIMATOLOGICAL DATA (WS FORM: F-6)

                                          STATION:   Horseshoe Bay
                                          MONTH:     MARCH
                                          YEAR:      2015
                                          LATITUDE:   30 31 N
                                          LONGITUDE:  98 22 W

  TEMPERATURE IN F:       :PCPN:    SNOW:  WIND      :SUNSHINE: SKY     :PK WND
================================================================================
1   2   3   4   5  6A  6B    7    8   9   10  11  12  13   14  15   16   17  18
                                     12Z  AVG MX 2MIN
DY MAX MIN AVG DEP HDD CDD  WTR  SNW DPTH SPD SPD DIR MIN PSBL S-S WX    SPD DR
================================================================================

 1  42  34  38   M  27   0 0.00    M    M  3.7  6 350   M    M   7 1       M  M
 2  42  37  40   M  25   0 0.00    M    M  3.5  7 340   M    M  10 1       M  M
 3  69  54  62   M   3   0 0.00  0.0    0  3.5  8 190   M    M  10 1      16 190
 4  60  34  47   M  18   0 0.27    M    0  5.5 16 340   M    M  10 12     27 340
 5  44  26  35   M  30   0 0.04    M    0  9.4 16 360   M    M   3        27 350
 6  56  22  39   M  26   0 0.00  0.0    0  2.0  6 330   M    M   0         M  M
 7  62  36  49   M  16   0 0.00  0.0    0  2.2  9 150   M    M   9         M  M
 8   M  46   M   M   M   M 0.04    M    0  2.7  6 130   M    M  10 18      M  M
 9   M   M   M   M   M   M 0.64    M    0  2.9  6 300   M    M   8         M  M
10  60  50  55   M  10   0 0.00    M    0  3.7  8 320   M    M   9         M  M
11  62  47  55   M  10   0 0.00    M    0  3.5  9 350   M    M   5         M  M
12  75  47  61   M   4   0 0.00  0.0    0  2.9 10 310   M    M   2         M  M
13  76  49  63   M   2   0 0.00  0.0    0  2.9  8 330   M    M   0        17 330
14  75  48  62   M   3   0 0.00  0.0    0  4.4 12 320   M    M   1        17 340
15  68  43  56   M   9   0 0.00  0.0    0  2.9  7  30   M    M   3         M  M
16  77  47  62   M   3   0 0.00  0.0    0  2.4  7 170   M    M   6         M  M
17  75  61  68   M   0   3 0.01  0.0    0  3.0  9 190   M    M   8         M  M
18  77  59  68   M   0   3 0.01  0.0    0  2.3  7 340   M    M   7        20 310
19  82  58  70   M   0   5 0.00  0.0    0  4.1 10 180   M    M   5 18      M  M
20  69  56  63   M   2   0 0.34    M    0  2.8 10 320   M    M   8 1      21 320
21  60  55  58   M   7   0 0.68  0.0    0  3.5  8 100   M    M   9         M  M
22  73  53  63   M   2   0 0.00  0.0    0  3.3 10 330   M    M   6 1       M  M
23  84  47  66   M   0   1 0.00  0.0    0  3.7  8 160   M    M   1 1       M  M
24  87  60  74   M   0   9 0.00  0.0    0  6.1 13 180   M    M   1        21 180
25  87  57  72   M   0   7 0.00  0.0    0  6.5 14 180   M    M   1        24 160
26  69  43  56   M   9   0 0.00    M    0 10.1 22 330   M    M   4        28 330
27  80  37  59   M   6   0 0.00  0.0    0  2.8  9 290   M    M   0         M  M
28  86  43  65   M   0   0 0.00  0.0    0  5.8 12 190   M    M   0        23 190
================================================================================
SM 1797 1249       212  28  2.03     0.0 112.1          M      143
================================================================================
AV 69.1 46.3                               4.0 FASTST   M    M   5    MAX(MPH)
                                 MISC ---->    22   M                 28    M
================================================================================
NOTES:
# LAST OF SEVERAL OCCURRENCES

COLUMN 17 PEAK WIND IN M.P.H.

PRELIMINARY LOCAL CLIMATOLOGICAL DATA (WS FORM: F-6) , PAGE 2

                                          STATION:  Horseshoe Bay
                                          MONTH:    MARCH
                                          YEAR:     2015
                                          LATITUDE:   30 31 N
                                          LONGITUDE:  98 22 W

[TEMPERATURE DATA]      [PRECIPITATION DATA]       SYMBOLS USED IN COLUMN 16

AVERAGE MONTHLY: 57.7   TOTAL FOR MONTH:   2.03    1 = FOG OR MIST
DPTR FM NORMAL:     M   DPTR FM NORMAL:       M    2 = FOG REDUCING VISIBILITY
HIGHEST:    87 ON 25,24 GRTST 24HR  0.68 ON 21-21      TO 1/4 MILE OR LESS
LOWEST:     22 ON  6                               3 = THUNDER
                        SNOW, ICE PELLETS, HAIL    4 = ICE PELLETS
                        TOTAL MONTH:   0.0 INCH    5 = HAIL
                        GRTST 24HR     0.0         6 = FREEZING RAIN OR DRIZZLE
                        GRTST DEPTH:   0           7 = DUSTSTORM OR SANDSTORM:
                                                       VSBY 1/2 MILE OR LESS
                                                   8 = SMOKE OR HAZE
[NO. OF DAYS WITH]      [WEATHER - DAYS WITH]      9 = BLOWING SNOW
                                                   X = TORNADO
MAX 32 OR BELOW:   0    0.01 INCH OR MORE:   8
MAX 90 OR ABOVE:   0    0.10 INCH OR MORE:   4
MIN 32 OR BELOW:   2    0.50 INCH OR MORE:   2
MIN  0 OR BELOW:   0    1.00 INCH OR MORE:   0

[HDD (BASE 65) ]
TOTAL THIS MO.   212    CLEAR  (SCALE 0-3)  10
DPTR FM NORMAL     M    PTCLDY (SCALE 4-7)  10
TOTAL FM JUL 1  1905    CLOUDY (SCALE 8-10)  8
DPTR FM NORMAL     M

[CDD (BASE 65) ]
TOTAL THIS MO.    28
DPTR FM NORMAL     M    [PRESSURE DATA]
TOTAL FM JAN 1    29    HIGHEST SLP M ON M
DPTR FM NORMAL     M    LOWEST  SLP M ON M

[REMARKS]
