000
CXUS54 KMAF 011100
CF6E38
PRELIMINARY LOCAL CLIMATOLOGICAL DATA (WS FORM: F-6)

                                          STATION:   Alpine-Casparis Municipal
                                          MONTH:     JUNE
                                          YEAR:      2015
                                          LATITUDE:   30 23 N
                                          LONGITUDE: 103 41 W

  TEMPERATURE IN F:       :PCPN:    SNOW:  WIND      :SUNSHINE: SKY     :PK WND
================================================================================
1   2   3   4   5  6A  6B    7    8   9   10  11  12  13   14  15   16   17  18
                                     12Z  AVG MX 2MIN
DY MAX MIN AVG DEP HDD CDD  WTR  SNW DPTH SPD SPD DIR MIN PSBL S-S WX    SPD DR
================================================================================

 1  93  58  76   M   0  11 0.00  0.0    0  7.4 13 140   M    M   2        20 150
 2  92  65  79   M   0  14 0.00  0.0    0  8.9 14 290   M    M   2 3      21 290
 3  98  64  81   M   0  16 0.00  0.0    0  9.6 17 130   M    M   0        23  90
 4  95  63  79   M   0  14 0.96  0.0    0  8.2 18 360   M    M   2 3      36 360
 5  89  61  75   M   0  10 0.00  0.0    0  8.3 20 130   M    M   0        28 130
 6  88  62  75   M   0  10 0.00  0.0    0  7.3 17  40   M    M   2        23 110
 7  88  64  76   M   0  11 0.54  0.0    0  4.3 13 180   M    M   3 3      18 180
 8  85  65  75   M   0  10 0.00  0.0    0  7.1 14  40   M    M   3        22  20
 9  89  60  75   M   0  10 0.00  0.0    0  4.6 13 130   M    M   0        17 130
10  93  63  78   M   0  13 0.00  0.0    0  5.7 14 160   M    M   3        24  90
11  97  68  83   M   0  18 0.00  0.0    0  9.7 15 140   M    M   1        23 140
12  93  67  80   M   0  15 0.20  0.0    0  9.3 18 150   M    M   1 3      28 140
13  91  59  75   M   0  10 0.58  0.0    0  7.4 17  10   M    M   2 3      25  80
14  89  62  76   M   0  11 0.03  0.0    0 11.2 24 320   M    M   2 3      33 320
15  86  58  72   M   0   7 0.00  0.0    0  5.2 13  40   M    M   1        18  70
16  81  58  70   M   0   5 0.00  0.0    0  6.8 15  60   M    M   3        22  50
17  85  59  72   M   0   7 0.00  0.0    0  6.1 13  50   M    M   2        17  60
18  91  60  76   M   0  11 0.03  0.0    0  6.9 13 130   M    M   1        17  70
19  89  59  74   M   0   9 0.00  0.0    0  6.2 14 150   M    M   1        20 150
20  93  60  77   M   0  12 0.00  0.0    0  8.7 14 180   M    M   1        18 150
21  94  64  79   M   0  14 0.00  0.0    0  7.0 14 160   M    M   1        23 130
22  88  64  76   M   0  11 0.00  0.0    0  7.5 15 130   M    M   3        21 140
23  82  63  73   M   0   8 0.04  0.0    0  8.7 21 120   M    M   6        29 120
24  84  64  74   M   0   9 0.04  0.0    0  5.7 16 160   M    M   7 3      25 150
25  90  62  76   M   0  11 0.00  0.0    0  5.6 13 210   M    M   1        16 210
26  87  61  74   M   0   9 0.07  0.0    0  5.0 10  30   M    M   3 3      20  30
27  85  56  71   M   0   6 0.09  0.0    0  5.6 14  40   M    M   2 3      22  30
28  86  54  70   M   0   5 0.00  0.0    0  5.3 14  50   M    M   3        17  40
29  91  60  76   M   0  11 0.00  0.0    0  6.1 13 130   M    M   1        16 150
30  85  61  73   M   0   8 0.02  0.0    0  6.4 23  40   M    M   3        30  40
================================================================================
SM 2677 1844         0 316  2.60     0.0 211.8          M       62
================================================================================
AV 89.2 61.5                               7.1 FASTST   M    M   2    MAX(MPH)
                                 MISC ---->    24   M                 36    M
================================================================================
NOTES:
# LAST OF SEVERAL OCCURRENCES

COLUMN 17 PEAK WIND IN M.P.H.

PRELIMINARY LOCAL CLIMATOLOGICAL DATA (WS FORM: F-6) , PAGE 2

                                          STATION:  Alpine-Casparis Municipal
                                          MONTH:    JUNE
                                          YEAR:     2015
                                          LATITUDE:   30 23 N
                                          LONGITUDE: 103 41 W

[TEMPERATURE DATA]      [PRECIPITATION DATA]       SYMBOLS USED IN COLUMN 16

AVERAGE MONTHLY: 75.3   TOTAL FOR MONTH:   2.60    1 = FOG OR MIST
DPTR FM NORMAL:     M   DPTR FM NORMAL:       M    2 = FOG REDUCING VISIBILITY
HIGHEST:    98 ON  3    GRTST 24HR  0.96 ON  4- 4      TO 1/4 MILE OR LESS
LOWEST:     54 ON 28                               3 = THUNDER
                        SNOW, ICE PELLETS, HAIL    4 = ICE PELLETS
                        TOTAL MONTH:   0.0 INCH    5 = HAIL
                        GRTST 24HR     0.0         6 = FREEZING RAIN OR DRIZZLE
                        GRTST DEPTH:   0           7 = DUSTSTORM OR SANDSTORM:
                                                       VSBY 1/2 MILE OR LESS
                                                   8 = SMOKE OR HAZE
[NO. OF DAYS WITH]      [WEATHER - DAYS WITH]      9 = BLOWING SNOW
                                                   X = TORNADO
MAX 32 OR BELOW:   0    0.01 INCH OR MORE:  11
MAX 90 OR ABOVE:  13    0.10 INCH OR MORE:   4
MIN 32 OR BELOW:   0    0.50 INCH OR MORE:   3
MIN  0 OR BELOW:   0    1.00 INCH OR MORE:   0

[HDD (BASE 65) ]
TOTAL THIS MO.     0    CLEAR  (SCALE 0-3)  26
DPTR FM NORMAL     M    PTCLDY (SCALE 4-7)   4
TOTAL FM JUL 1  2627    CLOUDY (SCALE 8-10)  0
DPTR FM NORMAL     M

[CDD (BASE 65) ]
TOTAL THIS MO.   316
DPTR FM NORMAL     M    [PRESSURE DATA]
TOTAL FM JAN 1   478    HIGHEST SLP M ON M
DPTR FM NORMAL     M    LOWEST  SLP M ON M

[REMARKS]
#FINAL-06-15#
