000
CXUS53 KGID 190831
CF6EAR
PRELIMINARY LOCAL CLIMATOLOGICAL DATA (WS FORM: F-6)
STATION: KEARNEY NE
MONTH: MARCH
YEAR: 2024
LATITUDE: 40 43 N
LONGITUDE: 99 0 W
TEMPERATURE IN F: :PCPN: SNOW: WIND :SUNSHINE: SKY :PK WND
================================================================================
1 2 3 4 5 6A 6B 7 8 9 10 11 12 13 14 15 16 17 18
12Z AVG MX 2MIN
DY MAX MIN AVG DEP HDD CDD WTR SNW DPTH SPD SPD DIR MIN PSBL S-S WX SPD DR
================================================================================
1 65 26 46 14 19 0 0.00 M M 15.3 20 180 M M 0 25 180
2 52 31 42 9 23 0 0.00 M M 11.0 16 160 M M 5 12 M M
3 62 35 49 16 16 0 0.00 M M 13.7 29 290 M M 1 38 300
4 57 28 43 10 22 0 0.00 M M 14.5 25 360 M M 1 32 360
5 54 23 39 5 26 0 0.00 M M 5.8 13 310 M M 0 M M
6 58 32 45 11 20 0 0.00 M M 11.5 22 180 M M 3 31 170
7 50 28 39 4 26 0 T M M 19.1 27 30 M M 6 35 40
8 35 22 29 -6 36 0 M M M 17.4 30 10 M M 8 1 35 360
9 51 18 35 -1 30 0 0.00 M M 6.3 10 310 M M 0 M M
10 69 24 47 11 18 0 0.00 M M 9.8 17 210 M M 0 24 210
11 75 33 54 18 11 0 0.00 M M 12.1 29 200 M M 0 35 200
12 69 35 52 15 13 0 0.00 M M 6.4 14 40 M M 0 M M
13 70 44 57 20 8 0 T M M 11.4 24 20 M M 5 37 10
14 53 42 48 10 17 0 0.12 M M 15.3 25 10 M M 10 30 10
15 57 31 44 6 21 0 0.00 M M 10.4 20 360 M M 1 18 240
16 56 31 44 6 21 0 0.00 M M 11.6 22 340 M M 0 31 340
17 44 18 31 -8 34 0 0.00 M M 13.8 24 350 M M 0 38 350
18 51 15 33 -6 32 0 0.00 M M 9.4 16 200 M M 0 M M
================================================================================
SM 1028 516 393 0 0.12 M 214.8 M 40
================================================================================
AV 57.1 28.7 11.9 FASTST M M 2 MAX(MPH)
MISC ----> 30 10 # 38 300
================================================================================
NOTES:
# LAST OF SEVERAL OCCURRENCES
COLUMN 17 PEAK WIND IN M.P.H.
PRELIMINARY LOCAL CLIMATOLOGICAL DATA (WS FORM: F-6) , PAGE 2
STATION: KEARNEY NE
MONTH: MARCH
YEAR: 2024
LATITUDE: 40 43 N
LONGITUDE: 99 0 W
[TEMPERATURE DATA] [PRECIPITATION DATA] SYMBOLS USED IN COLUMN 16
AVERAGE MONTHLY: 42.9 TOTAL FOR MONTH: 0.12 1 = FOG OR MIST
DPTR FM NORMAL: 7.2 DPTR FM NORMAL: -0.80 2 = FOG REDUCING VISIBILITY
HIGHEST: 75 ON 11 GRTST 24HR 0.12 ON 13-14 TO 1/4 MILE OR LESS
LOWEST: 15 ON 18 3 = THUNDER
SNOW, ICE PELLETS, HAIL 4 = ICE PELLETS
TOTAL MONTH: M 5 = HAIL
GRTST 24HR M ON M 6 = FREEZING RAIN OR DRIZZLE
GRTST DEPTH: M ON M 7 = DUSTSTORM OR SANDSTORM:
VSBY 1/2 MILE OR LESS
8 = SMOKE OR HAZE
[NO. OF DAYS WITH] [WEATHER - DAYS WITH] 9 = BLOWING SNOW
X = TORNADO
MAX 32 OR BELOW: 0 0.01 INCH OR MORE: 1
MAX 90 OR ABOVE: 0 0.10 INCH OR MORE: 1
MIN 32 OR BELOW: 13 0.50 INCH OR MORE: 0
MIN 0 OR BELOW: 0 1.00 INCH OR MORE: 0
[HDD (BASE 65) ]
TOTAL THIS MO. 393 CLEAR (SCALE 0-3) 13
DPTR FM NORMAL -141 PTCLDY (SCALE 4-7) 4
TOTAL FM JUL 1 4508 CLOUDY (SCALE 8-10) 1
DPTR FM NORMAL -945
[CDD (BASE 65) ]
TOTAL THIS MO. 0
DPTR FM NORMAL 0 [PRESSURE DATA]
TOTAL FM JAN 1 0 HIGHEST SLP M ON M
DPTR FM NORMAL 0 LOWEST SLP M ON M
[REMARKS]