000
CXUS53 KGID 270730
CF6EAR
PRELIMINARY LOCAL CLIMATOLOGICAL DATA (WS FORM: F-6)

                                          STATION:   KEARNEY
                                          MONTH:     MAY
                                          YEAR:      2017
                                          LATITUDE:   40 43 N
                                          LONGITUDE:  99  0 W

  TEMPERATURE IN F:       :PCPN:    SNOW:  WIND      :SUNSHINE: SKY     :PK WND
================================================================================
1   2   3   4   5  6A  6B    7    8   9   10  11  12  13   14  15   16   17  18
                                     12Z  AVG MX 2MIN
DY MAX MIN AVG DEP HDD CDD  WTR  SNW DPTH SPD SPD DIR MIN PSBL S-S WX    SPD DR
================================================================================

 1  63  34  49  -5  16   0 0.10    M    M 14.2 21 310   M    M   4        29 340
 2  61  39  50  -5  15   0 0.00    M    M  8.4 14 230   M    M   2         M  M
 3  61  39  50  -5  15   0 0.00    M    M 11.8 24 350   M    M   4        32 350
 4  70  37  54  -1  11   0 0.00    M    M  8.4 18 350   M    M   1        25 350
 5  77  39  58   2   7   0 0.00    M    M  5.2 14 240   M    M   0        21 240
 6  84  50  67  11   0   2 0.00    M    M  7.2 15 150   M    M   0        20 130
 7  88  54  71  15   0   6 0.00    M    M 18.6 30 160   M    M   0        37 170
 8  90  61  76  19   0  11 0.00    M    M 10.7 16  10   M    M   1        22  20
 9  79  55  67  10   0   2 0.01    M    M 11.3 22  70   M    M   3 3      20  70
10  59  52  56  -2   9   0 1.15    M    M 11.5 15 350   M    M   9 3       M  M
11  68  48  58   0   7   0 0.00    M    M 13.1 21  30   M    M   4        27  10
12  73  43  58   0   7   0 0.00    M    M  6.1 10 140   M    M   0         M  M
13  79  46  63   5   2   0 0.00    M    M 15.3 25 180   M    M   0        36 180
14  82  57  70  11   0   5 0.00    M    M 13.1 20 180   M    M   0        27 180
15  88   M   M   M   M   M    M    M    M  7.8 21 170   M    M   0 3      25 180
16  81  57  69   9   0   4 1.30    M    M  9.0 14 290   M    M   5 3      17 290
17  66  54  60   0   5   0 0.59    M    M 11.8 23 310   M    M   8 3      33 320
18  54  48  51  -9  14   0 0.40    M    M 19.4 22  60   M    M  10 3      31  50
19  52  45  49 -12  16   0 0.23    M    M 17.5 23  50   M    M  10 3      28  30
20  46  39  43 -18  22   0 0.47    M    M 16.0 24 350   M    M   8 3      32 350
21  70  37  54  -7  11   0 0.00    M    M  7.2 12 300   M    M   1        20 280
22  73  52  63   1   2   0 0.10    M    M 10.5 18 350   M    M   3 3      22 330
23  61  46  54  -8  11   0 0.00    M    M 15.5 28 340   M    M   8        36 340
24  66  43  55  -7  10   0 0.00    M    M  7.4 16 150   M    M   2        21 150
25  75  50  63   0   2   0 0.00    M    M 12.3 28 180   M    M   0        33 180
26  75  55  65   2   0   0 0.00    M    M 10.1 22 350   M    M   2        30 360
================================================================================
SM 1841 1180       182  30  4.35    M    299.4          M       85
================================================================================
AV 70.8 47.2                              11.5 FASTST   M    M   3    MAX(MPH)
                                 MISC ---->  # 30 160               # 37  170
================================================================================
NOTES:
# LAST OF SEVERAL OCCURRENCES

COLUMN 17 PEAK WIND IN M.P.H.

PRELIMINARY LOCAL CLIMATOLOGICAL DATA (WS FORM: F-6) , PAGE 2

                                          STATION:  KEARNEY
                                          MONTH:    MAY
                                          YEAR:     2017
                                          LATITUDE:   40 43 N
                                          LONGITUDE:  99  0 W

[TEMPERATURE DATA]      [PRECIPITATION DATA]       SYMBOLS USED IN COLUMN 16

AVERAGE MONTHLY: 59.0   TOTAL FOR MONTH:   4.35    1 = FOG OR MIST
DPTR FM NORMAL:   0.3   DPTR FM NORMAL:    0.89    2 = FOG REDUCING VISIBILITY
HIGHEST:    90 ON  8    GRTST 24HR  1.30 ON 16-16      TO 1/4 MILE OR LESS
LOWEST:     34 ON  1                               3 = THUNDER
                        SNOW, ICE PELLETS, HAIL    4 = ICE PELLETS
                        TOTAL MONTH:    M          5 = HAIL
                        GRTST 24HR    M  ON   M    6 = FREEZING RAIN OR DRIZZLE
                        GRTST DEPTH:  M  ON   M    7 = DUSTSTORM OR SANDSTORM:
                                                       VSBY 1/2 MILE OR LESS
                                                   8 = SMOKE OR HAZE
[NO. OF DAYS WITH]      [WEATHER - DAYS WITH]      9 = BLOWING SNOW
                                                   X = TORNADO
MAX 32 OR BELOW:   0    0.01 INCH OR MORE:   9
MAX 90 OR ABOVE:   1    0.10 INCH OR MORE:   8
MIN 32 OR BELOW:   0    0.50 INCH OR MORE:   3
MIN  0 OR BELOW:   0    1.00 INCH OR MORE:   2

[HDD (BASE 65) ]
TOTAL THIS MO.   182    CLEAR  (SCALE 0-3)  15
DPTR FM NORMAL   -11    PTCLDY (SCALE 4-7)   8
TOTAL FM JUL 1  5271    CLOUDY (SCALE 8-10)  3
DPTR FM NORMAL -1190

[CDD (BASE 65) ]
TOTAL THIS MO.    30
DPTR FM NORMAL    -2    [PRESSURE DATA]
TOTAL FM JAN 1    38    HIGHEST SLP M ON M
DPTR FM NORMAL    -1    LOWEST  SLP M ON M

[REMARKS]
