000
CXUS56 KOTX 251500
CF6EAT
PRELIMINARY LOCAL CLIMATOLOGICAL DATA (WS FORM: F-6)

                                          STATION:   WENATCHEE WA PANGBORN FIELD
                                          MONTH:     JANUARY
                                          YEAR:      2015
                                          LATITUDE:   47 23 N
                                          LONGITUDE: 120 12 W

  TEMPERATURE IN F:       :PCPN:    SNOW:  WIND      :SUNSHINE: SKY     :PK WND
================================================================================
1   2   3   4   5  6A  6B    7    8   9   10  11  12  13   14  15   16   17  18
                                     12Z  AVG MX 2MIN
DY MAX MIN AVG DEP HDD CDD  WTR  SNW DPTH SPD SPD DIR MIN PSBL S-S WX    SPD DR
================================================================================

 1  26  12  19  -8  46   0 0.00    M    M  1.7  7 220   M    M   0         8 220
 2  26  18  22  -5  43   0    T    M    M  2.0  7  70   M    M   2 8       8 160
 3  27  16  22  -5  43   0    T    M    M  2.0 10 280   M    M   3 18     11 280
 4  31  23  27   0  38   0 0.03    M    M  1.3  9 140   M    M   9 128    11 140
 5  36  28  32   4  33   0    T    M    M  1.8 10 130   M    M   6 1      12 130
 6  36  30  33   5  32   0 0.00    M    M  3.1  9 300   M    M   1 1      11 290
 7  35  27  31   3  34   0 0.00    M    M  4.5 10 300   M    M   9 12     12 290
 8  33  32  33   5  32   0 0.00    M    M  1.9  8 300   M    M  10 12     10 280
 9  33  31  32   4  33   0 0.00    M    M  1.6  8 130   M    M  10 12     11 130
10  36  32  34   6  31   0 0.00    M    M  0.1  3 330   M    M  10 1       6  10
11  38  33  36   7  29   0    T    M    M  1.2  6 310   M    M  10 1       7 300
12  39  31  35   6  30   0 0.00    M    M  4.5  9 280   M    M   8 12     10 310
13  36  33  35   6  30   0 0.01    M    M  1.5  8 330   M    M  10 1       9 330
14  36  33  35   6  30   0    T    M    M  1.5  7 310   M    M  10 12      9  50
15  34  31  33   4  32   0 0.17    M    M  1.2  7 290   M    M  10 1       7 280
16  38  23  31   1  34   0 0.04    M    M  4.0 12  90   M    M   6 128    14  90
17  33  28  31   1  34   0 0.28    M    M  2.9  9 290   M    M  10 126    11 300
18  53  32  43  13  22   0 0.09    M    M  7.6 22 310   M    M   4 126    27 310
19  47  29  38   8  27   0 0.00    M    M  5.8 16 290   M    M   0 12     18 280
20  42  27  35   5  30   0 0.00    M    M  4.0  9 280   0    0   0        11 270
21  30  22  26  -4  39   0 0.00    M    M  2.2  7 290   M    M   8 128     8 270
22  37  29  33   2  32   0 0.01    M    M  2.1  7 130   M    M   9 1       9  90
23  37  34  36   5  29   0    T    M    M  2.6  8 120   M    M  10 128    11 110
24  41  34  38   7  27   0 0.00    M    M  2.3  8  80   M    M  10 12     10 120
================================================================================
SM  860  668       790   0  0.63    M     63.4            0    165
================================================================================
AV 35.8 27.8                               2.6 FASTST    0   0   7    MAX(MPH)
                                 MISC ---->  # 22 310               # 27  310
================================================================================
NOTES:
# LAST OF SEVERAL OCCURRENCES

COLUMN 17 PEAK WIND IN M.P.H.

PRELIMINARY LOCAL CLIMATOLOGICAL DATA (WS FORM: F-6) , PAGE 2

                                          STATION:  WENATCHEE WA PANGBORN FIELD
                                          MONTH:    JANUARY
                                          YEAR:     2015
                                          LATITUDE:   47 23 N
                                          LONGITUDE: 120 12 W

[TEMPERATURE DATA]      [PRECIPITATION DATA]       SYMBOLS USED IN COLUMN 16

AVERAGE MONTHLY: 31.8   TOTAL FOR MONTH:   0.63    1 = FOG OR MIST
DPTR FM NORMAL:   2.9   DPTR FM NORMAL:   -0.22    2 = FOG REDUCING VISIBILITY
HIGHEST:    53 ON 18    GRTST 24HR  0.37 ON 17-18      TO 1/4 MILE OR LESS
LOWEST:     12 ON  1                               3 = THUNDER
                        SNOW, ICE PELLETS, HAIL    4 = ICE PELLETS
                        TOTAL MONTH:    M          5 = HAIL
                        GRTST 24HR    M  ON   M    6 = FREEZING RAIN OR DRIZZLE
                        GRTST DEPTH:  M  ON   M    7 = DUSTSTORM OR SANDSTORM:
                                                       VSBY 1/2 MILE OR LESS
                                                   8 = SMOKE OR HAZE
[NO. OF DAYS WITH]      [WEATHER - DAYS WITH]      9 = BLOWING SNOW
                                                   X = TORNADO
MAX 32 OR BELOW:   5    0.01 INCH OR MORE:   7
MAX 90 OR ABOVE:   0    0.10 INCH OR MORE:   2
MIN 32 OR BELOW:  19    0.50 INCH OR MORE:   0
MIN  0 OR BELOW:   0    1.00 INCH OR MORE:   0

[HDD (BASE 65) ]
TOTAL THIS MO.   790    CLEAR  (SCALE 0-3)   5
DPTR FM NORMAL   -76    PTCLDY (SCALE 4-7)   5
TOTAL FM JUL 1  2826    CLOUDY (SCALE 8-10) 14
DPTR FM NORMAL  -560

[CDD (BASE 65) ]
TOTAL THIS MO.     0
DPTR FM NORMAL     0    [PRESSURE DATA]
TOTAL FM JAN 1     0    HIGHEST SLP  0.00 ON 20
DPTR FM NORMAL     0    LOWEST  SLP  0.00 ON M

[REMARKS]
