000
CXUS53 KMPX 191000
CF6EAU
PRELIMINARY LOCAL CLIMATOLOGICAL DATA (WS FORM: F-6)

                                          STATION:   EAU CLAIRE WI
                                          MONTH:     AUGUST
                                          YEAR:      2017
                                          LATITUDE:   44 52 N
                                          LONGITUDE:  91 29 W

  TEMPERATURE IN F:       :PCPN:    SNOW:  WIND      :SUNSHINE: SKY     :PK WND
================================================================================
1   2   3   4   5  6A  6B    7    8   9   10  11  12  13   14  15   16   17  18
                                     12Z  AVG MX 2MIN
DY MAX MIN AVG DEP HDD CDD  WTR  SNW DPTH SPD SPD DIR MIN PSBL S-S WX    SPD DR
================================================================================

 1  85  64  75   4   0  10 0.00  0.0    0  6.3 17 270   M    M   1 13     21 270
 2  82  60  71   0   0   6 0.00  0.0    0  6.6 13  50   M    M   3        17 360
 3  64  51  58 -13   7   0 0.49  0.0    0 11.4 20 340   M    M  10 1      29 330
 4  74  52  63  -8   2   0 0.03  0.0    0  9.6 26 330   M    M   8 1      33 320
 5  76  52  64  -7   1   0 0.04  0.0    0  4.6 15 260   M    M   1 1      21 300
 6  78  52  65  -6   0   0 0.25  0.0    0  3.3 30 200   M    M   4 123    35 200
 7  79  48  64  -7   1   0 0.00  0.0    0  2.8  9 300   M    M   3 12     13  30
 8  81  56  69  -1   0   4 0.00  0.0    0  6.1 15 280   M    M   1        20 260
 9  76  56  66  -4   0   1 0.21  0.0    0  6.2 17 180   M    M   5 13     23 200
10  73  60  67  -3   0   2 0.51  0.0    0  8.1 17 320   M    M   8 13     24 310
11  77  51  64  -6   1   0 0.00  0.0    0  6.9 16 340   M    M   4        22 340
12  79  47  63  -7   2   0 0.00  0.0    0  2.7 12 340   M    M   0 1      15 320
13  78  50  64  -6   1   0 0.00  0.0    0  3.7 14 180   M    M   3 12     18 180
14  71  60  66  -4   0   1 0.19  0.0    0  4.1 10 120   M    M   7 1      15 120
15  77  56  67  -3   0   2 0.00  0.0    0  5.6 10 120   M    M   4        15 120
16  81  61  71   1   0   6 1.25  0.0    0 11.2 25 100   M    M   6 1      36 100
17  74  64  69  -1   0   4 0.46  0.0    0 11.3 26 300   M    M   8 13     33 290
18  71  58  65  -4   0   0 0.00  0.0    0  6.0 15 320   M    M   2        20 280
================================================================================
SM 1376  998        15  36  3.43     0.0 116.5          M       78
================================================================================
AV 76.4 55.4                               6.5 FASTST   M    M   4    MAX(MPH)
                                 MISC ---->  # 30 200               # 36  100
================================================================================
NOTES:
# LAST OF SEVERAL OCCURRENCES

COLUMN 17 PEAK WIND IN M.P.H.

PRELIMINARY LOCAL CLIMATOLOGICAL DATA (WS FORM: F-6) , PAGE 2

                                          STATION:  EAU CLAIRE WI
                                          MONTH:    AUGUST
                                          YEAR:     2017
                                          LATITUDE:   44 52 N
                                          LONGITUDE:  91 29 W

[TEMPERATURE DATA]      [PRECIPITATION DATA]       SYMBOLS USED IN COLUMN 16

AVERAGE MONTHLY: 65.9   TOTAL FOR MONTH:   3.43    1 = FOG OR MIST
DPTR FM NORMAL:  -4.4   DPTR FM NORMAL:    0.73    2 = FOG REDUCING VISIBILITY
HIGHEST:    85 ON  1    GRTST 24HR  1.25 ON 16-16      TO 1/4 MILE OR LESS
LOWEST:     47 ON 12                               3 = THUNDER
                        SNOW, ICE PELLETS, HAIL    4 = ICE PELLETS
                        TOTAL MONTH:   0.0 INCH    5 = HAIL
                        GRTST 24HR     0.0         6 = FREEZING RAIN OR DRIZZLE
                        GRTST DEPTH:   0           7 = DUSTSTORM OR SANDSTORM:
                                                       VSBY 1/2 MILE OR LESS
                                                   8 = SMOKE OR HAZE
[NO. OF DAYS WITH]      [WEATHER - DAYS WITH]      9 = BLOWING SNOW
                                                   X = TORNADO
MAX 32 OR BELOW:   0    0.01 INCH OR MORE:   9
MAX 90 OR ABOVE:   0    0.10 INCH OR MORE:   7
MIN 32 OR BELOW:   0    0.50 INCH OR MORE:   2
MIN  0 OR BELOW:   0    1.00 INCH OR MORE:   1

[HDD (BASE 65) ]
TOTAL THIS MO.    15    CLEAR  (SCALE 0-3)   7
DPTR FM NORMAL     2    PTCLDY (SCALE 4-7)   9
TOTAL FM JUL 1    17    CLOUDY (SCALE 8-10)  2
DPTR FM NORMAL    -7

[CDD (BASE 65) ]
TOTAL THIS MO.    36
DPTR FM NORMAL   -68    [PRESSURE DATA]
TOTAL FM JAN 1   348    HIGHEST SLP M ON M
DPTR FM NORMAL  -122    LOWEST  SLP 29.46 ON 16

[REMARKS]
