000
CXUS53 KMPX 281000
CF6EAU
PRELIMINARY LOCAL CLIMATOLOGICAL DATA (WS FORM: F-6)

                                          STATION:   EAU CLAIRE WI
                                          MONTH:     DECEMBER
                                          YEAR:      2014
                                          LATITUDE:   44 52 N
                                          LONGITUDE:  91 29 W

  TEMPERATURE IN F:       :PCPN:    SNOW:  WIND      :SUNSHINE: SKY     :PK WND
================================================================================
1   2   3   4   5  6A  6B    7    8   9   10  11  12  13   14  15   16   17  18
                                     12Z  AVG MX 2MIN
DY MAX MIN AVG DEP HDD CDD  WTR  SNW DPTH SPD SPD DIR MIN PSBL S-S WX    SPD DR
================================================================================

 1   7  -7   0 -24  65   0 0.00  0.0    3  5.0 13 320   M    M   0        17 280
 2  23  -2  11 -13  54   0 0.01  0.2    3  9.2 17 210   M    M   7 1      21 200
 3  23   4  14  -9  51   0 0.00  0.0    3  7.1 17 290   M    M   0        23 280
 4  29   3  16  -7  49   0 0.00  0.0    3  6.4 16 150   M    M   7        18 140
 5  33  22  28   6  37   0 0.00  0.0    2  4.4 12 360   M    M  10 18     16 360
 6  32  13  23   1  42   0 0.00  0.0    2  2.4  9  60   M    M   1 128    11  60
 7  34  13  24   2  41   0    T    T    2  8.6 22 160   M    M   5 1      26 160
 8  34  25  30   9  35   0    T    T    2  9.4 17 320   M    M  10 12     22 320
 9  29  24  27   6  38   0 0.00  0.0    2  5.0 13 330   M    M  10        16 350
10  27  23  25   5  40   0 0.00  0.0    2  3.8  9 160   M    M  10 8      12 160
11  27  23  25   5  40   0    T    T    2  5.8 10 250   M    M  10 1      13 250
12  34  27  31  11  34   0 0.00  0.0    2  6.3 13 200   M    M  10 1      16 240
13  44  33  39  20  26   0 0.00  0.0    2  5.3 13 230   M    M  10 12     17 240
14  47  40  44  25  21   0 0.00  0.0    0  5.4 10 170   M    M  10 12     13 170
15  48  41  45  26  20   0 0.08  0.0    0  6.6 14 360   M    M  10 1      18  10
16  41  21  31  13  34   0 0.01  0.3    T 11.9 21 320   M    M  10 1      27 320
17  21  14  18   0  47   0    T    T    T  6.7 14 300   M    M   9        17 310
18  24  19  22   4  43   0 0.00  0.0    T  1.7  8 110   M    M  10         9 160
19  28  23  26   8  39   0    T    T    T  5.8  9 150   M    M  10        12 150
20  32  26  29  12  36   0    T    T    T  7.1 13 160   M    M  10 18     15 170
21  38  30  34  17  31   0 0.04    T    T  9.7 12 160   M    M  10 1       M  M
22  39  33  36  19  29   0 0.02    T    0 10.7 14 150   M    M  10 18      M  M
23  35  32  34  18  31   0 0.21  1.1    0  8.2 13 360   M    M  10 1      18  60
24  36  33  35  19  30   0    T    T    0  7.3 12 310   M    M  10        16 310
25  34  27  31  15  34   0    T    T    0  7.4 16 230   M    M   8 8      21 240
26  36  26  31  15  34   0 0.02  0.2    M  6.3 13 360   M    M   9 1      16  10
27  30  10  20   4  45   0 0.29  4.5    5  9.4 17 290   M    M   7 1      22 340
================================================================================
SM  865  576      1026   0  0.68     6.3 182.9          M      223
================================================================================
AV 32.0 21.3                               6.8 FASTST   M    M   8    MAX(MPH)
                                 MISC ---->  # 22 160               # 27  320
================================================================================
NOTES:
# LAST OF SEVERAL OCCURRENCES

COLUMN 17 PEAK WIND IN M.P.H.

PRELIMINARY LOCAL CLIMATOLOGICAL DATA (WS FORM: F-6) , PAGE 2

                                          STATION:  EAU CLAIRE WI
                                          MONTH:    DECEMBER
                                          YEAR:     2014
                                          LATITUDE:   44 52 N
                                          LONGITUDE:  91 29 W

[TEMPERATURE DATA]      [PRECIPITATION DATA]       SYMBOLS USED IN COLUMN 16

AVERAGE MONTHLY: 26.7   TOTAL FOR MONTH:   0.68    1 = FOG OR MIST
DPTR FM NORMAL:   7.4   DPTR FM NORMAL:   -0.22    2 = FOG REDUCING VISIBILITY
HIGHEST:    48 ON 15    GRTST 24HR  0.33 ON 26-27      TO 1/4 MILE OR LESS
LOWEST:     -7 ON  1                               3 = THUNDER
                        SNOW, ICE PELLETS, HAIL    4 = ICE PELLETS
                        TOTAL MONTH:   6.3 INCHES  5 = HAIL
                        GRTST 24HR   4.5 ON 27-27  6 = FREEZING RAIN OR DRIZZLE
                        GRTST DEPTH:   5 ON 27     7 = DUSTSTORM OR SANDSTORM:
                                                       VSBY 1/2 MILE OR LESS
                                                   8 = SMOKE OR HAZE
[NO. OF DAYS WITH]      [WEATHER - DAYS WITH]      9 = BLOWING SNOW
                                                   X = TORNADO
MAX 32 OR BELOW:  13    0.01 INCH OR MORE:   8
MAX 90 OR ABOVE:   0    0.10 INCH OR MORE:   2
MIN 32 OR BELOW:  22    0.50 INCH OR MORE:   0
MIN  0 OR BELOW:   2    1.00 INCH OR MORE:   0

[HDD (BASE 65) ]
TOTAL THIS MO.  1026    CLEAR  (SCALE 0-3)   3
DPTR FM NORMAL  -206    PTCLDY (SCALE 4-7)   5
TOTAL FM JUL 1  2998    CLOUDY (SCALE 8-10) 19
DPTR FM NORMAL    20

[CDD (BASE 65) ]
TOTAL THIS MO.     0
DPTR FM NORMAL     0    [PRESSURE DATA]
TOTAL FM JAN 1   500    HIGHEST SLP M ON M
DPTR FM NORMAL   -79    LOWEST  SLP 29.60 ON 25

[REMARKS]
