000
CXUS55 KEAX 200736
CF6EAX
PRELIMINARY LOCAL CLIMATOLOGICAL DATA (WS FORM: F-6)

                                          STATION:   Pleasant Hill NWS MO
                                          MONTH:     DECEMBER
                                          YEAR:      2014
                                          LATITUDE:   38 48 N
                                          LONGITUDE:  94 16 W

  TEMPERATURE IN F:       :PCPN:    SNOW:  WIND      :SUNSHINE: SKY     :PK WND
================================================================================
1   2   3   4   5  6A  6B    7    8   9   10  11  12  13   14  15   16   17  18
                                     12Z  AVG MX 2MIN
DY MAX MIN AVG DEP HDD CDD  WTR  SNW DPTH SPD SPD DIR MIN PSBL S-S WX    SPD DR
================================================================================

 1  26  16  21 -16  44   0 0.00  0.0    0   M   M   M   0    0   0         0   0
 2  35  18  27  -9  38   0    T    T    0   M   M   M   0    0   0         0   0
 3  43  23  33  -3  32   0 0.00  0.0    0   M   M   M   0    0   0         0   0
 4  40  33  37   2  28   0    T  0.0    0   M   M   M   0    0   0         0   0
 5  44  38  41   6  24   0 0.94  0.0    0   M   M   M   0    0   0 1       0   0
 6  40  32  36   2  29   0 0.01  0.0    0   M   M   M   0    0   0         0   0
 7  41  32  37   3  28   0 0.01  0.0    0   M   M   M   0    0   0         0   0
 8  52  38  45  11  20   0    T  0.0    0   M   M   M   0    0   0         0   0
 9  38  25  32  -1  33   0 0.00  0.0    0   M   M   M   0    0   0         0   0
10  33  24  29  -4  36   0 0.09  0.0    0   M   M   M   0    0   0         0   0
11  38  32  35   2  30   0 0.01  0.0    0   M   M   M   0    0   0         0   0
12  54  37  46  14  19   0 0.00  0.0    0   M   M   M   0    0   0         0   0
13  53  44  49  17  16   0    T  0.0    0   M   M   M   0    0   0         0   0
14  62  49  56  24   9   0 0.69  0.0    0   M   M   M   0    0   0         0   0
15  52  33  43  11  22   0 0.05  0.0    0   M   M   M   0    0   0         0   0
16  33  25  29  -2  36   0    T  0.0    0   M   M   M   0    0   0         0   0
17  30  22  26  -5  39   0 0.01  0.1    0   M   M   M   0    0   0         0   0
18  32  27  30  -1  35   0 0.09  1.2    1   M   M   M   0    0   0         0   0
19  33  30  32   1  33   0    T  0.0    0   M   M   M   0    0   0         0   0
================================================================================
SM  779  578       551   0  1.90     1.3     M            0      0
================================================================================
AV 41.0 30.4                                 M FASTST    0   0   0    MAX(MPH)
                                 MISC ---->     M   M               #  0    0
================================================================================
NOTES:
# LAST OF SEVERAL OCCURRENCES

COLUMN 17 PEAK WIND IN M.P.H.

PRELIMINARY LOCAL CLIMATOLOGICAL DATA (WS FORM: F-6) , PAGE 2

                                          STATION:  Pleasant Hill NWS MO
                                          MONTH:    DECEMBER
                                          YEAR:     2014
                                          LATITUDE:   38 48 N
                                          LONGITUDE:  94 16 W

[TEMPERATURE DATA]      [PRECIPITATION DATA]       SYMBOLS USED IN COLUMN 16

AVERAGE MONTHLY: 35.7   TOTAL FOR MONTH:   1.90    1 = FOG OR MIST
DPTR FM NORMAL:   2.4   DPTR FM NORMAL:    0.64    2 = FOG REDUCING VISIBILITY
HIGHEST:    62 ON 14    GRTST 24HR  0.94 ON  5- 5      TO 1/4 MILE OR LESS
LOWEST:     16 ON  1                               3 = THUNDER
                        SNOW, ICE PELLETS, HAIL    4 = ICE PELLETS
                        TOTAL MONTH:   1.3 INCHES  5 = HAIL
                        GRTST 24HR   1.2 ON   M    6 = FREEZING RAIN OR DRIZZLE
                        GRTST DEPTH:   1 ON 18     7 = DUSTSTORM OR SANDSTORM:
                                                       VSBY 1/2 MILE OR LESS
                                                   8 = SMOKE OR HAZE
[NO. OF DAYS WITH]      [WEATHER - DAYS WITH]      9 = BLOWING SNOW
                                                   X = TORNADO
MAX 32 OR BELOW:   3    0.01 INCH OR MORE:   9
MAX 90 OR ABOVE:   0    0.10 INCH OR MORE:   2
MIN 32 OR BELOW:  12    0.50 INCH OR MORE:   2
MIN  0 OR BELOW:   0    1.00 INCH OR MORE:   0

[HDD (BASE 65) ]
TOTAL THIS MO.   551    CLEAR  (SCALE 0-3)  19
DPTR FM NORMAL   -51    PTCLDY (SCALE 4-7)   0
TOTAL FM JUL 1  1678    CLOUDY (SCALE 8-10)  0
DPTR FM NORMAL    91

[CDD (BASE 65) ]
TOTAL THIS MO.     0
DPTR FM NORMAL     0    [PRESSURE DATA]
TOTAL FM JAN 1  1130    HIGHEST SLP  0.00 ON M
DPTR FM NORMAL  -168    LOWEST  SLP  0.00 ON M

[REMARKS]
