000
CXUS51 KAKQ 311010
CF6ECG
PRELIMINARY LOCAL CLIMATOLOGICAL DATA (WS FORM: F-6)

                                          STATION:   ELIZABETH CITY NC
                                          MONTH:     JULY
                                          YEAR:      2015
                                          LATITUDE:   36 16 N
                                          LONGITUDE:  76 11 W

  TEMPERATURE IN F:       :PCPN:    SNOW:  WIND      :SUNSHINE: SKY     :PK WND
================================================================================
1   2   3   4   5  6A  6B    7    8   9   10  11  12  13   14  15   16   17  18
                                     12Z  AVG MX 2MIN
DY MAX MIN AVG DEP HDD CDD  WTR  SNW DPTH SPD SPD DIR MIN PSBL S-S WX    SPD DR
================================================================================

 1  86  71  79   1   0  14    T  0.0    0  8.1 17 210   M    M   0 18     21 210
 2  87  72  80   2   0  15 0.03  0.0    0  8.5 24 330   M    M   3 138    29 330
 3  84  71  78   0   0  13 2.43  0.0    0  7.0 26  40   M    M   7 13     30  40
 4  87  73  80   2   0  15 0.06  0.0    0 10.8 20 230   M    M   5 1      24 260
 5  87  73  80   2   0  15 0.03  0.0    0  6.7 18 270   M    M   2 138    24 270
 6  87  71  79   0   0  14    T  0.0    0  8.1 18 170   M    M   2 18     23 160
 7  90  75  83   4   0  18 0.00  0.0    0 10.7 16 220   M    M   0        20 200
 8  89  76  83   4   0  18    T  0.0    0 11.5 22 220   M    M   0 3      28 210
 9  92  73  83   4   0  18 0.05  0.0    0 10.4 24 240   M    M   0 3      32 240
10  92  73  83   4   0  18 0.60  0.0    0  8.9 29 350   M    M   3 138    39 330
11  87  72  80   1   0  15 1.88  0.0    0  5.8 26 150   M    M   4 13     38 140
12  83  70  77  -2   0  12 0.00  0.0    0  9.6 16  40   M    M   7        19  40
13  81  69  75  -4   0  10 0.04  0.0    0  5.8 17 200   M    M   5 13     22 230
14  87  70  79   0   0  14 0.07  0.0    0  8.6 15 200   M    M   2 1      20 220
15  88  71  80   1   0  15 0.00  0.0    0  8.9 16 300   M    M   1        24 250
16  82  71  77  -2   0  12 0.00  0.0    0  9.3 16  30   M    M   4        19  30
17  84  70  77  -2   0  12    T  0.0    0  6.9 14 110   M    M   1        18 130
18  90  68  79   0   0  14 0.08  0.0    0  5.0 23 270   M    M   2 13     28 280
19  91  72  82   3   0  17 0.00  0.0    0  6.6 12 200   M    M   1        15 200
20  93  74  84   5   0  19    T  0.0    0  8.9 22 210   M    M   1 3      26 200
21  93  77  85   6   0  20 0.09  0.0    0  9.3 28 340   M    M   2 13     35 340
22  85  70  78  -1   0  13 0.00  0.0    0  6.9 13  50   M    M   2 1      16  50
23  85  69  77  -2   0  12 0.04  0.0    0  3.6 12 100   M    M   5        14 110
24  85  65  75  -4   0  10    T  0.0    0  8.9 17  30   M    M   5        20  30
25  85  62  74  -5   0   9 0.00  0.0    0  5.3 12  60   M    M   0        15  50
26  86  60  73  -6   0   8 0.00  0.0    0  5.5 14 120   M    M   0 1      17 130
27  86  70  78  -1   0  13 0.00  0.0    0  4.8 15 110   M    M   0        17 110
28  88  70  79   0   0  14 0.00  0.0    0  4.5 13 130   M    M   2        16 130
29  88  70  79   0   0  14 0.00  0.0    0  6.7 16 120   M    M   0 1      23 140
30  90  71  81   2   0  16 0.00  0.0    0  6.4 17 200   M    M   1 1      22 200
================================================================================
SM 2618 2119         0 427  5.40     0.0 228.0          M       67
================================================================================
AV 87.3 70.6                               7.6 FASTST   M    M   2    MAX(MPH)
                                 MISC ---->  # 29 350               # 39  330
================================================================================
NOTES:
# LAST OF SEVERAL OCCURRENCES

COLUMN 17 PEAK WIND IN M.P.H.

PRELIMINARY LOCAL CLIMATOLOGICAL DATA (WS FORM: F-6) , PAGE 2

                                          STATION:  ELIZABETH CITY NC
                                          MONTH:    JULY
                                          YEAR:     2015
                                          LATITUDE:   36 16 N
                                          LONGITUDE:  76 11 W

[TEMPERATURE DATA]      [PRECIPITATION DATA]       SYMBOLS USED IN COLUMN 16

AVERAGE MONTHLY: 78.9   TOTAL FOR MONTH:   5.40    1 = FOG OR MIST
DPTR FM NORMAL:   0.1   DPTR FM NORMAL:   -0.06    2 = FOG REDUCING VISIBILITY
HIGHEST:    93 ON 21,20 GRTST 24HR  2.46 ON  2- 3      TO 1/4 MILE OR LESS
LOWEST:     60 ON 26                               3 = THUNDER
                        SNOW, ICE PELLETS, HAIL    4 = ICE PELLETS
                        TOTAL MONTH:   0.0 INCH    5 = HAIL
                        GRTST 24HR     0.0         6 = FREEZING RAIN OR DRIZZLE
                        GRTST DEPTH:   0           7 = DUSTSTORM OR SANDSTORM:
                                                       VSBY 1/2 MILE OR LESS
                                                   8 = SMOKE OR HAZE
[NO. OF DAYS WITH]      [WEATHER - DAYS WITH]      9 = BLOWING SNOW
                                                   X = TORNADO
MAX 32 OR BELOW:   0    0.01 INCH OR MORE:  12
MAX 90 OR ABOVE:   8    0.10 INCH OR MORE:   3
MIN 32 OR BELOW:   0    0.50 INCH OR MORE:   3
MIN  0 OR BELOW:   0    1.00 INCH OR MORE:   2

[HDD (BASE 65) ]
TOTAL THIS MO.     0    CLEAR  (SCALE 0-3)  22
DPTR FM NORMAL     0    PTCLDY (SCALE 4-7)   8
TOTAL FM JUL 1     0    CLOUDY (SCALE 8-10)  0
DPTR FM NORMAL     0

[CDD (BASE 65) ]
TOTAL THIS MO.   427
DPTR FM NORMAL    12    [PRESSURE DATA]
TOTAL FM JAN 1  1040    HIGHEST SLP M ON M
DPTR FM NORMAL   147    LOWEST  SLP 29.58 ON M

[REMARKS]
