000
CXUS51 KAKQ 301010
CF6ECG
PRELIMINARY LOCAL CLIMATOLOGICAL DATA (WS FORM: F-6)

                                          STATION:   ELIZABETH CITY NC
                                          MONTH:     APRIL
                                          YEAR:      2016
                                          LATITUDE:   36 16 N
                                          LONGITUDE:  76 11 W

  TEMPERATURE IN F:       :PCPN:    SNOW:  WIND      :SUNSHINE: SKY     :PK WND
================================================================================
1   2   3   4   5  6A  6B    7    8   9   10  11  12  13   14  15   16   17  18
                                     12Z  AVG MX 2MIN
DY MAX MIN AVG DEP HDD CDD  WTR  SNW DPTH SPD SPD DIR MIN PSBL S-S WX    SPD DR
================================================================================

 1  81  68  75  20   0  10 0.12  0.0    0 14.0 28 220   M    M   5 1      37 230
 2  69  54  62   7   3   0 0.42  0.0    0 12.1 29 330   M    M   7 1      35 340
 3  58  42  50  -5  15   0 0.00  0.0    0 12.9 31 300   M    M   0        42 290
 4  75  50  63   7   2   0 0.00  0.0    0 15.6 26 200   M    M   0        32 230
 5  58  38  48  -8  17   0    T    M    0 19.4 33 350   M    M   4        43 360
 6  58  28  43 -13  22   0    T    M    0  7.9 16 180   M    M   1        23  80
 7  71  52  62   6   3   0 0.05  0.0    0 15.0 32 220   M    M   5 1      40 220
 8  64  45  55  -2  10   0 0.00  0.0    0 10.2 22 280   M    M   3        29 290
 9  55  36  46 -11  19   0    T  0.0    0 16.3 37 280   M    M   3        51 280
10  52  31  42 -15  23   0 0.00  0.0    0  8.2 16 340   M    M   0        20 140
11  73  44  59   1   6   0 0.00  0.0    0 10.6 22 200   M    M   1        30 170
12  62  53  58   0   7   0 0.77  0.0    0  9.4 23  30   M    M   7 1      28  30
13  55  45  50  -8  15   0 0.00  0.0    0 15.9 25  30   M    M   3        33  30
14  58  42  50  -8  15   0 0.00  0.0    0 14.7 23  40   M    M   1        30  40
15  60  47  54  -5  11   0 0.00  0.0    0 15.3 25  40   M    M   0        31  40
16  61  42  52  -7  13   0 0.00  0.0    0 12.8 23  40   M    M   0        28  40
17  63  41  52  -7  13   0 0.00  0.0    0 12.7 26  30   M    M   0        33  30
18  83  39  61   2   4   0 0.00  0.0    0  5.4 13 200   M    M   0        14 190
19  86  49  68   8   0   3 0.00  0.0    0  7.6 18  50   M    M   0        26  60
20  65  48  57  -3   8   0 0.00  0.0    0 11.6 23  30   M    M   1        27  30
21  77  43  60   0   5   0 0.00  0.0    0  9.2 18 180   M    M   2        25 200
22  79  61  70  10   0   5 1.12  0.0    0 10.2 25 220   M    M   5 13     33 230
23  75  54  65   4   0   0 0.70  0.0    0  7.6 25 330   M    M   6 123    29 360
24  64  48  56  -5   9   0 0.00  0.0    0  9.6 17  40   M    M   0        22  20
25  77  45  61   0   4   0 0.00  0.0    0  9.3 17 210   M    M   0        24 190
26  82  60  71  10   0   6 0.00  0.0    0 14.8 22 200   M    M   0        29 250
27  82  58  70   8   0   5 0.38  0.0    0 11.3 20 310   M    M   3 13     25 230
28  72  57  65   3   0   0 0.48  0.0    0  6.6 15  40   M    M   8 1      17  40
29  65  54  60  -2   5   0 0.00  0.0    0  9.9 17 350   M    M  10 1      21 360
================================================================================
SM 1980 1374       229  29  4.04     0.0 336.1          M       75
================================================================================
AV 68.3 47.4                              11.6 FASTST   M    M   3    MAX(MPH)
                                 MISC ---->  # 37 280               # 51  280
================================================================================
NOTES:
# LAST OF SEVERAL OCCURRENCES

COLUMN 17 PEAK WIND IN M.P.H.

PRELIMINARY LOCAL CLIMATOLOGICAL DATA (WS FORM: F-6) , PAGE 2

                                          STATION:  ELIZABETH CITY NC
                                          MONTH:    APRIL
                                          YEAR:     2016
                                          LATITUDE:   36 16 N
                                          LONGITUDE:  76 11 W

[TEMPERATURE DATA]      [PRECIPITATION DATA]       SYMBOLS USED IN COLUMN 16

AVERAGE MONTHLY: 57.8   TOTAL FOR MONTH:   4.04    1 = FOG OR MIST
DPTR FM NORMAL:  -0.7   DPTR FM NORMAL:    0.99    2 = FOG REDUCING VISIBILITY
HIGHEST:    86 ON 19    GRTST 24HR  1.76 ON 22-23      TO 1/4 MILE OR LESS
LOWEST:     28 ON  6                               3 = THUNDER
                        SNOW, ICE PELLETS, HAIL    4 = ICE PELLETS
                        TOTAL MONTH:   0.0 INCH    5 = HAIL
                        GRTST 24HR     0.0         6 = FREEZING RAIN OR DRIZZLE
                        GRTST DEPTH:   0           7 = DUSTSTORM OR SANDSTORM:
                                                       VSBY 1/2 MILE OR LESS
                                                   8 = SMOKE OR HAZE
[NO. OF DAYS WITH]      [WEATHER - DAYS WITH]      9 = BLOWING SNOW
                                                   X = TORNADO
MAX 32 OR BELOW:   0    0.01 INCH OR MORE:   8
MAX 90 OR ABOVE:   0    0.10 INCH OR MORE:   7
MIN 32 OR BELOW:   2    0.50 INCH OR MORE:   3
MIN  0 OR BELOW:   0    1.00 INCH OR MORE:   1

[HDD (BASE 65) ]
TOTAL THIS MO.   229    CLEAR  (SCALE 0-3)  18
DPTR FM NORMAL    10    PTCLDY (SCALE 4-7)  10
TOTAL FM JUL 1  2417    CLOUDY (SCALE 8-10)  1
DPTR FM NORMAL  -739

[CDD (BASE 65) ]
TOTAL THIS MO.    29
DPTR FM NORMAL    -6    [PRESSURE DATA]
TOTAL FM JAN 1    55    HIGHEST SLP M ON M
DPTR FM NORMAL    13    LOWEST  SLP 29.47 ON  2

[REMARKS]
