516
CXUS54 KEWX 240910
CF6ECU
PRELIMINARY LOCAL CLIMATOLOGICAL DATA (WS FORM: F-6)

                                          STATION:   Edwards County Airport
                                          MONTH:     AUGUST
                                          YEAR:      2016
                                          LATITUDE:   29 57 N
                                          LONGITUDE: 100 10 W

  TEMPERATURE IN F:       :PCPN:    SNOW:  WIND      :SUNSHINE: SKY     :PK WND
================================================================================
1   2   3   4   5  6A  6B    7    8   9   10  11  12  13   14  15   16   17  18
                                     12Z  AVG MX 2MIN
DY MAX MIN AVG DEP HDD CDD  WTR  SNW DPTH SPD SPD DIR MIN PSBL S-S WX    SPD DR
================================================================================

 1  95  72  84   M   0  19 0.00    M    0 12.9 17 150   M    M   1 18     25 150
 2  97  72  85   M   0  20 0.00  0.0    0 10.7 15 160   M    M   1        21 150
 3  97  72  85   M   0  20 0.00  0.0    0  7.8 13 150   M    M   0        18 150
 4  97  72  85   M   0  20 0.00    M    0  9.1 16 160   M    M   0        21 180
 5  97  72  85   M   0  20 0.00  0.0    0  9.7 13 150   M    M   0        18 140
 6  97  73  85   M   0  20 0.00  0.0    0  9.9 14 160   M    M   1        20 130
 7  97  75  86   M   0  21 0.00  0.0    0 10.2 14 140   M    M   2        21 140
 8  99  73  86   M   0  21 0.00  0.0    0 10.2 15 160   M    M   0        20 160
 9  99  73  86   M   0  21 0.00  0.0    0 10.4 17 150   M    M   0        21 150
10  99  73  86   M   0  21 0.00  0.0    0 10.5 16 160   M    M   1        21 150
11  99  73  86   M   0  21 0.00  0.0    0  9.3 16 150   M    M   0        22 150
12  99  73  86   M   0  21 0.00  0.0    0  8.0 17  60   M    M   2        29  60
13  86  72  79   M   0  14 0.00  0.0    0  5.4 10  30   M    M   3        20  20
14  88  72  80   M   0  15 0.00  0.0    0  5.4 13 360   M    M   7        23 360
15  82  68  75   M   0  10 0.00  0.0    0  5.6 14  60   M    M   5        22  70
16  81  68  75   M   0  10 0.13    M    0  5.3  9  50   M    M   8 1       M  M
17  82  72  77   M   0  12 0.02    M    0  6.4 12 100   M    M   7 1      17 100
18  86  72  79   M   0  14 0.01  0.0    0  9.7 14 170   M    M   5        18 150
19  88  72  80   M   0  15 0.66  0.0    0  9.3 14 150   M    M   7        22 170
20  82  70  76   M   0  11 0.96  0.0    0  7.1 12 140   M    M   8 1      17 130
21  82  70  76   M   0  11 0.02  0.0    0  7.2 10 120   M    M   8 1       M  M
22  88  70  79   M   0  14 0.09  0.0    0  9.2 17 170   M    M   7 1      25 170
23  90  73  82   M   0  17 0.00  0.0    0 15.4 21 160   M    M   3 8      27 150
================================================================================
SM 2107 1652         0 388  1.89     0.0 204.7          M       76
================================================================================
AV 91.6 71.8                               8.9 FASTST   M    M   3    MAX(MPH)
                                 MISC ---->    21   M                 29    M
================================================================================
NOTES:
# LAST OF SEVERAL OCCURRENCES

COLUMN 17 PEAK WIND IN M.P.H.

PRELIMINARY LOCAL CLIMATOLOGICAL DATA (WS FORM: F-6) , PAGE 2

                                          STATION:  Edwards County Airport
                                          MONTH:    AUGUST
                                          YEAR:     2016
                                          LATITUDE:   29 57 N
                                          LONGITUDE: 100 10 W

[TEMPERATURE DATA]      [PRECIPITATION DATA]       SYMBOLS USED IN COLUMN 16

AVERAGE MONTHLY: 81.7   TOTAL FOR MONTH:   1.89    1 = FOG OR MIST
DPTR FM NORMAL:     M   DPTR FM NORMAL:       M    2 = FOG REDUCING VISIBILITY
HIGHEST:    99 ON 12,11 GRTST 24HR  0.96 ON 20-20      TO 1/4 MILE OR LESS
LOWEST:     68 ON 16,15                            3 = THUNDER
                        SNOW, ICE PELLETS, HAIL    4 = ICE PELLETS
                        TOTAL MONTH:   0.0 INCH    5 = HAIL
                        GRTST 24HR     0.0         6 = FREEZING RAIN OR DRIZZLE
                        GRTST DEPTH:   0           7 = DUSTSTORM OR SANDSTORM:
                                                       VSBY 1/2 MILE OR LESS
                                                   8 = SMOKE OR HAZE
[NO. OF DAYS WITH]      [WEATHER - DAYS WITH]      9 = BLOWING SNOW
                                                   X = TORNADO
MAX 32 OR BELOW:   0    0.01 INCH OR MORE:   7
MAX 90 OR ABOVE:  13    0.10 INCH OR MORE:   3
MIN 32 OR BELOW:   0    0.50 INCH OR MORE:   2
MIN  0 OR BELOW:   0    1.00 INCH OR MORE:   0

[HDD (BASE 65) ]
TOTAL THIS MO.     0    CLEAR  (SCALE 0-3)  14
DPTR FM NORMAL     M    PTCLDY (SCALE 4-7)   8
TOTAL FM JUL 1     0    CLOUDY (SCALE 8-10)  1
DPTR FM NORMAL     M

[CDD (BASE 65) ]
TOTAL THIS MO.   388
DPTR FM NORMAL     M    [PRESSURE DATA]
TOTAL FM JAN 1  1810    HIGHEST SLP M ON M
DPTR FM NORMAL     M    LOWEST  SLP M ON M

[REMARKS]
