000
CXUS55 KVEF 290940
CF6EED
PRELIMINARY LOCAL CLIMATOLOGICAL DATA (WS FORM: F-6)

                                          STATION:   NEEDLES CA
                                          MONTH:     AUGUST
                                          YEAR:      2015
                                          LATITUDE:   34 46 N
                                          LONGITUDE: 114 37 W

  TEMPERATURE IN F:       :PCPN:    SNOW:  WIND      :SUNSHINE: SKY     :PK WND
================================================================================
1   2   3   4   5  6A  6B    7    8   9   10  11  12  13   14  15   16   17  18
                                     12Z  AVG MX 2MIN
DY MAX MIN AVG DEP HDD CDD  WTR  SNW DPTH SPD SPD DIR MIN PSBL S-S WX    SPD DR
================================================================================

 1 100  88  94  -2   0  29    T  0.0    0  7.4 16 110   M    M   1        20 100
 2 111  81  96   0   0  31 0.00  0.0    0  6.1 16 250   M    M   0        20 230
 3 113  86 100   4   0  35 0.00  0.0    0  7.9 21 270   M    M   0        27 240
 4 113  85  99   3   0  34 0.00  0.0    0  8.5 24 250   M    M   0        31 240
 5 115  84 100   4   0  35 0.00  0.0    0  8.3 17 240   M    M   0        22 200
 6 113  82  98   2   0  33    T  0.0    0  9.7 36 230   M    M   0 3      47 230
 7 108  79  94  -2   0  29    T  0.0    0  8.6 21 240   M    M   1 3      26 240
 8 107  80  94  -2   0  29 0.00  0.0    0  8.0 20 190   M    M   0        24 200
 9 109  81  95  -1   0  30 0.00  0.0    0  5.9 20 170   M    M   1        25 160
10 109  87  98   2   0  33 0.00  0.0    0  7.6 20 210   M    M   0        25 220
11 109  87  98   2   0  33 0.00  0.0    0  7.4 22 160   M    M   2        34 160
12 109  87  98   3   0  33    T  0.0    0  5.2 23 150   M    M   1        27 140
13 115  89 102   7   0  37 0.00  0.0    0  5.4 22  20   M    M   0        26  30
14 116  89 103   8   0  38 0.00  0.0    0  7.2 31 110   M    M   0 3      37 110
15 117  88 103   8   0  38 0.00  0.0    0  7.1 17 260   M    M   0        24 270
16 118  91 105  10   0  40 0.00  0.0    0  7.5 21 250   M    M   0        24 250
17 114  93 104   9   0  39 0.00  0.0    0 11.2 25 200   M    M   0        32 200
18 112  87 100   5   0  35 0.00  0.0    0  7.1 15 190   M    M   0        19 190
19 113  89 101   6   0  36 0.00  0.0    0  8.7 17 200   M    M   0        22 200
20 109  87  98   4   0  33 0.00  0.0    0 10.7 22 190   M    M   0        27 200
21 108  87  98   4   0  33 0.00  0.0    0 11.9 24 200   M    M   0        32 210
22 109  88  99   5   0  34 0.00  0.0    0 10.6 21 200   M    M   0        24 210
23 111  87  99   5   0  34 0.00  0.0    0  7.3 16 220   M    M   0        19 220
24 113  86 100   6   0  35 0.00  0.0    0  6.0 15 260   M    M   0        20 270
25 103  90  97   3   0  32    T  0.0    0  6.9 22 100   M    M   1        27 100
26 105  85  95   1   0  30 0.00  0.0    0  3.4 13 100   M    M   0        17  60
27 110  90 100   7   0  35 0.00  0.0    0  5.4 18 290   M    M   0 3      20 340
28 112  87 100   7   0  35 0.00  0.0    0  5.5 13 250   M    M   0        16  80
================================================================================
SM 3101 2420         0 948    T      0.0 212.5          M        7
================================================================================
AV110.8 86.4                               7.6 FASTST   M    M   0    MAX(MPH)
                                 MISC ---->  # 36 230               # 47  230
================================================================================
NOTES:
# LAST OF SEVERAL OCCURRENCES

COLUMN 17 PEAK WIND IN M.P.H.

PRELIMINARY LOCAL CLIMATOLOGICAL DATA (WS FORM: F-6) , PAGE 2

                                          STATION:  NEEDLES CA
                                          MONTH:    AUGUST
                                          YEAR:     2015
                                          LATITUDE:   34 46 N
                                          LONGITUDE: 114 37 W

[TEMPERATURE DATA]      [PRECIPITATION DATA]       SYMBOLS USED IN COLUMN 16

AVERAGE MONTHLY: 98.6   TOTAL FOR MONTH:      T    1 = FOG OR MIST
DPTR FM NORMAL:   3.6   DPTR FM NORMAL:   -0.42    2 = FOG REDUCING VISIBILITY
HIGHEST:   118 ON 16    GRTST 24HR    T  ON 25-25      TO 1/4 MILE OR LESS
LOWEST:     79 ON  7                               3 = THUNDER
                        SNOW, ICE PELLETS, HAIL    4 = ICE PELLETS
                        TOTAL MONTH:   0.0 INCH    5 = HAIL
                        GRTST 24HR     0.0         6 = FREEZING RAIN OR DRIZZLE
                        GRTST DEPTH:   0           7 = DUSTSTORM OR SANDSTORM:
                                                       VSBY 1/2 MILE OR LESS
                                                   8 = SMOKE OR HAZE
[NO. OF DAYS WITH]      [WEATHER - DAYS WITH]      9 = BLOWING SNOW
                                                   X = TORNADO
MAX 32 OR BELOW:   0    0.01 INCH OR MORE:   0
MAX 90 OR ABOVE:  28    0.10 INCH OR MORE:   0
MIN 32 OR BELOW:   0    0.50 INCH OR MORE:   0
MIN  0 OR BELOW:   0    1.00 INCH OR MORE:   0

[HDD (BASE 65) ]
TOTAL THIS MO.     0    CLEAR  (SCALE 0-3)  28
DPTR FM NORMAL     0    PTCLDY (SCALE 4-7)   0
TOTAL FM JUL 1     0    CLOUDY (SCALE 8-10)  0
DPTR FM NORMAL     0

[CDD (BASE 65) ]
TOTAL THIS MO.   948
DPTR FM NORMAL   107    [PRESSURE DATA]
TOTAL FM JAN 1  3821    HIGHEST SLP M ON M
DPTR FM NORMAL   402    LOWEST  SLP 29.52 ON 20

[REMARKS]
