000
CXUS56 KEKA 211230
CF6EKA
PRELIMINARY LOCAL CLIMATOLOGICAL DATA (WS FORM: F-6)

                                          STATION:   EUREKA CA
                                          MONTH:     AUGUST
                                          YEAR:      2014
                                          LATITUDE:   40 47 N
                                          LONGITUDE: 124 10 W

  TEMPERATURE IN F:       :PCPN:    SNOW:  WIND      :SUNSHINE: SKY     :PK WND
================================================================================
1   2   3   4   5  6A  6B    7    8   9   10  11  12  13   14  15   16   17  18
                                     12Z  AVG MX 2MIN
DY MAX MIN AVG DEP HDD CDD  WTR  SNW DPTH SPD SPD DIR MIN PSBL S-S WX    SPD DR
================================================================================

 1  61  55  58   0   7   0    T  0.0    0  4.0  9  10   M    M  10 1      14  M
 2  62  55  59   1   6   0 0.00  0.0    0  5.1 13  10   M    M  10 1      14 360
 3  63  54  59   1   6   0    T  0.0    0  6.4 12 280   M    M  10 1      15 280
 4  61  55  58   0   7   0    T  0.0    0  6.1 12 240   M    M  10 1      18 230
 5  62  54  58  -1   7   0    T  0.0    0  5.0 10 240   M    M  10 1      16 260
 6  61  53  57  -2   8   0    T  0.0    0  3.6 12 360   M    M  10 2      16  M
 7  63  54  59   0   6   0    T  0.0    0  4.5 12 310   M    M   8 1      15  M
 8  64  55  60   1   5   0 0.00  0.0    0  4.2  9 320   M    M   5        14  M
 9  60  54  57  -2   8   0 0.00  0.0    0  5.6 12 280   M    M   9 1      14  M
10  62  52  57  -2   8   0    T  0.0    0  6.1 14 240   M    M   9 1      24  M
11  60  52  56  -3   9   0    T  0.0    0  4.4  9 280   M    M   9 1      13  M
12  66  52  59   0   6   0 0.00  0.0    0  4.8 13 260   M    M  10 1      18  M
13  66  55  61   2   4   0    T  0.0    0  4.0  7 330   M    M   8 2      14  M
14  67  55  61   2   4   0 0.00  0.0    0  5.4 12 340   M    M   6 1      20 330
15  67  57  62   3   3   0 0.00  0.0    0  2.8  9  10   M    M   9 1      14  M
16  62  56  59   0   6   0    T  0.0    0  3.8 12 290   M    M  10 1      12 290
17  64  55  60   1   5   0 0.01  0.0    0  3.4 12 270   M    M  10 1      13  M
18  62  55  59   0   6   0 0.00  0.0    0  4.3 10 300   M    M  10 1      15 300
19  65  54  60   1   5   0    T  0.0    0  3.7 16 250   M    M   9 1      21 250
20  65  56  61   2   4   0    T  0.0    0  3.4  9 320   M    M   5 1      16  M
================================================================================
SM 1263 1088       120   0  0.01     0.0  90.6          M      177
================================================================================
AV 63.2 54.4                               4.5 FASTST   M    M   9    MAX(MPH)
                                 MISC ---->    16   M                 24    M
================================================================================
NOTES:
# LAST OF SEVERAL OCCURRENCES

COLUMN 17 PEAK WIND IN M.P.H.

PRELIMINARY LOCAL CLIMATOLOGICAL DATA (WS FORM: F-6) , PAGE 2

                                          STATION:  EUREKA CA
                                          MONTH:    AUGUST
                                          YEAR:     2014
                                          LATITUDE:   40 47 N
                                          LONGITUDE: 124 10 W

[TEMPERATURE DATA]      [PRECIPITATION DATA]       SYMBOLS USED IN COLUMN 16

AVERAGE MONTHLY: 58.8   TOTAL FOR MONTH:   0.01    1 = FOG OR MIST
DPTR FM NORMAL:  -0.0   DPTR FM NORMAL:   -0.15    2 = FOG REDUCING VISIBILITY
HIGHEST:    67 ON 15,14 GRTST 24HR  0.01 ON 17-17      TO 1/4 MILE OR LESS
LOWEST:     52 ON 12,11                            3 = THUNDER
                        SNOW, ICE PELLETS, HAIL    4 = ICE PELLETS
                        TOTAL MONTH:   0.0 INCH    5 = HAIL
                        GRTST 24HR     0.0         6 = FREEZING RAIN OR DRIZZLE
                        GRTST DEPTH:   0           7 = DUSTSTORM OR SANDSTORM:
                                                       VSBY 1/2 MILE OR LESS
                                                   8 = SMOKE OR HAZE
[NO. OF DAYS WITH]      [WEATHER - DAYS WITH]      9 = BLOWING SNOW
                                                   X = TORNADO
MAX 32 OR BELOW:   0    0.01 INCH OR MORE:   1
MAX 90 OR ABOVE:   0    0.10 INCH OR MORE:   0
MIN 32 OR BELOW:   0    0.50 INCH OR MORE:   0
MIN  0 OR BELOW:   0    1.00 INCH OR MORE:   0

[HDD (BASE 65) ]
TOTAL THIS MO.   120    CLEAR  (SCALE 0-3)   0
DPTR FM NORMAL    -6    PTCLDY (SCALE 4-7)   5
TOTAL FM JUL 1   308    CLOUDY (SCALE 8-10) 15
DPTR FM NORMAL   -44

[CDD (BASE 65) ]
TOTAL THIS MO.     0
DPTR FM NORMAL     0    [PRESSURE DATA]
TOTAL FM JAN 1     1    HIGHEST SLP M ON M
DPTR FM NORMAL     1    LOWEST  SLP M ON M

[REMARKS]
