000
CXUS51 KRLX 201400
CF6EKN
PRELIMINARY LOCAL CLIMATOLOGICAL DATA (WS FORM: F-6)

                                          STATION:   ELKINS WV
                                          MONTH:     DECEMBER
                                          YEAR:      2014
                                          LATITUDE:   38 52 N
                                          LONGITUDE:  79 51 W

  TEMPERATURE IN F:       :PCPN:    SNOW:  WIND      :SUNSHINE: SKY     :PK WND
================================================================================
1   2   3   4   5  6A  6B    7    8   9   10  11  12  13   14  15   16   17  18
                                     12Z  AVG MX 2MIN
DY MAX MIN AVG DEP HDD CDD  WTR  SNW DPTH SPD SPD DIR MIN PSBL S-S WX    SPD DR
================================================================================

 1  60  34  47  10  18   0 0.38  0.0    0  9.0 20 320   M    M  10 1      27 240
 2  49  34  42   6  23   0 0.18  0.0    0  6.5 17 150   M    M  10 1      23 150
 3  56  33  45   9  20   0 0.12  0.0    0  8.9 24 230   M    M   9 1      35 290
 4  40  31  36   0  29   0 0.12  0.0    0  1.7  9 310   M    M   8 1      13 320
 5  51  34  43   8  22   0 0.63  0.0    0  0.7 10 150   M    M   9 1      12 140
 6  53  34  44   9  21   0 1.31  0.0    0  6.7 16 340   M    M  10 1      24 330
 7  47  29  38   3  27   0 0.00  0.0    0  4.4 14 360   M    M   3        17  10
 8  43  33  38   4  27   0    T  0.0    0  6.7 17 140   M    M   2        23 170
 9  48  26  37   3  28   0 0.00  0.0    0  4.3 14 310   M    M   9 12     20 300
10  38  25  32  -2  33   0 0.14    T    T 11.5 21 320   M    M  10 1      30 340
11  32  24  28  -6  37   0    T  0.0    0  8.7 21 250   M    M   5        29 240
12  41  24  33   0  32   0 0.00  0.0    0  5.7 15 260   M    M   3        29 270
13  34  20  27  -6  38   0 0.00  0.0    0  4.7 13 250   M    M   7        17 220
14  39  34  37   4  28   0 0.00  0.0    0  3.6 12 250   M    M  10 1      18 230
15  57  27  42  10  23   0 0.00  0.0    0  0.8  5 250   M    M   5 12      6 280
16  55  28  42  10  23   0 0.38  0.0    0  5.6 20 250   M    M   9 1      29 280
17  41  29  35   3  30   0 0.02  0.0    0  6.6 18 300   M    M  10 1      26 310
18  29  25  27  -5  38   0    T    T    0  5.5 16 300   M    M  10 18     26 260
19  27  25  26  -6  39   0    T    T    0  4.6 10 300   M    M  10 18     13 290
================================================================================
SM  840  549       536   0  3.28    T    106.2          M      149
================================================================================
AV 44.2 28.9                               5.6 FASTST   M    M   8    MAX(MPH)
                                 MISC ---->  # 24 230               # 35  290
================================================================================
NOTES:
# LAST OF SEVERAL OCCURRENCES

COLUMN 17 PEAK WIND IN M.P.H.

PRELIMINARY LOCAL CLIMATOLOGICAL DATA (WS FORM: F-6) , PAGE 2

                                          STATION:  ELKINS WV
                                          MONTH:    DECEMBER
                                          YEAR:     2014
                                          LATITUDE:   38 52 N
                                          LONGITUDE:  79 51 W

[TEMPERATURE DATA]      [PRECIPITATION DATA]       SYMBOLS USED IN COLUMN 16

AVERAGE MONTHLY: 36.6   TOTAL FOR MONTH:   3.28    1 = FOG OR MIST
DPTR FM NORMAL:   2.6   DPTR FM NORMAL:    1.20    2 = FOG REDUCING VISIBILITY
HIGHEST:    60 ON  1    GRTST 24HR  1.35 ON  5- 6      TO 1/4 MILE OR LESS
LOWEST:     20 ON 13                               3 = THUNDER
                        SNOW, ICE PELLETS, HAIL    4 = ICE PELLETS
                        TOTAL MONTH:    T          5 = HAIL
                        GRTST 24HR    T  ON 19-19  6 = FREEZING RAIN OR DRIZZLE
                        GRTST DEPTH:   T           7 = DUSTSTORM OR SANDSTORM:
                                                       VSBY 1/2 MILE OR LESS
                                                   8 = SMOKE OR HAZE
[NO. OF DAYS WITH]      [WEATHER - DAYS WITH]      9 = BLOWING SNOW
                                                   X = TORNADO
MAX 32 OR BELOW:   3    0.01 INCH OR MORE:   9
MAX 90 OR ABOVE:   0    0.10 INCH OR MORE:   8
MIN 32 OR BELOW:  12    0.50 INCH OR MORE:   2
MIN  0 OR BELOW:   0    1.00 INCH OR MORE:   1

[HDD (BASE 65) ]
TOTAL THIS MO.   536    CLEAR  (SCALE 0-3)   2
DPTR FM NORMAL   -56    PTCLDY (SCALE 4-7)   5
TOTAL FM JUL 1  1892    CLOUDY (SCALE 8-10) 12
DPTR FM NORMAL    16

[CDD (BASE 65) ]
TOTAL THIS MO.     0
DPTR FM NORMAL     0    [PRESSURE DATA]
TOTAL FM JAN 1   505    HIGHEST SLP M ON M
DPTR FM NORMAL    30    LOWEST  SLP 29.81 ON 16

[REMARKS]
