000
CXUS56 KLKN 201009
CF6EKO
PRELIMINARY LOCAL CLIMATOLOGICAL DATA (WS FORM: F-6)

                                          STATION:   ELKO AIRPORT NV
                                          MONTH:     AUGUST
                                          YEAR:      2017
                                          LATITUDE:   40 49 N
                                          LONGITUDE: 115 47 W

  TEMPERATURE IN F:       :PCPN:    SNOW:  WIND      :SUNSHINE: SKY     :PK WND
================================================================================
1   2   3   4   5  6A  6B    7    8   9   10  11  12  13   14  15   16   17  18
                                     12Z  AVG MX 2MIN
DY MAX MIN AVG DEP HDD CDD  WTR  SNW DPTH SPD SPD DIR MIN PSBL S-S WX    SPD DR
================================================================================

 1  99  53  76   5   0  11 0.00  0.0    0  2.9 15  60   M    M   2        21  70
 2  99  55  77   6   0  12 0.00  0.0    0  4.7 20 360   M    M   1        27 350
 3 100  60  80   9   0  15 0.00  0.0    0  4.3 28 330   M    M   0 8      37 350
 4  98  55  77   6   0  12 0.00  0.0    0  5.9 22 240   M    M   0        27 240
 5  95  51  73   3   0   8 0.00  0.0    0  6.3 21 270   M    M   1        24 270
 6  78  54  66  -4   0   1 0.02  0.0    0  7.4 23 120   M    M   1        32 120
 7  89  55  72   2   0   7    T  0.0    0  6.4 20 220   M    M   2 3      23 210
 8  91  58  75   5   0  10 0.05  0.0    0  7.0 22  40   M    M   0 3      28 360
 9  88  58  73   3   0   8 0.02  0.0    0  6.9 26 350   M    M   2        33 350
10  91  54  73   3   0   8 0.00  0.0    0  6.0 25  30   M    M   0        32  30
11  95  51  73   3   0   8 0.00  0.0    0  4.5 17 260   M    M   0        23 230
12  94  50  72   3   0   7 0.00  0.0    0  5.4 17 290   M    M   0        21 280
13  91  52  72   3   0   7 0.00  0.0    0  7.1 23 260   M    M   0        29 240
14  71  51  61  -8   4   0 0.06  0.0    0  4.1 20 330   M    M   3        27 330
15  84  45  65  -4   0   0 0.00  0.0    0  3.4 10  40   M    M   1 12     13  80
16  86  53  70   2   0   5 0.00  0.0    0  3.3 16 220   M    M   1        23 200
17  89  47  68   0   0   3 0.00  0.0    0  6.2 18 270   M    M   0        27 250
18  92  47  70   2   0   5 0.00  0.0    0  5.1 20 250   M    M   0        23 260
19  94  47  71   3   0   6 0.00  0.0    0  4.0 30 260   M    M   0        34 250
================================================================================
SM 1724  996         4 133  0.15     0.0 100.9          M       14
================================================================================
AV 90.7 52.4                               5.3 FASTST   M    M   1    MAX(MPH)
                                 MISC ---->  # 30 260               # 37  350
================================================================================
NOTES:
# LAST OF SEVERAL OCCURRENCES

COLUMN 17 PEAK WIND IN M.P.H.

PRELIMINARY LOCAL CLIMATOLOGICAL DATA (WS FORM: F-6) , PAGE 2

                                          STATION:  ELKO AIRPORT NV
                                          MONTH:    AUGUST
                                          YEAR:     2017
                                          LATITUDE:   40 49 N
                                          LONGITUDE: 115 47 W

[TEMPERATURE DATA]      [PRECIPITATION DATA]       SYMBOLS USED IN COLUMN 16

AVERAGE MONTHLY: 71.6   TOTAL FOR MONTH:   0.15    1 = FOG OR MIST
DPTR FM NORMAL:   2.0   DPTR FM NORMAL:   -0.08    2 = FOG REDUCING VISIBILITY
HIGHEST:   100 ON  3    GRTST 24HR  0.06 ON 14-14      TO 1/4 MILE OR LESS
LOWEST:     45 ON 15                               3 = THUNDER
                        SNOW, ICE PELLETS, HAIL    4 = ICE PELLETS
                        TOTAL MONTH:   0.0 INCH    5 = HAIL
                        GRTST 24HR     0.0         6 = FREEZING RAIN OR DRIZZLE
                        GRTST DEPTH:   0           7 = DUSTSTORM OR SANDSTORM:
                                                       VSBY 1/2 MILE OR LESS
                                                   8 = SMOKE OR HAZE
[NO. OF DAYS WITH]      [WEATHER - DAYS WITH]      9 = BLOWING SNOW
                                                   X = TORNADO
MAX 32 OR BELOW:   0    0.01 INCH OR MORE:   4
MAX 90 OR ABOVE:  12    0.10 INCH OR MORE:   0
MIN 32 OR BELOW:   0    0.50 INCH OR MORE:   0
MIN  0 OR BELOW:   0    1.00 INCH OR MORE:   0

[HDD (BASE 65) ]
TOTAL THIS MO.     4    CLEAR  (SCALE 0-3)  19
DPTR FM NORMAL    -7    PTCLDY (SCALE 4-7)   0
TOTAL FM JUL 1     4    CLOUDY (SCALE 8-10)  0
DPTR FM NORMAL   -26

[CDD (BASE 65) ]
TOTAL THIS MO.   133
DPTR FM NORMAL    36    [PRESSURE DATA]
TOTAL FM JAN 1   593    HIGHEST SLP M ON M
DPTR FM NORMAL   265    LOWEST  SLP 29.72 ON 13

[REMARKS]
