000
CXUS56 KLKN 221009
CF6EKO
PRELIMINARY LOCAL CLIMATOLOGICAL DATA (WS FORM: F-6)

                                          STATION:   ELKO AIRPORT NV
                                          MONTH:     JANUARY
                                          YEAR:      2017
                                          LATITUDE:   40 49 N
                                          LONGITUDE: 115 47 W

  TEMPERATURE IN F:       :PCPN:    SNOW:  WIND      :SUNSHINE: SKY     :PK WND
================================================================================
1   2   3   4   5  6A  6B    7    8   9   10  11  12  13   14  15   16   17  18
                                     12Z  AVG MX 2MIN
DY MAX MIN AVG DEP HDD CDD  WTR  SNW DPTH SPD SPD DIR MIN PSBL S-S WX    SPD DR
================================================================================

 1  32   2  17  -8  48   0 0.06  1.2    3  3.2 10 250   M    M   5 12     13 250
 2  27  13  20  -5  45   0 0.23  4.1    6  4.7 13 270   M    M  10 1      17 220
 3  32  13  23  -2  42   0    T    T    8  3.1 12  50   M    M  10 1      14  40
 4  39  24  32   7  33   0 0.29  2.5    8  9.0 26 250   M    M  10 1      32 250
 5  24 -10   7 -18  58   0 0.05  0.3    8  6.6 17  30   M    M   6 18     22  40
 6   8 -17  -4 -29  69   0    T    T    7  5.4 13  50   M    M   1 18     15  10
 7  35  -4  16  -9  49   0 0.02  0.3    7  7.2 14  40   M    M  10        17  30
 8  44  32  38  13  27   0 0.24  2.2    7 10.8 31 170   M    M   9 1      42 170
 9  42  31  37  12  28   0 0.36    T    4  9.6 28 260   M    M   8 1      34 250
10  42  33  38  13  27   0 0.12  2.2    3  9.4 23 220   M    M  10 1      31 230
11  41  25  33   8  32   0 0.32  3.8    2 10.1 45 270   M    M   8 1      56 270
12  32  22  27   2  38   0 0.15  1.7    5  8.4 20  30   M    M   9 18     26  40
13  37  14  26   1  39   0 0.00  0.0    6  4.7 14  40   M    M   3        19  30
14  30   9  20  -5  45   0 0.00  0.0    5  2.6  7 110   M    M   8 12      9 120
15  27  22  25   0  40   0 0.00  0.0    4  4.0 10 320   M    M  10        13 320
16  24  18  21  -4  44   0    T    T    4  4.7 12 250   M    M  10        13 250
17  20   7  14 -11  51   0    T    T    4  6.5 12  60   M    M   6 18     14  50
18  34   5  20  -5  45   0 0.09  0.8    4  5.6 16  40   M    M   6 1      18 180
19  41  18  30   5  35   0 0.02  0.2    5  6.7 20 220   M    M   5        25 170
20  33  16  25   0  40   0 0.30  7.5    4  5.2 13  50   M    M   9 12     15  60
21  36  20  28   3  37   0 0.01  0.3   11  6.1 17 230   M    M   9 1      22 230
================================================================================
SM  680  293       872   0  2.26    27.1 133.6          M      162
================================================================================
AV 32.4 14.0                               6.4 FASTST   M    M   8    MAX(MPH)
                                 MISC ---->  # 45 270               # 56  270
================================================================================
NOTES:
# LAST OF SEVERAL OCCURRENCES

COLUMN 17 PEAK WIND IN M.P.H.

PRELIMINARY LOCAL CLIMATOLOGICAL DATA (WS FORM: F-6) , PAGE 2

                                          STATION:  ELKO AIRPORT NV
                                          MONTH:    JANUARY
                                          YEAR:     2017
                                          LATITUDE:   40 49 N
                                          LONGITUDE: 115 47 W

[TEMPERATURE DATA]      [PRECIPITATION DATA]       SYMBOLS USED IN COLUMN 16

AVERAGE MONTHLY: 23.2   TOTAL FOR MONTH:   2.26    1 = FOG OR MIST
DPTR FM NORMAL:  -1.8   DPTR FM NORMAL:    1.46    2 = FOG REDUCING VISIBILITY
HIGHEST:    44 ON  8    GRTST 24HR  0.36 ON  9- 9      TO 1/4 MILE OR LESS
LOWEST:    -17 ON  6                               3 = THUNDER
                        SNOW, ICE PELLETS, HAIL    4 = ICE PELLETS
                        TOTAL MONTH:  27.1 INCHES  5 = HAIL
                        GRTST 24HR   7.5 ON 20-20  6 = FREEZING RAIN OR DRIZZLE
                        GRTST DEPTH:  11 ON 21     7 = DUSTSTORM OR SANDSTORM:
                                                       VSBY 1/2 MILE OR LESS
                                                   8 = SMOKE OR HAZE
[NO. OF DAYS WITH]      [WEATHER - DAYS WITH]      9 = BLOWING SNOW
                                                   X = TORNADO
MAX 32 OR BELOW:  10    0.01 INCH OR MORE:  14
MAX 90 OR ABOVE:   0    0.10 INCH OR MORE:   8
MIN 32 OR BELOW:  20    0.50 INCH OR MORE:   0
MIN  0 OR BELOW:   3    1.00 INCH OR MORE:   0

[HDD (BASE 65) ]
TOTAL THIS MO.   872    CLEAR  (SCALE 0-3)   2
DPTR FM NORMAL    32    PTCLDY (SCALE 4-7)   7
TOTAL FM JUL 1  3471    CLOUDY (SCALE 8-10) 12
DPTR FM NORMAL  -317

[CDD (BASE 65) ]
TOTAL THIS MO.     0
DPTR FM NORMAL     0    [PRESSURE DATA]
TOTAL FM JAN 1     0    HIGHEST SLP M ON M
DPTR FM NORMAL     0    LOWEST  SLP 29.27 ON 20

[REMARKS]
