000
CXUS54 KSHV 271300
CF6ELD
PRELIMINARY LOCAL CLIMATOLOGICAL DATA (WS FORM: F-6)

                                          STATION:   EL DORADO
                                          MONTH:     APRIL
                                          YEAR:      2017
                                          LATITUDE:   33 13 N
                                          LONGITUDE:  92 49 W

  TEMPERATURE IN F:       :PCPN:    SNOW:  WIND      :SUNSHINE: SKY     :PK WND
================================================================================
1   2   3   4   5  6A  6B    7    8   9   10  11  12  13   14  15   16   17  18
                                     12Z  AVG MX 2MIN
DY MAX MIN AVG DEP HDD CDD  WTR  SNW DPTH SPD SPD DIR MIN PSBL S-S WX    SPD DR
================================================================================

 1  84  54  69   9   0   4 0.00  0.0    0  7.5 18 100   M    M   0        23 100
 2  69  57  63   3   2   0 2.72  0.0    0  8.9 36 270   M    M   6 13     47 280
 3  75  55  65   5   0   0    T  0.0    0  7.5 17 200   M    M   5 1      23 230
 4  85  50  68   7   0   3 0.00  0.0    0  6.5 17 180   M    M   0        24 130
 5  67  47  57  -4   8   0    T    M    0 11.4 25 270   M    M   4        39 260
 6  71  45  58  -3   7   0 0.00  0.0    0  8.5 21 290   M    M   0        28 300
 7  73  38  56  -5   9   0 0.00  0.0    0  3.1 13 310   M    M   0        17 300
 8  80  46  63   1   2   0 0.00  0.0    0  6.8 18 180   M    M   0        29 150
 9  82  52  67   5   0   2 0.00  0.0    0 10.8 21 150   M    M   0        28 180
10  80  59  70   8   0   5 2.32  0.0    0  9.4 26 320   M    M   4 13     33 340
11  70  60  65   3   0   0 1.58  0.0    0  4.5 20  90   M    M   7 13     24 100
12  73  58  66   4   0   1 0.00  0.0    0  3.7 13  60   M    M   6 12     16  60
13  81  55  68   5   0   3 0.00  0.0    0  2.3 12 140   M    M   4 1      17 170
14  82  57  70   7   0   5 0.00  0.0    0  3.4 15 170   M    M   2        21 190
15  82  57  70   7   0   5 0.00  0.0    0  6.7 17 200   M    M   3        22 170
16  82  65  74  10   0   9    T  0.0    0  5.0 14 150   M    M   4        17 150
17  78  64  71   7   0   6 0.48  0.0    0  4.0 14 330   M    M   4 13     16 100
18  82  60  71   7   0   6 0.08  0.0    0  3.9 21 180   M    M   3 3      27 180
19  83  60  72   8   0   7 0.00  0.0    0  4.2 15 160   M    M   2 1      20 160
20  84  61  73   9   0   8 0.00  0.0    0  3.4 15 180   M    M   3 1      19 190
21  83  66  75  10   0  10 0.17  0.0    0  6.7 18 240   M    M   6 13     24 240
22  70  51  61  -4   4   0 0.08  0.0    0  8.4 21 310   M    M   8 1      27 330
23  71  48  60  -5   5   0 0.01    M    0  6.5 17 310   M    M   5 1      22 310
24   M  44   M   M   M   M 0.00  0.0    0  2.6  9 270   M    M   0         M  M
25   M  50   M   M   M   M 0.00  0.0    0  5.8 18 180   M    M   0        24 180
26  80  53  67   1   0   2    M  0.0    0 10.3 24 170   M    M  10 13     33 150
================================================================================
SM 1867 1412        37  76  7.44     0.0 161.8          M       86
================================================================================
AV 77.8 54.3                               6.2 FASTST   M    M   3    MAX(MPH)
                                 MISC ---->  # 36 270               # 47  280
================================================================================
NOTES:
# LAST OF SEVERAL OCCURRENCES

COLUMN 17 PEAK WIND IN M.P.H.

PRELIMINARY LOCAL CLIMATOLOGICAL DATA (WS FORM: F-6) , PAGE 2

                                          STATION:  EL DORADO
                                          MONTH:    APRIL
                                          YEAR:     2017
                                          LATITUDE:   33 13 N
                                          LONGITUDE:  92 49 W

[TEMPERATURE DATA]      [PRECIPITATION DATA]       SYMBOLS USED IN COLUMN 16

AVERAGE MONTHLY: 66.1   TOTAL FOR MONTH:   7.44    1 = FOG OR MIST
DPTR FM NORMAL:   3.1   DPTR FM NORMAL:    3.91    2 = FOG REDUCING VISIBILITY
HIGHEST:    85 ON  4    GRTST 24HR  2.72 ON  2- 2      TO 1/4 MILE OR LESS
LOWEST:     38 ON  7                               3 = THUNDER
                        SNOW, ICE PELLETS, HAIL    4 = ICE PELLETS
                        TOTAL MONTH:   0.0 INCH    5 = HAIL
                        GRTST 24HR     0.0         6 = FREEZING RAIN OR DRIZZLE
                        GRTST DEPTH:   0           7 = DUSTSTORM OR SANDSTORM:
                                                       VSBY 1/2 MILE OR LESS
                                                   8 = SMOKE OR HAZE
[NO. OF DAYS WITH]      [WEATHER - DAYS WITH]      9 = BLOWING SNOW
                                                   X = TORNADO
MAX 32 OR BELOW:   0    0.01 INCH OR MORE:   8
MAX 90 OR ABOVE:   0    0.10 INCH OR MORE:   5
MIN 32 OR BELOW:   0    0.50 INCH OR MORE:   3
MIN  0 OR BELOW:   0    1.00 INCH OR MORE:   3

[HDD (BASE 65) ]
TOTAL THIS MO.    37    CLEAR  (SCALE 0-3)  13
DPTR FM NORMAL   -73    PTCLDY (SCALE 4-7)  12
TOTAL FM JUL 1  1701    CLOUDY (SCALE 8-10)  1
DPTR FM NORMAL  -945

[CDD (BASE 65) ]
TOTAL THIS MO.    76
DPTR FM NORMAL    19    [PRESSURE DATA]
TOTAL FM JAN 1   156    HIGHEST SLP M ON M
DPTR FM NORMAL    71    LOWEST  SLP 29.43 ON 26

[REMARKS]
