347
CXUS54 KSHV 181456
CF6ELD
PRELIMINARY LOCAL CLIMATOLOGICAL DATA (WS FORM: F-6)

                                          STATION:   EL DORADO
                                          MONTH:     DECEMBER
                                          YEAR:      2017
                                          LATITUDE:   33 13 N
                                          LONGITUDE:  92 49 W

  TEMPERATURE IN F:       :PCPN:    SNOW:  WIND      :SUNSHINE: SKY     :PK WND
================================================================================
1   2   3   4   5  6A  6B    7    8   9   10  11  12  13   14  15   16   17  18
                                     12Z  AVG MX 2MIN
DY MAX MIN AVG DEP HDD CDD  WTR  SNW DPTH SPD SPD DIR MIN PSBL S-S WX    SPD DR
================================================================================

 1  68  39  54   5  11   0 0.00  0.0    0  2.5 10  50   M    M   0 1      12  50
 2  72  41  57   9   8   0 0.00  0.0    0  1.6  8 150   M    M   0 18     12 220
 3  75  48  62  14   3   0 0.00  0.0    0  4.2 14 110   M    M   0        19 110
 4  74  54  64  16   1   0    T  0.0    0  8.9 18 180   M    M   5 1      24 170
 5  70  43  57   9   8   0 0.62  0.0    0  7.9 21 320   M    M   6 1      26 320
 6  49  39  44  -3  21   0 0.00  0.0    0  2.5  8 340   M    M   2        10 350
 7  47  36  42  -5  23   0 0.00  0.0    0  6.7 16 340   M    M   3        20 340
 8  44  23  34 -13  31   0 0.00  0.0    0  3.9 15 340   M    M   1        20 310
 9  56  22  39  -7  26   0 0.00  0.0    0  4.6 17 300   M    M   0        26 290
10  63  24  44  -2  21   0 0.00  0.0    0  4.2 16 250   M    M   0        20 230
11  73  31  52   6  13   0 0.00  0.0    0  4.9 15 240   M    M   0        19 220
12  57  30  44  -2  21   0 0.00  0.0    0  6.6 16 320   M    M   0        22 310
13  64  26  45  -1  20   0 0.00  0.0    0  6.5 20 210   M    M   0        27 210
14  60  28  44  -2  21   0 0.00  0.0    0  4.0 14  40   M    M   0        18  40
15  53  29  41  -4  24   0 0.00  0.0    0  1.7 10 160   M    M   0        14 160
16  57  25  41  -4  24   0 0.28  0.0    0  3.1 10 150   M    M   2         M  M
17  48  43  46   1  19   0 0.85  0.0    0  2.6 15 290   M    M  10 12     20 270
================================================================================
SM 1030  581       295   0  1.75     0.0  76.4          M       29
================================================================================
AV 60.6 34.2                               4.5 FASTST   M    M   2    MAX(MPH)
                                 MISC ---->  # 21 320               # 27  210
================================================================================
NOTES:
# LAST OF SEVERAL OCCURRENCES

COLUMN 17 PEAK WIND IN M.P.H.

PRELIMINARY LOCAL CLIMATOLOGICAL DATA (WS FORM: F-6) , PAGE 2

                                          STATION:  EL DORADO
                                          MONTH:    DECEMBER
                                          YEAR:     2017
                                          LATITUDE:   33 13 N
                                          LONGITUDE:  92 49 W

[TEMPERATURE DATA]      [PRECIPITATION DATA]       SYMBOLS USED IN COLUMN 16

AVERAGE MONTHLY: 47.4   TOTAL FOR MONTH:   1.75    1 = FOG OR MIST
DPTR FM NORMAL:   0.7   DPTR FM NORMAL:   -1.31    2 = FOG REDUCING VISIBILITY
HIGHEST:    75 ON  3    GRTST 24HR  0.85 ON 17-17      TO 1/4 MILE OR LESS
LOWEST:     22 ON  9                               3 = THUNDER
                        SNOW, ICE PELLETS, HAIL    4 = ICE PELLETS
                        TOTAL MONTH:   0.0 INCH    5 = HAIL
                        GRTST 24HR     0.0         6 = FREEZING RAIN OR DRIZZLE
                        GRTST DEPTH:   0           7 = DUSTSTORM OR SANDSTORM:
                                                       VSBY 1/2 MILE OR LESS
                                                   8 = SMOKE OR HAZE
[NO. OF DAYS WITH]      [WEATHER - DAYS WITH]      9 = BLOWING SNOW
                                                   X = TORNADO
MAX 32 OR BELOW:   0    0.01 INCH OR MORE:   3
MAX 90 OR ABOVE:   0    0.10 INCH OR MORE:   3
MIN 32 OR BELOW:   9    0.50 INCH OR MORE:   2
MIN  0 OR BELOW:   0    1.00 INCH OR MORE:   0

[HDD (BASE 65) ]
TOTAL THIS MO.   295    CLEAR  (SCALE 0-3)  13
DPTR FM NORMAL   -19    PTCLDY (SCALE 4-7)   3
TOTAL FM JUL 1   697    CLOUDY (SCALE 8-10)  1
DPTR FM NORMAL   -96

[CDD (BASE 65) ]
TOTAL THIS MO.     0
DPTR FM NORMAL     0    [PRESSURE DATA]
TOTAL FM JAN 1  2241    HIGHEST SLP M ON M
DPTR FM NORMAL   115    LOWEST  SLP 29.87 ON 13

[REMARKS]
