000
CXUS54 KSHV 011300
CF6ELD
PRELIMINARY LOCAL CLIMATOLOGICAL DATA (WS FORM: F-6)

                                          STATION:   EL DORADO
                                          MONTH:     JUNE
                                          YEAR:      2015
                                          LATITUDE:   33 13 N
                                          LONGITUDE:  92 49 W

  TEMPERATURE IN F:       :PCPN:    SNOW:  WIND      :SUNSHINE: SKY     :PK WND
================================================================================
1   2   3   4   5  6A  6B    7    8   9   10  11  12  13   14  15   16   17  18
                                     12Z  AVG MX 2MIN
DY MAX MIN AVG DEP HDD CDD  WTR  SNW DPTH SPD SPD DIR MIN PSBL S-S WX    SPD DR
================================================================================

 1  80  64  72  -3   0   7 0.00  0.0    0  3.8 12  50   M    M   5 1      14  40
 2  84  62  73  -3   0   8 0.00  0.0    0  2.6  9  40   M    M   2 1      13  50
 3  85  63  74  -2   0   9 0.00  0.0    0  3.0 10  70   M    M   2        13  70
 4  87  63  75  -1   0  10 0.00  0.0    0  3.0 12  50   M    M   2 1      13  50
 5  89  63  76   0   0  11 0.00  0.0    0  1.9 10  50   M    M   0 1      14  70
 6  93  66  80   4   0  15 0.00  0.0    0  1.0  8 130   M    M   1 1      11 110
 7   M  71   M   M   M   M 0.00  0.0    0  2.4 10 190   M    M   2 1      13 180
 8  92  72  82   5   0  17 0.00  0.0    0  4.1 15 260   M    M   1 1      20 240
 9  94  70  82   5   0  17    T  0.0    0  4.3 14 220   M    M   2 3      21 230
10  92  67  80   3   0  15 0.00  0.0    0  2.8 10 130   M    M   1        14  60
11  92  69  81   4   0  16 0.00  0.0    0  6.0 14 170   M    M   1        18 170
12  92  71  82   4   0  17    T  0.0    0  7.2 23 190   M    M   1 13     30 180
13  82  72  77  -1   0  12 0.38  0.0    0  8.0 18 150   M    M   5 18     23 150
14  90  73  82   4   0  17    T  0.0    0  6.7 18 150   M    M   6 3      24 160
15  91  73  82   4   0  17    T  0.0    0  5.9 26 110   M    M   4 13     36 120
16  90  72  81   3   0  16 0.02  0.0    0  6.3 14 140   M    M   3 13     23 130
17  90  71  81   2   0  16 0.10  0.0    0  6.9 30 230   M    M   5 138    37 210
18  86  71  79   0   0  14 0.50  0.0    0  9.2 35 210   M    M   9 138    46 210
19  90  73  82   3   0  17 0.06  0.0    0  9.9 24 270   M    M   7 38     34 280
20  90  73  82   3   0  17 0.00  0.0    0  6.4 16 220   M    M   4 13     21 210
21  89  74  82   3   0  17    T  0.0    0  4.4 12 160   M    M   2 3      15 160
22  92  73  83   3   0  18 0.00  0.0    0  4.8 13 230   M    M   1        16 230
23  94  72  83   3   0  18 0.00  0.0    0  3.3 10 270   M    M   0        13 250
24  95  72  84   4   0  19 0.00  0.0    0  3.4 24 110   M    M   1 18     33 100
25  94  70  82   2   0  17    T  0.0    0  4.9 16 140   M    M   1 138    22 150
26  92  70  81   1   0  16 0.00  0.0    0  5.9 22 350   M    M   1 1      28 330
27  87  69  78  -2   0  13 1.02  0.0    0  3.5 16  10   M    M   7 13     20  10
28  88  65  77  -3   0  12 0.00  0.0    0  1.4  9 220   M    M   1        12 210
29  91  67  79  -1   0  14 0.00  0.0    0  5.7 15 190   M    M   1        19 250
30  93  72  83   2   0  18 0.00  0.0    0  7.0 16 160   M    M   2        22 160
================================================================================
SM 2604 2083         0 430  2.08     0.0 145.7          M       80
================================================================================
AV 89.8 69.4                               4.9 FASTST   M    M   3    MAX(MPH)
                                 MISC ---->  # 35 210               # 46  210
================================================================================
NOTES:
# LAST OF SEVERAL OCCURRENCES

COLUMN 17 PEAK WIND IN M.P.H.

PRELIMINARY LOCAL CLIMATOLOGICAL DATA (WS FORM: F-6) , PAGE 2

                                          STATION:  EL DORADO
                                          MONTH:    JUNE
                                          YEAR:     2015
                                          LATITUDE:   33 13 N
                                          LONGITUDE:  92 49 W

[TEMPERATURE DATA]      [PRECIPITATION DATA]       SYMBOLS USED IN COLUMN 16

AVERAGE MONTHLY: 79.6   TOTAL FOR MONTH:   2.08    1 = FOG OR MIST
DPTR FM NORMAL:   1.4   DPTR FM NORMAL:   -2.82    2 = FOG REDUCING VISIBILITY
HIGHEST:    95 ON 24    GRTST 24HR  2.60 ON 31- 1      TO 1/4 MILE OR LESS
LOWEST:     62 ON  2                               3 = THUNDER
                        SNOW, ICE PELLETS, HAIL    4 = ICE PELLETS
                        TOTAL MONTH:   0.0 INCH    5 = HAIL
                        GRTST 24HR     0.0         6 = FREEZING RAIN OR DRIZZLE
                        GRTST DEPTH:   0           7 = DUSTSTORM OR SANDSTORM:
                                                       VSBY 1/2 MILE OR LESS
                                                   8 = SMOKE OR HAZE
[NO. OF DAYS WITH]      [WEATHER - DAYS WITH]      9 = BLOWING SNOW
                                                   X = TORNADO
MAX 32 OR BELOW:   0    0.01 INCH OR MORE:   6
MAX 90 OR ABOVE:  19    0.10 INCH OR MORE:   4
MIN 32 OR BELOW:   0    0.50 INCH OR MORE:   2
MIN  0 OR BELOW:   0    1.00 INCH OR MORE:   1

[HDD (BASE 65) ]
TOTAL THIS MO.     0    CLEAR  (SCALE 0-3)  20
DPTR FM NORMAL     0    PTCLDY (SCALE 4-7)   9
TOTAL FM JUL 1  2919    CLOUDY (SCALE 8-10)  1
DPTR FM NORMAL   246

[CDD (BASE 65) ]
TOTAL THIS MO.   430
DPTR FM NORMAL    34    [PRESSURE DATA]
TOTAL FM JAN 1   770    HIGHEST SLP 30.16 ON 24
DPTR FM NORMAL    63    LOWEST  SLP 29.78 ON 10

[REMARKS]
#FINAL-06-15#
