000
CXUS53 KTOP 270200
CF6EMP
PRELIMINARY LOCAL CLIMATOLOGICAL DATA (WS FORM: F-6)

                                          STATION:   Emporia KS
                                          MONTH:     MARCH
                                          YEAR:      2015
                                          LATITUDE:   38 19 N
                                          LONGITUDE:  96 12 W

  TEMPERATURE IN F:       :PCPN:    SNOW:  WIND      :SUNSHINE: SKY     :PK WND
================================================================================
1   2   3   4   5  6A  6B    7    8   9   10  11  12  13   14  15   16   17  18
                                     12Z  AVG MX 2MIN
DY MAX MIN AVG DEP HDD CDD  WTR  SNW DPTH SPD SPD DIR MIN PSBL S-S WX    SPD DR
================================================================================

 1  34  20  27 -13  38   0 0.04    M    M  3.2 10 320   M    M   6 1      13 330
 2  35  18  27 -13  38   0    T    M    M  9.1 21 120   M    M   3 18     26 120
 3  49  30  40  -1  25   0 0.00    M    M 16.2 30 210   M    M   5 1      39 210
 4  30  18  24 -17  41   0 0.01    M    M 12.3 25  10   M    M   7 18     31  10
 5  40   9  25 -16  40   0 0.00    M    M  6.8 15 170   M    M   0        18 170
 6  60  24  42   0  23   0 0.00    M    M 14.8 23 210   M    M   0        30 210
 7  71  39  55  13  10   0 0.00    M    M  9.3 25 230   M    M   0 8      32 220
 8  70  35  53  11  12   0 0.00    M    M  8.0 16 200   M    M   0 8      20 190
 9  60  29  45   2  20   0 0.00    M    M  4.9 12 170   M    M   0 1      14 180
10  72  38  55  12  10   0 0.00    M    M  5.7 12 190   M    M   0 128    15 300
11  75  38  57  13   8   0 0.00    M    M  5.0 13 170   M    M   0 8      16 170
12  72  40  56  12   9   0 0.00    M    M  7.1 16 100   M    M   0        21 160
13  74  37  56  12   9   0 0.00    M    M 10.9 24  40   M    M   0        29  20
14  67  42  55  10  10   0 0.00    M    M 10.8 23  20   M    M   0        28  10
15  75  29  52   7  13   0 0.00    M    M  9.7 21 200   M    M   0        27 210
16  83  49  66  20   0   1 0.00    M    M 16.2 30 200   M    M   0        38 210
17  60  39  50   4  15   0 0.00    M    M 17.7 30  10   M    M   0        39  30
18  46  38  42  -4  23   0 0.09    M    M 11.7 20  90   M    M   9 1      24 100
19  44  37  41  -6  24   0 0.21    M    M  5.1 10  10   M    M   9 1      13  20
20  70  30  50   3  15   0 0.00    M    M  6.8 16 230   M    M   0 18     20 230
21  75  38  57  10   8   0 0.00    M    M  7.0 14 230   M    M   0 1      16 240
22  72  38  55   7  10   0 0.00    M    M  8.0 17 170   M    M   0 18     22 190
23  65  40  53   5  12   0 0.00    M    M  9.3 18 100   M    M   2 8      22 100
24  60  36  48   0  17   0 0.03    M    M 11.1 23  90   M    M   6 138    29  80
25  62  37  50   1  15   0 0.12    M    M 12.6 29  10   M    M   4 18     36  10
================================================================================
SM 1521  828       445   1  0.50    M    239.3          M       51
================================================================================
AV 60.8 33.1                               9.6 FASTST   M    M   2    MAX(MPH)
                                 MISC ---->  # 30 210               # 39  210
================================================================================
NOTES:
# LAST OF SEVERAL OCCURRENCES

COLUMN 17 PEAK WIND IN M.P.H.

PRELIMINARY LOCAL CLIMATOLOGICAL DATA (WS FORM: F-6) , PAGE 2

                                          STATION:  Emporia KS
                                          MONTH:    MARCH
                                          YEAR:     2015
                                          LATITUDE:   38 19 N
                                          LONGITUDE:  96 12 W

[TEMPERATURE DATA]      [PRECIPITATION DATA]       SYMBOLS USED IN COLUMN 16

AVERAGE MONTHLY: 47.0   TOTAL FOR MONTH:   0.50    1 = FOG OR MIST
DPTR FM NORMAL:   2.6   DPTR FM NORMAL:   -1.57    2 = FOG REDUCING VISIBILITY
HIGHEST:    83 ON 16    GRTST 24HR  0.21 ON 19-19      TO 1/4 MILE OR LESS
LOWEST:      9 ON  5                               3 = THUNDER
                        SNOW, ICE PELLETS, HAIL    4 = ICE PELLETS
                        TOTAL MONTH:    M          5 = HAIL
                        GRTST 24HR    M  ON   M    6 = FREEZING RAIN OR DRIZZLE
                        GRTST DEPTH:  M  ON   M    7 = DUSTSTORM OR SANDSTORM:
                                                       VSBY 1/2 MILE OR LESS
                                                   8 = SMOKE OR HAZE
[NO. OF DAYS WITH]      [WEATHER - DAYS WITH]      9 = BLOWING SNOW
                                                   X = TORNADO
MAX 32 OR BELOW:   1    0.01 INCH OR MORE:   6
MAX 90 OR ABOVE:   0    0.10 INCH OR MORE:   2
MIN 32 OR BELOW:   9    0.50 INCH OR MORE:   0
MIN  0 OR BELOW:   0    1.00 INCH OR MORE:   0

[HDD (BASE 65) ]
TOTAL THIS MO.   445    CLEAR  (SCALE 0-3)  17
DPTR FM NORMAL   -72    PTCLDY (SCALE 4-7)   6
TOTAL FM JUL 1  4446    CLOUDY (SCALE 8-10)  2
DPTR FM NORMAL   107

[CDD (BASE 65) ]
TOTAL THIS MO.     1
DPTR FM NORMAL     1    [PRESSURE DATA]
TOTAL FM JAN 1     1    HIGHEST SLP M ON M
DPTR FM NORMAL     1    LOWEST  SLP 29.71 ON  3

[REMARKS]
