000
CXUS53 KTOP 210200
CF6EMP
PRELIMINARY LOCAL CLIMATOLOGICAL DATA (WS FORM: F-6)

                                          STATION:   Emporia KS
                                          MONTH:     AUGUST
                                          YEAR:      2014
                                          LATITUDE:   38 19 N
                                          LONGITUDE:  96 12 W

  TEMPERATURE IN F:       :PCPN:    SNOW:  WIND      :SUNSHINE: SKY     :PK WND
================================================================================
1   2   3   4   5  6A  6B    7    8   9   10  11  12  13   14  15   16   17  18
                                     12Z  AVG MX 2MIN
DY MAX MIN AVG DEP HDD CDD  WTR  SNW DPTH SPD SPD DIR MIN PSBL S-S WX    SPD DR
================================================================================

 1  90  59  75  -5   0  10 0.00    M    M  8.8 18 160   M    M   3        23 150
 2  90  67  79   0   0  14 0.09    M    M  6.0 13  90   M    M   3 1      16  M
 3  92  64  78  -1   0  13 0.00    M    M  9.9 22  80   M    M   1        28  60
 4  95  70  83   4   0  18    T    M    M 11.1 18 230   M    M   2        24 240
 5  96  71  84   5   0  19 0.00    M    M 10.2 16 190   M    M   0        21 160
 6  99  67  83   4   0  18 2.12    M    M 14.1 47 220   M    M   2 138    69 220
 7  87  67  77  -2   0  12 0.00    M    M  5.3 16  40   M    M   3 12     19  20
 8  87  68  78  -1   0  13    T    M    M  5.5 13  90   M    M   2 1      16  80
 9  90  67  79   0   0  14 0.03    M    M  7.4 17 180   M    M   2 1      23 190
10  84  67  76  -3   0  11 1.00    M    M  8.7 36 330   M    M   4 13     47 330
11  84  60  72  -7   0   7 0.00    M    M  8.9 20 340   M    M   1        25 360
12  82  56  69  -9   0   4 0.00    M    M  6.6 16 340   M    M   0        22 340
13  84  56  70  -8   0   5 0.00    M    M  3.7  8 140   M    M   0        12 100
14  88  59  74  -4   0   9 0.00    M    M  7.9 15 150   M    M   0        20 140
15  91  70  81   3   0  16    T    M    M 12.7 21 170   M    M   2        24 170
16  90  68  79   1   0  14 0.03    M    M  7.9 16 180   M    M   2 13     22 180
17  90  63  77  -1   0  12 0.00    M    M  4.1 26 320   M    M   1 12     35 330
18  92  63  78   0   0  13 0.04    M    M  6.4 23 330   M    M   1 13     30 340
19  96  66  81   4   0  16 0.02    M    M  6.3 16 210   M    M   0 3      21 200
================================================================================
SM 1707 1228         0 238  3.33    M    151.5          M       29
================================================================================
AV 89.8 64.6                               8.0 FASTST   M    M   2    MAX(MPH)
                                 MISC ---->  # 47 220               # 69  220
================================================================================
NOTES:
# LAST OF SEVERAL OCCURRENCES

COLUMN 17 PEAK WIND IN M.P.H.

PRELIMINARY LOCAL CLIMATOLOGICAL DATA (WS FORM: F-6) , PAGE 2

                                          STATION:  Emporia KS
                                          MONTH:    AUGUST
                                          YEAR:     2014
                                          LATITUDE:   38 19 N
                                          LONGITUDE:  96 12 W

[TEMPERATURE DATA]      [PRECIPITATION DATA]       SYMBOLS USED IN COLUMN 16

AVERAGE MONTHLY: 77.2   TOTAL FOR MONTH:   3.33    1 = FOG OR MIST
DPTR FM NORMAL:  -1.3   DPTR FM NORMAL:    1.40    2 = FOG REDUCING VISIBILITY
HIGHEST:    99 ON  6    GRTST 24HR  2.12 ON  6- 6      TO 1/4 MILE OR LESS
LOWEST:     56 ON 13,12                            3 = THUNDER
                        SNOW, ICE PELLETS, HAIL    4 = ICE PELLETS
                        TOTAL MONTH:    M          5 = HAIL
                        GRTST 24HR    M  ON   M    6 = FREEZING RAIN OR DRIZZLE
                        GRTST DEPTH:  M  ON   M    7 = DUSTSTORM OR SANDSTORM:
                                                       VSBY 1/2 MILE OR LESS
                                                   8 = SMOKE OR HAZE
[NO. OF DAYS WITH]      [WEATHER - DAYS WITH]      9 = BLOWING SNOW
                                                   X = TORNADO
MAX 32 OR BELOW:   0    0.01 INCH OR MORE:   7
MAX 90 OR ABOVE:  12    0.10 INCH OR MORE:   2
MIN 32 OR BELOW:   0    0.50 INCH OR MORE:   2
MIN  0 OR BELOW:   0    1.00 INCH OR MORE:   2

[HDD (BASE 65) ]
TOTAL THIS MO.     0    CLEAR  (SCALE 0-3)  17
DPTR FM NORMAL     0    PTCLDY (SCALE 4-7)   2
TOTAL FM JUL 1     2    CLOUDY (SCALE 8-10)  0
DPTR FM NORMAL     2

[CDD (BASE 65) ]
TOTAL THIS MO.   238
DPTR FM NORMAL   -19    [PRESSURE DATA]
TOTAL FM JAN 1   988    HIGHEST SLP M ON M
DPTR FM NORMAL   -85    LOWEST  SLP 29.64 ON 19

[REMARKS]
