000
CXUS56 KOTX 260900
CF6EPH
PRELIMINARY LOCAL CLIMATOLOGICAL DATA (WS FORM: F-6)

                                          STATION:   EPHRATA WA AIRPORT
                                          MONTH:     MAY
                                          YEAR:      2015
                                          LATITUDE:   47 18 N
                                          LONGITUDE: 119 31 W

  TEMPERATURE IN F:       :PCPN:    SNOW:  WIND      :SUNSHINE: SKY     :PK WND
================================================================================
1   2   3   4   5  6A  6B    7    8   9   10  11  12  13   14  15   16   17  18
                                     12Z  AVG MX 2MIN
DY MAX MIN AVG DEP HDD CDD  WTR  SNW DPTH SPD SPD DIR MIN PSBL S-S WX    SPD DR
================================================================================

 1  80  50  65  11   0   0 0.00    M    M 11.1 30 320   M    M   0        38 310
 2  72  48  60   5   5   0 0.00    M    M  8.1 25 310   M    M   0        31 310
 3  75  44  60   5   5   0 0.00    M    M  5.7 14  20   M    M   0        17  40
 4  80  40  60   4   5   0 0.00    M    M  9.4 23 300   M    M   0        32 310
 5  67  37  52  -4  13   0 0.00    M    M 11.4 25 230   M    M   1 8      36 220
 6  64  41  53  -3  12   0    T    M    M 11.7 25  20   M    M   2        29  20
 7  75  48  62   6   3   0 0.00    M    M 12.8 25 340   M    M   0        30 340
 8  78  49  64   7   1   0 0.00    M    M 12.3 30  10   M    M   0        37  10
 9  79  46  63   6   2   0    T    M    M  5.8 13  20   M    M   0        17  20
10  79  41  60   2   5   0 0.00    M    M  6.2 14 110   M    M   0        21 130
11  78  54  66   8   0   1    T    M    M  9.1 24 140   M    M   3        31 140
12  64  53  59   1   6   0 0.23    M    M  9.2 20 330   M    M   9 1      25  20
13  58  51  55  -4  10   0 0.36    M    M 10.3 25  30   M    M  10 1      30  20
14  68  50  59   0   6   0 0.06    M    M  7.0 15 300   M    M   6 1      19 310
15  79  52  66   7   0   1 0.00    M    M 11.6 23 300   M    M   0        28 300
16  81  58  70  10   0   5 0.00    M    M 14.0 29 320   M    M   2        35 310
17  74  54  64   4   1   0 0.26    M    M  8.1 18 130   M    M   8 3      23 130
18  78  54  66   6   0   1 0.00    M    M  9.8 18  50   M    M   0        25  30
19  83  56  70  10   0   5 0.00    M    M  7.7 17  40   M    M   2        22  40
20  83  57  70   9   0   5 0.00    M    M  9.9 20  30   M    M   0        28  60
21  87  55  71  10   0   6    T    M    M  6.3 16 310   M    M   1        21 320
22  86  57  72  11   0   7    T    M    M  9.8 25 360   M    M   4 3      35 360
23  84  60  72  10   0   7    T    M    M  7.0 14 290   0    0   0        31 300
24  84  54  69   7   0   4 0.00    M    M  9.7 22 340   M    M   1 3      28 320
25  79  57  68   6   0   3 0.01    M    M 10.0 22 300   M    M   5 3      30 300
================================================================================
SM 1915 1266        74  45  0.92    M    234.0            0     54
================================================================================
AV 76.6 50.6                               9.4 FASTST    0   0   2    MAX(MPH)
                                 MISC ---->  # 30 320               # 38  310
================================================================================
NOTES:
# LAST OF SEVERAL OCCURRENCES

COLUMN 17 PEAK WIND IN M.P.H.

PRELIMINARY LOCAL CLIMATOLOGICAL DATA (WS FORM: F-6) , PAGE 2

                                          STATION:  EPHRATA WA AIRPORT
                                          MONTH:    MAY
                                          YEAR:     2015
                                          LATITUDE:   47 18 N
                                          LONGITUDE: 119 31 W

[TEMPERATURE DATA]      [PRECIPITATION DATA]       SYMBOLS USED IN COLUMN 16

AVERAGE MONTHLY: 63.6   TOTAL FOR MONTH:   0.92    1 = FOG OR MIST
DPTR FM NORMAL:   5.1   DPTR FM NORMAL:    0.43    2 = FOG REDUCING VISIBILITY
HIGHEST:    87 ON 21    GRTST 24HR  0.39 ON 13-14      TO 1/4 MILE OR LESS
LOWEST:     37 ON  5                               3 = THUNDER
                        SNOW, ICE PELLETS, HAIL    4 = ICE PELLETS
                        TOTAL MONTH:    M          5 = HAIL
                        GRTST 24HR    M  ON   M    6 = FREEZING RAIN OR DRIZZLE
                        GRTST DEPTH:  M  ON   M    7 = DUSTSTORM OR SANDSTORM:
                                                       VSBY 1/2 MILE OR LESS
                                                   8 = SMOKE OR HAZE
[NO. OF DAYS WITH]      [WEATHER - DAYS WITH]      9 = BLOWING SNOW
                                                   X = TORNADO
MAX 32 OR BELOW:   0    0.01 INCH OR MORE:   5
MAX 90 OR ABOVE:   0    0.10 INCH OR MORE:   3
MIN 32 OR BELOW:   0    0.50 INCH OR MORE:   0
MIN  0 OR BELOW:   0    1.00 INCH OR MORE:   0

[HDD (BASE 65) ]
TOTAL THIS MO.    74    CLEAR  (SCALE 0-3)  18
DPTR FM NORMAL  -114    PTCLDY (SCALE 4-7)   4
TOTAL FM JUL 1  4677    CLOUDY (SCALE 8-10)  3
DPTR FM NORMAL -1208

[CDD (BASE 65) ]
TOTAL THIS MO.    45
DPTR FM NORMAL    21    [PRESSURE DATA]
TOTAL FM JAN 1    45    HIGHEST SLP  0.00 ON 23
DPTR FM NORMAL    19    LOWEST  SLP  0.00 ON M

[REMARKS]
