000
CXUS56 KOTX 180900
CF6EPH
PRELIMINARY LOCAL CLIMATOLOGICAL DATA (WS FORM: F-6)

                                          STATION:   EPHRATA WA AIRPORT
                                          MONTH:     APRIL
                                          YEAR:      2014
                                          LATITUDE:   47 18 N
                                          LONGITUDE: 119 31 W

  TEMPERATURE IN F:       :PCPN:    SNOW:  WIND      :SUNSHINE: SKY     :PK WND
================================================================================
1   2   3   4   5  6A  6B    7    8   9   10  11  12  13   14  15   16   17  18
                                     12Z  AVG MX 2MIN
DY MAX MIN AVG DEP HDD CDD  WTR  SNW DPTH SPD SPD DIR MIN PSBL S-S WX    SPD DR
================================================================================

 1  63  40  52   5  13   0 0.00    M    M  9.7 21 300   M    M   2        24 300
 2  64  44  54   6  11   0 0.00    M    M  9.3 26 310   M    M   0        31 310
 3  60  32  46  -2  19   0    T    M    M  8.6 25 190   M    M   2        34 190
 4  62  38  50   2  15   0 0.00    M    M 10.4 22 230   M    M   5        29 220
 5  62  33  48   0  17   0    T    M    M 10.0 23 220   M    M   4        29 220
 6  68  37  53   5  12   0 0.00    M    M 10.8 24 280   M    M   0        29 290
 7  72  39  56   8   9   0 0.00    M    M  5.9 21 300   M    M   0        25 300
 8  77  42  60  11   5   0    T    M    M 10.3 35 290   M    M   1        42 300
 9  65  44  55   6  10   0 0.00    M    M 11.7 24 310   M    M   0        33 300
10  65  39  52   3  13   0 0.00    M    M  8.7 20 320   M    M   0        26 330
11  71  36  54   5  11   0 0.00    M    M 14.4 30 290   M    M   0        38 290
12  66  44  55   6  10   0 0.00    M    M 17.5 29  20   M    M   1        34  20
13  63  35  49  -1  16   0 0.00    M    M  6.2 16  10   M    M   0        19 360
14  65  30  48  -2  17   0 0.00    M    M  7.3 22 290   M    M   0        29 310
15  66  50  58   8   7   0 0.00    M    M 18.5 31 300   M    M   3        39 300
16  61  46  54   4  11   0    T    M    M  9.5 21 210   M    M   8        26 220
17  57  40  49  -1  16   0 0.09    M    M  6.9 17 170   M    M   7 1      21 170
================================================================================
SM 1107  669       212   0  0.09    M    175.7          M       33
================================================================================
AV 65.1 39.4                              10.3 FASTST   M    M   2    MAX(MPH)
                                 MISC ---->  # 35 290               # 42  300
================================================================================
NOTES:
# LAST OF SEVERAL OCCURRENCES

COLUMN 17 PEAK WIND IN M.P.H.

PRELIMINARY LOCAL CLIMATOLOGICAL DATA (WS FORM: F-6) , PAGE 2

                                          STATION:  EPHRATA WA AIRPORT
                                          MONTH:    APRIL
                                          YEAR:     2014
                                          LATITUDE:   47 18 N
                                          LONGITUDE: 119 31 W

[TEMPERATURE DATA]      [PRECIPITATION DATA]       SYMBOLS USED IN COLUMN 16

AVERAGE MONTHLY: 52.2   TOTAL FOR MONTH:   0.09    1 = FOG OR MIST
DPTR FM NORMAL:   3.4   DPTR FM NORMAL:   -0.20    2 = FOG REDUCING VISIBILITY
HIGHEST:    77 ON  8    GRTST 24HR  0.09 ON 17-17      TO 1/4 MILE OR LESS
LOWEST:     30 ON 14                               3 = THUNDER
                        SNOW, ICE PELLETS, HAIL    4 = ICE PELLETS
                        TOTAL MONTH:    M          5 = HAIL
                        GRTST 24HR    M  ON   M    6 = FREEZING RAIN OR DRIZZLE
                        GRTST DEPTH:  M  ON   M    7 = DUSTSTORM OR SANDSTORM:
                                                       VSBY 1/2 MILE OR LESS
                                                   8 = SMOKE OR HAZE
[NO. OF DAYS WITH]      [WEATHER - DAYS WITH]      9 = BLOWING SNOW
                                                   X = TORNADO
MAX 32 OR BELOW:   0    0.01 INCH OR MORE:   1
MAX 90 OR ABOVE:   0    0.10 INCH OR MORE:   0
MIN 32 OR BELOW:   2    0.50 INCH OR MORE:   0
MIN  0 OR BELOW:   0    1.00 INCH OR MORE:   0

[HDD (BASE 65) ]
TOTAL THIS MO.   212    CLEAR  (SCALE 0-3)  13
DPTR FM NORMAL   -62    PTCLDY (SCALE 4-7)   4
TOTAL FM JUL 1  5456    CLOUDY (SCALE 8-10)  0
DPTR FM NORMAL   -75

[CDD (BASE 65) ]
TOTAL THIS MO.     0
DPTR FM NORMAL     0    [PRESSURE DATA]
TOTAL FM JAN 1     0    HIGHEST SLP M ON M
DPTR FM NORMAL     0    LOWEST  SLP  0.00 ON M

[REMARKS]
