000
CXUS56 KOTX 291500
CF6EPH
PRELIMINARY LOCAL CLIMATOLOGICAL DATA (WS FORM: F-6)

                                          STATION:   EPHRATA WA AIRPORT
                                          MONTH:     JUNE
                                          YEAR:      2015
                                          LATITUDE:   47 18 N
                                          LONGITUDE: 119 31 W

  TEMPERATURE IN F:       :PCPN:    SNOW:  WIND      :SUNSHINE: SKY     :PK WND
================================================================================
1   2   3   4   5  6A  6B    7    8   9   10  11  12  13   14  15   16   17  18
                                     12Z  AVG MX 2MIN
DY MAX MIN AVG DEP HDD CDD  WTR  SNW DPTH SPD SPD DIR MIN PSBL S-S WX    SPD DR
================================================================================

 1  86  62  74  10   0   9    T    M    M  9.6 25 170   M    M   2 3      32 170
 2  75  58  67   3   0   2    T    M    M  9.0 20 310   M    M   7        25 310
 3  75  48  62  -2   3   0 0.00    M    M  5.5 17 310   M    M   5        23 310
 4  80  57  69   5   0   4 0.00    M    M  6.9 18 320   M    M   3        23 320
 5  89  60  75  11   0  10 0.00    M    M  9.5 20 350   M    M   1        23  10
 6  94  67  81  16   0  16 0.00    M    M  8.6 17 310   M    M   0        30 200
 7  98  70  84  19   0  19 0.00    M    M  8.6 20 300   M    M   0        24 300
 8 102  68  85  20   0  20 0.00    M    M  9.0 22 310   M    M   0        30 300
 9  99  67  83  18   0  18 0.00    M    M 11.1 24 340   M    M   0        30 310
10  97  70  84  19   0  19 0.00    M    M 14.2 24 230   M    M   0        31 230
11  95  68  82  16   0  17 0.00    M    M 15.8 31 280   M    M   0        45 280
12  83  57  70   4   0   5 0.00    M    M 13.8 26 300   M    M   0        36 270
13  78  50  64  -2   1   0 0.00    M    M  8.3 16 180   M    M   0        27 160
14  86  59  73   7   0   8 0.00    M    M  8.0 16 340   M    M   0        22 360
15  90  62  76  10   0  11 0.00    M    M  7.8 18  20   M    M   0        26  30
16  92  59  76   9   0  11 0.00    M    M  6.0 15 170   M    M   0        23 180
17  91  61  76   9   0  11 0.00    M    M  9.2 18 210   M    M   0        25 190
18  91  67  79  12   0  14 0.00    M    M  7.4 20 330   M    M   1        30 180
19  83  58  71   4   0   6 0.00    M    M 13.3 23 320   M    M   0        28 310
20  82  59  71   3   0   6 0.00    M    M 10.0 22 300   M    M   0        29 310
21  82  62  72   4   0   7 0.00    M    M 10.0 21 360   M    M   0        26 340
22  86  60  73   5   0   8 0.00    M    M  7.7 22 310   M    M   0        28 320
23  89  63  76   8   0  11 0.00    M    M  8.1 25 310   M    M   0        30 310
24  88  66  77   8   0  12 0.00    M    M  8.2 17 310   M    M   1        21 310
25  94  58  76   7   0  11 0.00    M    M  3.7 14 180   M    M   0        19 180
26 101  65  83  14   0  18 0.00    M    M  6.1 14 180   M    M   0        19 200
27 107  70  89  20   0  24 0.00    M    M  6.2 14 220   M    M   0        19 230
28 110  77  94  24   0  29    T    M    M  8.0 23 220   M    M   0 8      35 220
================================================================================
SM 2523 1748         4 326    T     M    249.6          M       20
================================================================================
AV 90.1 62.4                               8.9 FASTST   M    M   1    MAX(MPH)
                                 MISC ---->  # 31 280               # 45  280
================================================================================
NOTES:
# LAST OF SEVERAL OCCURRENCES

COLUMN 17 PEAK WIND IN M.P.H.

PRELIMINARY LOCAL CLIMATOLOGICAL DATA (WS FORM: F-6) , PAGE 2

                                          STATION:  EPHRATA WA AIRPORT
                                          MONTH:    JUNE
                                          YEAR:     2015
                                          LATITUDE:   47 18 N
                                          LONGITUDE: 119 31 W

[TEMPERATURE DATA]      [PRECIPITATION DATA]       SYMBOLS USED IN COLUMN 16

AVERAGE MONTHLY: 76.3   TOTAL FOR MONTH:      T    1 = FOG OR MIST
DPTR FM NORMAL:   9.8   DPTR FM NORMAL:   -0.58    2 = FOG REDUCING VISIBILITY
HIGHEST:   110 ON 28    GRTST 24HR    T  ON 28-28      TO 1/4 MILE OR LESS
LOWEST:     48 ON  3                               3 = THUNDER
                        SNOW, ICE PELLETS, HAIL    4 = ICE PELLETS
                        TOTAL MONTH:    M          5 = HAIL
                        GRTST 24HR    M  ON   M    6 = FREEZING RAIN OR DRIZZLE
                        GRTST DEPTH:  M  ON   M    7 = DUSTSTORM OR SANDSTORM:
                                                       VSBY 1/2 MILE OR LESS
                                                   8 = SMOKE OR HAZE
[NO. OF DAYS WITH]      [WEATHER - DAYS WITH]      9 = BLOWING SNOW
                                                   X = TORNADO
MAX 32 OR BELOW:   0    0.01 INCH OR MORE:   0
MAX 90 OR ABOVE:  14    0.10 INCH OR MORE:   0
MIN 32 OR BELOW:   0    0.50 INCH OR MORE:   0
MIN  0 OR BELOW:   0    1.00 INCH OR MORE:   0

[HDD (BASE 65) ]
TOTAL THIS MO.     4    CLEAR  (SCALE 0-3)  26
DPTR FM NORMAL   -53    PTCLDY (SCALE 4-7)   2
TOTAL FM JUL 1  4682    CLOUDY (SCALE 8-10)  0
DPTR FM NORMAL -1284

[CDD (BASE 65) ]
TOTAL THIS MO.   326
DPTR FM NORMAL   228    [PRESSURE DATA]
TOTAL FM JAN 1   411    HIGHEST SLP  0.00 ON 16
DPTR FM NORMAL   276    LOWEST  SLP  0.00 ON M

[REMARKS]
