000
CXUS54 KEWX 220910
CF6ERV
PRELIMINARY LOCAL CLIMATOLOGICAL DATA (WS FORM: F-6)

                                          STATION:   KERRVILLE
                                          MONTH:     JANUARY
                                          YEAR:      2018
                                          LATITUDE:   29 58 N
                                          LONGITUDE:  99  5 W

  TEMPERATURE IN F:       :PCPN:    SNOW:  WIND      :SUNSHINE: SKY     :PK WND
================================================================================
1   2   3   4   5  6A  6B    7    8   9   10  11  12  13   14  15   16   17  18
                                     12Z  AVG MX 2MIN
DY MAX MIN AVG DEP HDD CDD  WTR  SNW DPTH SPD SPD DIR MIN PSBL S-S WX    SPD DR
================================================================================

 1  25  20  23   M  42   0 0.00    M    M  9.8 17 350   M    M  10        21 350
 2  31  24  28   M  37   0 0.00    M    M  6.6 15 340   M    M  10        17 330
 3  58  19  39   M  26   0 0.00    M    M  5.7 12 300   M    M   0        21 330
 4  56  19  38   M  27   0    T    M    M  3.9 13 190   M    M   3         M  M
 5  59  36  48   M  17   0 0.00    M    M  3.7 10 200   M    M   5        16 210
 6  59  36  48   M  17   0 0.00    M    M  4.7 12 160   M    M   8         M  M
 7  61  45  53   M  12   0 0.00    M    M 11.4 17 180   M    M   8 12     23 170
 8  69  36  53   M  12   0 0.00    M    M  7.7 20 340   M    M   0        25 340
 9  72  29  51   M  14   0 0.00    M    M  3.4 13 170   M    M   0        16 170
10  64  38  51   M  14   0 0.00    M    M  8.4 21 170   M    M   4 12     27 170
11  66  41  54   M  11   0 0.00    M    M 11.1 28 320   M    M   4 1      36 310
12  61  29  45   M  20   0 0.00    M    M  5.6 14 320   M    M   0        21 330
13  57  22  40   M  25   0 0.00    M    M  2.4  8  10   M    M   0         M  M
14  59  22  41   M  24   0 0.00    M    M  4.6 15 180   M    M   0        22 180
15  64  29  47   M  18   0 0.00    M    M  5.8 27 360   M    M   7 1      35 360
16  38  22  30   M  35   0 0.01    M    M 14.0 20 350   M    M  10        30 360
17  38  22  30   M  35   0 0.00    M    M  5.6 10 360   M    M  10         M  M
18  45  31  38   M  27   0 0.01    M    M  4.8  9 180   M    M  10         M  M
19  51  36  44   M  21   0 0.00    M    M  5.5  8 150   M    M  10 1       M  M
20  66  46  56   M   9   0 0.00    M    M  8.1 14 170   M    M   6 1      17 190
21  72  44  58   M   7   0 0.00    M    0  9.4 16 180   M    M   7 1      25 180
================================================================================
SM 1171  646       450   0  0.02    M    142.2          M      112
================================================================================
AV 55.8 30.8                               6.8 FASTST   M    M   5    MAX(MPH)
                                 MISC ---->  # 28 320               # 36  310
================================================================================
NOTES:
# LAST OF SEVERAL OCCURRENCES

COLUMN 17 PEAK WIND IN M.P.H.

PRELIMINARY LOCAL CLIMATOLOGICAL DATA (WS FORM: F-6) , PAGE 2

                                          STATION:  KERRVILLE
                                          MONTH:    JANUARY
                                          YEAR:     2018
                                          LATITUDE:   29 58 N
                                          LONGITUDE:  99  5 W

[TEMPERATURE DATA]      [PRECIPITATION DATA]       SYMBOLS USED IN COLUMN 16

AVERAGE MONTHLY: 43.3   TOTAL FOR MONTH:   0.02    1 = FOG OR MIST
DPTR FM NORMAL:     M   DPTR FM NORMAL:       M    2 = FOG REDUCING VISIBILITY
HIGHEST:    72 ON 21, 9 GRTST 24HR  0.01 ON 18-18      TO 1/4 MILE OR LESS
LOWEST:     19 ON  4, 3                            3 = THUNDER
                        SNOW, ICE PELLETS, HAIL    4 = ICE PELLETS
                        TOTAL MONTH:    M          5 = HAIL
                        GRTST 24HR    M  ON   M    6 = FREEZING RAIN OR DRIZZLE
                        GRTST DEPTH:   0           7 = DUSTSTORM OR SANDSTORM:
                                                       VSBY 1/2 MILE OR LESS
                                                   8 = SMOKE OR HAZE
[NO. OF DAYS WITH]      [WEATHER - DAYS WITH]      9 = BLOWING SNOW
                                                   X = TORNADO
MAX 32 OR BELOW:   2    0.01 INCH OR MORE:   2
MAX 90 OR ABOVE:   0    0.10 INCH OR MORE:   0
MIN 32 OR BELOW:  12    0.50 INCH OR MORE:   0
MIN  0 OR BELOW:   0    1.00 INCH OR MORE:   0

[HDD (BASE 65) ]
TOTAL THIS MO.   450    CLEAR  (SCALE 0-3)   7
DPTR FM NORMAL     M    PTCLDY (SCALE 4-7)   8
TOTAL FM JUL 1  1210    CLOUDY (SCALE 8-10)  6
DPTR FM NORMAL     M

[CDD (BASE 65) ]
TOTAL THIS MO.     0
DPTR FM NORMAL     M    [PRESSURE DATA]
TOTAL FM JAN 1     0    HIGHEST SLP M ON M
DPTR FM NORMAL     M    LOWEST  SLP M ON M

[REMARKS]
