000
CXUS53 KPAH 200631
CF6EVV
PRELIMINARY LOCAL CLIMATOLOGICAL DATA (WS FORM: F-6)

                                          STATION:   EVANSVILLE IN
                                          MONTH:     JANUARY
                                          YEAR:      2017
                                          LATITUDE:   38  2 N
                                          LONGITUDE:  87 32 W

  TEMPERATURE IN F:       :PCPN:    SNOW:  WIND      :SUNSHINE: SKY     :PK WND
================================================================================
1   2   3   4   5  6A  6B    7    8   9   10  11  12  13   14  15   16   17  18
                                     12Z  AVG MX 2MIN
DY MAX MIN AVG DEP HDD CDD  WTR  SNW DPTH SPD SPD DIR MIN PSBL S-S WX    SPD DR
================================================================================

 1  50  40  45  12  20   0 0.01  0.0    0  6.3 14  80   M    M   8 18     17  70
 2  59  45  52  19  13   0 0.07  0.0    0  2.4 14  90   M    M  10 12     17 100
 3  58  33  46  13  19   0 0.12  0.0    0  8.5 20 290   M    M   8 12     27 300
 4  33  22  28  -5  37   0 0.00  0.0    0  8.3 18 310   M    M   1        28 300
 5  25  14  20 -12  45   0 0.05  0.4    0  6.9 13 360   M    M   9 18     17 360
 6  17  12  15 -17  50   0 0.00  0.0    0  7.2 15 350   M    M   3        18 340
 7  20   5  13 -19  52   0 0.00  0.0    0  6.0 14 360   M    M   1        18 360
 8  25   7  16 -16  49   0 0.00  0.0    0  3.9 10 150   M    M   1        14 140
 9  42  23  33   1  32   0 0.00  0.0    0 11.5 20 220   M    M   4        26 210
10  57  42  50  18  15   0 0.13  0.0    0 17.5 33 200   M    M   8 1      49 190
11  66  32  49  17  16   0 0.12  0.0    0 11.3 28 200   M    M   6 1      39 200
12  69  34  52  20  13   0 0.22  0.0    0 12.9 25 210   M    M  10 18     32 330
13  37  33  35   3  30   0 0.46  0.0    0  8.8 16  40   M    M  10 1      20  40
14  40  36  38   6  27   0 0.19  0.0    0  3.3  9 320   M    M  10 1      13 320
15  41  36  39   7  26   0 0.09  0.0    0  4.9  9  60   M    M  10 1      11  30
16  59  41  50  18  15   0 0.32  0.0    0  5.3 13 170   M    M  10 1      17 170
17  61  44  53  21  12   0 0.02  0.0    0  9.9 17 260   M    M   9 1      26 180
18  46  39  43  11  22   0    T  0.0    0  3.7 10 280   M    M   6        16 310
19  54  40  47  15  18   0 0.39  0.0    0  4.6  9 130   M    M   9 1      11 100
================================================================================
SM  859  578       511   0  2.19     0.4 143.2          M      133
================================================================================
AV 45.2 30.4                               7.5 FASTST   M    M   7    MAX(MPH)
                                 MISC ---->  # 33 200               # 49  190
================================================================================
NOTES:
# LAST OF SEVERAL OCCURRENCES

COLUMN 17 PEAK WIND IN M.P.H.

PRELIMINARY LOCAL CLIMATOLOGICAL DATA (WS FORM: F-6) , PAGE 2

                                          STATION:  EVANSVILLE IN
                                          MONTH:    JANUARY
                                          YEAR:     2017
                                          LATITUDE:   38  2 N
                                          LONGITUDE:  87 32 W

[TEMPERATURE DATA]      [PRECIPITATION DATA]       SYMBOLS USED IN COLUMN 16

AVERAGE MONTHLY: 37.8   TOTAL FOR MONTH:   2.19    1 = FOG OR MIST
DPTR FM NORMAL:   5.6   DPTR FM NORMAL:    0.33    2 = FOG REDUCING VISIBILITY
HIGHEST:    69 ON 12    GRTST 24HR  0.56 ON 13-14      TO 1/4 MILE OR LESS
LOWEST:      5 ON  7                               3 = THUNDER
                        SNOW, ICE PELLETS, HAIL    4 = ICE PELLETS
                        TOTAL MONTH:   0.4 INCH    5 = HAIL
                        GRTST 24HR   0.4 ON   M    6 = FREEZING RAIN OR DRIZZLE
                        GRTST DEPTH:   0           7 = DUSTSTORM OR SANDSTORM:
                                                       VSBY 1/2 MILE OR LESS
                                                   8 = SMOKE OR HAZE
[NO. OF DAYS WITH]      [WEATHER - DAYS WITH]      9 = BLOWING SNOW
                                                   X = TORNADO
MAX 32 OR BELOW:   4    0.01 INCH OR MORE:  13
MAX 90 OR ABOVE:   0    0.10 INCH OR MORE:   8
MIN 32 OR BELOW:   7    0.50 INCH OR MORE:   0
MIN  0 OR BELOW:   0    1.00 INCH OR MORE:   0

[HDD (BASE 65) ]
TOTAL THIS MO.   511    CLEAR  (SCALE 0-3)   3
DPTR FM NORMAL  -111    PTCLDY (SCALE 4-7)   4
TOTAL FM JUL 1  1941    CLOUDY (SCALE 8-10) 12
DPTR FM NORMAL  -453

[CDD (BASE 65) ]
TOTAL THIS MO.     0
DPTR FM NORMAL     0    [PRESSURE DATA]
TOTAL FM JAN 1     0    HIGHEST SLP M ON M
DPTR FM NORMAL     0    LOWEST  SLP 29.64 ON 19

[REMARKS]
