000
CXUS56 KSLC 271229
CF6EVW
PRELIMINARY LOCAL CLIMATOLOGICAL DATA (WS FORM: F-6)

                                          STATION:   EVANSTON WY
                                          MONTH:     SEPTEMBER
                                          YEAR:      2016
                                          LATITUDE:   41 16 N
                                          LONGITUDE: 111  2 W

  TEMPERATURE IN F:       :PCPN:    SNOW:  WIND      :SUNSHINE: SKY     :PK WND
================================================================================
1   2   3   4   5  6A  6B    7    8   9   10  11  12  13   14  15   16   17  18
                                     12Z  AVG MX 2MIN
DY MAX MIN AVG DEP HDD CDD  WTR  SNW DPTH SPD SPD DIR MIN PSBL S-S WX    SPD DR
================================================================================

 1  82  54  68   8   0   3    T  0.0    0 10.4 30 290   M    M   3        39 290
 2  82  51  67   7   0   2 0.00  0.0    0 16.1 30 220   M    M   3        40 220
 3  79  53  66   6   0   1    T  0.0    0 12.5 44 250   M    M   5        55 240
 4  74  47  61   2   4   0    T    M    0 13.2 36 230   M    M   4        55 240
 5  68  39  54  -5  11   0    T    M    0 10.6 26 270   M    M   1        33 250
 6  73  40  57  -2   8   0 0.00  0.0    0  9.2 29 250   M    M   2        36 260
 7  72  45  59   1   6   0 0.00  0.0    0  9.2 28 270   M    M   0        35 240
 8  72  43  58   0   7   0 0.00  0.0    0 13.5 30 260   M    M   0        37 240
 9  68  39  54  -4  11   0 0.00  0.0    0  8.4 16 270   M    M   0        21 360
10  75  34  55  -2  10   0 0.00  0.0    0  8.4 22 260   M    M   0        27 270
11  79  48  64   7   1   0 0.00  0.0    0 13.2 32 270   M    M   0        39 280
12  77  44  61   4   4   0    T    M    0 13.9 31 230   M    M   5        41 240
13  67  39  53  -3  12   0 0.27    M    0 10.6 36 190   M    M   5 1      48 190
14  58  41  50  -6  15   0 0.33    M    0  9.9 32 240   M    M   6 1      40 230
15  54  40  47  -9  18   0 0.01    M    0  8.2 16 270   M    M   8 1      19 230
16  64  34  49  -6  16   0 0.00  0.0    0  3.8 13 350   M    M   1        16 340
17  68  39  54  -1  11   0 0.00  0.0    0  7.7 13 230   M    M   0         M  M
18   M   M   M   M   M   M 0.00  0.0    0   M   M   M   M    M   0         M  M
19  79   M   M   M   M   M 0.00  0.0    M 13.5 26 230   M    M   0 8      37 220
20  80  51  66  12   0   1 0.00  0.0    0  9.0 22 260   M    M   0        28 270
21  73  46  60   7   5   0 0.00  0.0    0  9.4 21 230   M    M   3        26 230
22  70  33  52  -1  13   0 0.85    M    0  9.9 35 230   M    M   8 13     42 230
23  44  33  39 -14  26   0 0.14    M    0 12.5 24 220   M    M   9 1      30 220
24  50  32  41 -11  24   0 0.25    M    0 11.8 21 290   M    M   8 12     25 280
25  62  33  48  -4  17   0 0.00  0.0    0  5.3 13  20   M    M   0 8      16 360
26  69  42  56   4   9   0 0.00  0.0    0  4.6 12 360   M    M   0 8      16 300
================================================================================
SM 1739 1000       228   7  1.85     0.0 254.8          M       71
================================================================================
AV 69.6 41.7                              10.2 FASTST   M    M   3    MAX(MPH)
                                 MISC ---->  # 44 250               # 55  240
================================================================================
NOTES:
# LAST OF SEVERAL OCCURRENCES

COLUMN 17 PEAK WIND IN M.P.H.

PRELIMINARY LOCAL CLIMATOLOGICAL DATA (WS FORM: F-6) , PAGE 2

                                          STATION:  EVANSTON WY
                                          MONTH:    SEPTEMBER
                                          YEAR:     2016
                                          LATITUDE:   41 16 N
                                          LONGITUDE: 111  2 W

[TEMPERATURE DATA]      [PRECIPITATION DATA]       SYMBOLS USED IN COLUMN 16

AVERAGE MONTHLY: 55.6   TOTAL FOR MONTH:   1.85    1 = FOG OR MIST
DPTR FM NORMAL:  -0.4   DPTR FM NORMAL:    0.72    2 = FOG REDUCING VISIBILITY
HIGHEST:    82 ON  2, 1 GRTST 24HR  0.87 ON 22-23      TO 1/4 MILE OR LESS
LOWEST:     32 ON 24                               3 = THUNDER
                        SNOW, ICE PELLETS, HAIL    4 = ICE PELLETS
                        TOTAL MONTH:   0.0 INCH    5 = HAIL
                        GRTST 24HR     0.0         6 = FREEZING RAIN OR DRIZZLE
                        GRTST DEPTH:   0           7 = DUSTSTORM OR SANDSTORM:
                                                       VSBY 1/2 MILE OR LESS
                                                   8 = SMOKE OR HAZE
[NO. OF DAYS WITH]      [WEATHER - DAYS WITH]      9 = BLOWING SNOW
                                                   X = TORNADO
MAX 32 OR BELOW:   0    0.01 INCH OR MORE:   6
MAX 90 OR ABOVE:   0    0.10 INCH OR MORE:   5
MIN 32 OR BELOW:   1    0.50 INCH OR MORE:   1
MIN  0 OR BELOW:   0    1.00 INCH OR MORE:   0

[HDD (BASE 65) ]
TOTAL THIS MO.   228    CLEAR  (SCALE 0-3)  17
DPTR FM NORMAL    -9    PTCLDY (SCALE 4-7)   7
TOTAL FM JUL 1   287    CLOUDY (SCALE 8-10)  2
DPTR FM NORMAL   -53

[CDD (BASE 65) ]
TOTAL THIS MO.     7
DPTR FM NORMAL     7    [PRESSURE DATA]
TOTAL FM JAN 1   293    HIGHEST SLP M ON M
DPTR FM NORMAL   136    LOWEST  SLP 29.46 ON 22

[REMARKS]
