000
CXAK56 PAFG 261359
CF6FAI
PRELIMINARY LOCAL CLIMATOLOGICAL DATA (WS FORM: F-6)

                                          STATION:   FAIRBANKS AK
                                          MONTH:     NOVEMBER
                                          YEAR:      2014
                                          LATITUDE:   64 49 N
                                          LONGITUDE: 147 52 W

  TEMPERATURE IN F:       :PCPN:    SNOW:  WIND      :SUNSHINE: SKY     :PK WND
================================================================================
1   2   3   4   5  6A  6B    7    8   9   10  11  12  13   14  15   16   17  18
                                     12Z  AVG MX 2MIN
DY MAX MIN AVG DEP HDD CDD  WTR  SNW DPTH SPD SPD DIR MIN PSBL S-S WX    SPD DR
================================================================================

 1  23   0  12   1  53   0 0.00  0.0    2  4.5  9  40   M    M   5         9  20
 2  24  13  19   9  46   0    T    T    2  8.6 14  10   M    M   8        17  10
 3  23   0  12   3  53   0 0.00  0.0    2  3.9 10  30   M    M   4        12  30
 4   7  -4   2  -6  63   0 0.00  0.0    2  1.3  5  50   M    M   2 1       5  30
 5  13  -6   4  -4  61   0 0.00  0.0    2  2.6  8  30   M    M   1 1      11  40
 6  21   0  11   4  54   0 0.00  0.0    2  6.4 12  20   M    M   1        12  10
 7  19   5  12   6  53   0 0.00  0.0    2  6.1 10  40   M    M   3        11  50
 8  17   3  10   4  55   0 0.00  0.0    2  2.1  7  30   M    M   2 1       8  30
 9  28   5  17  12  48   0 0.00  0.0    2  2.2 12  30   M    M   5        13  30
10  35  10  23  19  42   0 0.00  0.0    2  3.8 10 340   M    M   5        11 340
11  29  10  20  16  45   0 0.00  0.0    2  2.3  8 310   M    M   7        10  90
12  38  18  28  25  37   0 0.00  0.0    2  1.2  8  20   M    M   8        10 220
13  28  11  20  17  45   0 0.00  0.0    2  1.8  9  50   M    M   3        10  50
14  22   4  13  11  52   0 0.00  0.0    2  0.3  5  60   M    M   4 1       6  50
15  14   2   8   6  57   0 0.00  0.0    2  0.7  6  30   M    M   3 1       6  30
16  14  -1   7   6  58   0 0.00  0.0    2  1.2  9  30   M    M   4 1       9  30
17  20   6  13  12  52   0 0.00  0.0    2  1.0  7  30   M    M   4         7  30
18  27   5  16  15  49   0 0.00  0.0    2  1.8  7  30   M    M   6        10 100
19  26  12  19  19  46   0 0.00  0.0    2  2.1 10  60   M    M   6        11  60
20  18   4  11  11  54   0 0.00  0.0    2  1.8  7  30   M    M   6         8 330
21  16   2   9   9  56   0 0.00  0.0    2  6.2 14  40   M    M   4        16  30
22  12  -4   4   5  61   0 0.00  0.0    2  7.0 17  10   M    M   2        20  10
23  10  -2   4   5  61   0    T    T    2  2.5  9  30   M    M   7        12  30
24  13   0   7   8  58   0    T    T    2  0.5  6  70   M    M   8 1       6  70
25  17  12  15  16  50   0 0.12  2.6    5  1.2  6 340   M    M  10 1       7 190
================================================================================
SM  514  105      1309   0  0.12     2.6  73.1          M      118
================================================================================
AV 20.6  4.2                               2.9 FASTST   M    M   5    MAX(MPH)
                                 MISC ---->  # 17  10               # 20   10
================================================================================
NOTES:
# LAST OF SEVERAL OCCURRENCES

COLUMN 17 PEAK WIND IN M.P.H.

PRELIMINARY LOCAL CLIMATOLOGICAL DATA (WS FORM: F-6) , PAGE 2

                                          STATION:  FAIRBANKS AK
                                          MONTH:    NOVEMBER
                                          YEAR:     2014
                                          LATITUDE:   64 49 N
                                          LONGITUDE: 147 52 W

[TEMPERATURE DATA]      [PRECIPITATION DATA]       SYMBOLS USED IN COLUMN 16

AVERAGE MONTHLY: 12.4   TOTAL FOR MONTH:   0.12    1 = FOG OR MIST
DPTR FM NORMAL:     M   DPTR FM NORMAL:   -0.45    2 = FOG REDUCING VISIBILITY
HIGHEST:    38 ON 12    GRTST 24HR  0.12 ON 25-25      TO 1/4 MILE OR LESS
LOWEST:     -6 ON  5                               3 = THUNDER
                        SNOW, ICE PELLETS, HAIL    4 = ICE PELLETS
                        TOTAL MONTH:   2.6 INCHES  5 = HAIL
                        GRTST 24HR   2.6 ON   M    6 = FREEZING RAIN OR DRIZZLE
                        GRTST DEPTH:   5 ON 25     7 = DUSTSTORM OR SANDSTORM:
                                                       VSBY 1/2 MILE OR LESS
                                                   8 = SMOKE OR HAZE
[NO. OF DAYS WITH]      [WEATHER - DAYS WITH]      9 = BLOWING SNOW
                                                   X = TORNADO
MAX 32 OR BELOW:  23    0.01 INCH OR MORE:   1
MAX 90 OR ABOVE:   0    0.10 INCH OR MORE:   1
MIN 32 OR BELOW:  25    0.50 INCH OR MORE:   0
MIN  0 OR BELOW:   9    1.00 INCH OR MORE:   0

[HDD (BASE 65) ]
TOTAL THIS MO.  1309    CLEAR  (SCALE 0-3)   8
DPTR FM NORMAL  -229    PTCLDY (SCALE 4-7)  15
TOTAL FM JUL 1  3407    CLOUDY (SCALE 8-10)  2
DPTR FM NORMAL  -390

[CDD (BASE 65) ]
TOTAL THIS MO.     0
DPTR FM NORMAL     0    [PRESSURE DATA]
TOTAL FM JAN 1    27    HIGHEST SLP M ON M
DPTR FM NORMAL   -34    LOWEST  SLP 29.28 ON 21

[REMARKS]
