000
CXUS53 KFGF 280915
CF6FAR
PRELIMINARY LOCAL CLIMATOLOGICAL DATA (WS FORM: F-6)

                                          STATION:   FARGO HECTOR INTL AP ND
                                          MONTH:     SEPTEMBER
                                          YEAR:      2016
                                          LATITUDE:   46 54 N
                                          LONGITUDE:  96 48 W

  TEMPERATURE IN F:       :PCPN:    SNOW:  WIND      :SUNSHINE: SKY     :PK WND
================================================================================
1   2   3   4   5  6A  6B    7    8   9   10  11  12  13   14  15   16   17  18
                                     12Z  AVG MX 2MIN
DY MAX MIN AVG DEP HDD CDD  WTR  SNW DPTH SPD SPD DIR MIN PSBL S-S WX    SPD DR
================================================================================

 1  82  56  69   4   0   4 0.00  0.0    0 11.2 20 150   M    M   1        26 150
 2  80  60  70   5   0   5 0.00  0.0    0 17.4 28 160   M    M   0        37 170
 3  84  65  75  11   0  10 0.00  0.0    0 18.3 26 160   M    M   4        36 180
 4  83  64  74  10   0   9 0.03  0.0    0 13.0 28 150   M    M   8 1      36 160
 5  69  60  65   1   0   0 0.11  0.0    0  6.5 13 330   M    M   9 1       M  M
 6  76  59  68   5   0   3    T  0.0    M  6.3 16 360   M    M   4        20 350
 7  77  51  64   1   1   0 1.34  0.0    0  9.3 30 250   M    M   5 1      35 250
 8  78  54  66   4   0   1    T  0.0    0  8.2 17 200   M    M   2        20 210
 9  72  51  62   0   3   0 0.02  0.0    0  8.2 20 320   M    M   3 1      26 320
10  74  46  60  -2   5   0 0.00  0.0    0  6.1 16 290   M    M   1        21 280
11  84  57  71  10   0   6 0.00  0.0    0 11.5 16 160   M    M   1        22 170
12  69  51  60  -1   5   0 0.00  0.0    0 14.2 25 350   M    M   4        31 340
13  60  40  50 -10  15   0 0.00  0.0    0  8.0 17 350   M    M   6        26 350
14  70  37  54  -6  11   0 0.00  0.0    0  9.1 16 140   M    M   0        21 140
15  72  60  66   7   0   1 0.01  0.0    0 10.6 16 160   M    M   8 1      20 140
16  72  59  66   7   0   1 0.56  0.0    0  6.5 18 330   M    M   9 13     23 330
17  75  48  62   4   3   0 0.00  0.0    0  8.1 15 290   M    M   2        22 290
18  76  58  67   9   0   2    T  0.0    0 10.9 20 200   M    M   1        24 180
19  78  50  64   6   1   0 0.00  0.0    0 11.5 26 280   M    M   0        35 280
20  70  50  60   3   5   0 0.20  0.0    0  5.5 14 200   M    M   5 1      17 200
21  76  48  62   5   3   0 0.00  0.0    0 11.7 23  50   M    M   2        30  40
22  71  50  61   5   4   0 0.00  0.0    0 16.5 22  40   M    M   7        27  40
23  67  58  63   7   2   0 0.16  0.0    0 10.7 21 140   M    M   8 1      29 140
24  80  65  73  18   0   8 0.17  0.0    0 17.9 25 160   M    M   8 1      37 140
25  68  54  61   6   4   0    T  0.0    0 16.6 35 290   M    M   M        41 300
26  67  43  55   1  10   0 0.00  0.0    0 17.7 35 310   M    M   0        45 290
27  65  37  51  -3  14   0 0.00  0.0    0 11.7 23 350   M    M   2        29 340
================================================================================
SM 1995 1431        86  50  2.60     0.0 303.2          M      100
================================================================================
AV 73.9 53.0                              11.2 FASTST   M    M   4    MAX(MPH)
                                 MISC ---->  # 35 290               # 45  290
================================================================================
NOTES:
# LAST OF SEVERAL OCCURRENCES

COLUMN 17 PEAK WIND IN M.P.H.

PRELIMINARY LOCAL CLIMATOLOGICAL DATA (WS FORM: F-6) , PAGE 2

                                          STATION:  FARGO HECTOR INTL AP ND
                                          MONTH:    SEPTEMBER
                                          YEAR:     2016
                                          LATITUDE:   46 54 N
                                          LONGITUDE:  96 48 W

[TEMPERATURE DATA]      [PRECIPITATION DATA]       SYMBOLS USED IN COLUMN 16

AVERAGE MONTHLY: 63.4   TOTAL FOR MONTH:   2.60    1 = FOG OR MIST
DPTR FM NORMAL:   3.7   DPTR FM NORMAL:    0.26    2 = FOG REDUCING VISIBILITY
HIGHEST:    84 ON 11, 3 GRTST 24HR  1.34 ON  7- 7      TO 1/4 MILE OR LESS
LOWEST:     37 ON 27,14                            3 = THUNDER
                        SNOW, ICE PELLETS, HAIL    4 = ICE PELLETS
                        TOTAL MONTH:   0.0 INCH    5 = HAIL
                        GRTST 24HR     0.0         6 = FREEZING RAIN OR DRIZZLE
                        GRTST DEPTH:   0           7 = DUSTSTORM OR SANDSTORM:
                                                       VSBY 1/2 MILE OR LESS
                                                   8 = SMOKE OR HAZE
[NO. OF DAYS WITH]      [WEATHER - DAYS WITH]      9 = BLOWING SNOW
                                                   X = TORNADO
MAX 32 OR BELOW:   0    0.01 INCH OR MORE:   9
MAX 90 OR ABOVE:   0    0.10 INCH OR MORE:   6
MIN 32 OR BELOW:   0    0.50 INCH OR MORE:   2
MIN  0 OR BELOW:   0    1.00 INCH OR MORE:   1

[HDD (BASE 65) ]
TOTAL THIS MO.    86    CLEAR  (SCALE 0-3)  13
DPTR FM NORMAL   -97    PTCLDY (SCALE 4-7)  10
TOTAL FM JUL 1   103    CLOUDY (SCALE 8-10)  3
DPTR FM NORMAL  -130

[CDD (BASE 65) ]
TOTAL THIS MO.    50
DPTR FM NORMAL     7    [PRESSURE DATA]
TOTAL FM JAN 1   653    HIGHEST SLP M ON M
DPTR FM NORMAL   105    LOWEST  SLP 29.58 ON 18

[REMARKS]
