000
CXUS56 KHNX 281146
CF6FAT
PRELIMINARY LOCAL CLIMATOLOGICAL DATA (WS FORM: F-6)

                                          STATION:   FRESNO CA
                                          MONTH:     JULY
                                          YEAR:      2015
                                          LATITUDE:   36 46 N
                                          LONGITUDE: 119 43 W

  TEMPERATURE IN F:       :PCPN:    SNOW:  WIND      :SUNSHINE: SKY     :PK WND
================================================================================
1   2   3   4   5  6A  6B    7    8   9   10  11  12  13   14  15   16   17  18
                                     12Z  AVG MX 2MIN
DY MAX MIN AVG DEP HDD CDD  WTR  SNW DPTH SPD SPD DIR MIN PSBL S-S WX    SPD DR
================================================================================

 1 102  79  91  10   0  26 0.03  0.0    0  8.2 18 130   M    M   8 3      23 130
 2  98  78  88   7   0  23 0.04  0.0    0  3.4 12  70   M    M   8 8      16  90
 3 102  72  87   5   0  22 0.00  0.0    0  8.3 17 290   M    M   5        23 300
 4 104  74  89   7   0  24 0.00  0.0    0  7.8 16 300   M    M   3        22 310
 5  98  71  85   3   0  20 0.00  0.0    0  9.6 20 310   M    M   1        24 310
 6  94  69  82   0   0  17 0.00  0.0    0 12.5 24 300   M    M   1        28 300
 7  94  67  81  -1   0  16 0.00  0.0    0 10.7 20 310   M    M   3        25 300
 8  91  66  79  -3   0  14 0.00  0.0    0  9.9 23 300   M    M   3        28 320
 9  85  62  74  -9   0   9 0.00  0.0    0  8.8 20 310   M    M   5 3      25 310
10  86  66  76  -7   0  11 0.00  0.0    0  9.7 16 290   M    M   6        19 310
11  91  63  77  -6   0  12 0.00  0.0    0  8.7 17 310   M    M   4        21 310
12  93  65  79  -4   0  14 0.00  0.0    0  9.4 20 310   M    M   5        25 310
13  95  68  82  -1   0  17 0.00  0.0    0 10.3 18 310   M    M   5        26 310
14  95  66  81  -2   0  16 0.00  0.0    0  9.5 17 310   M    M   2        22 310
15  95  63  79  -4   0  14 0.00  0.0    0  6.5 15 310   M    M   1        19 310
16 100  67  84   1   0  19 0.00  0.0    0  6.4 15 280   M    M   1        18 290
17 101  69  85   1   0  20 0.00  0.0    0  6.9 17 310   M    M   2        22 310
18 101  70  86   2   0  21 0.36  0.0    0  5.5 22 130   M    M   5 3      27 150
19  90  72  81  -3   0  16 0.00  0.0    0  7.1 15 280   M    M   7        23 260
20  96  76  86   2   0  21 0.00  0.0    0  5.1 15 230   M    M   8        19 230
21 100  78  89   5   0  24 0.00  0.0    0  7.7 18 290   M    M   4        22 300
22  97  72  85   1   0  20 0.00  0.0    0  8.4 20 280   M    M   5        23 320
23  93  64  79  -5   0  14 0.00  0.0    0  9.0 16 310   M    M   3        19 310
24  95  63  79  -5   0  14 0.00  0.0    0  9.0 17 310   M    M   1        21 310
25  97  66  82  -2   0  17 0.00  0.0    0 10.4 22 240   M    M   1        26 230
26  96  66  81  -3   0  16 0.00  0.0    0  8.1 16 300   M    M   1        20 310
27  96  65  81  -3   0  16 0.00  0.0    0  8.0 15 290   M    M   1        19 270
================================================================================
SM 2585 1857         0 473  0.43     0.0 224.9          M       99
================================================================================
AV 95.7 68.8                               8.3 FASTST   M    M   4    MAX(MPH)
                                 MISC ---->  # 24 300               # 28  300
================================================================================
NOTES:
# LAST OF SEVERAL OCCURRENCES

COLUMN 17 PEAK WIND IN M.P.H.

PRELIMINARY LOCAL CLIMATOLOGICAL DATA (WS FORM: F-6) , PAGE 2

                                          STATION:  FRESNO CA
                                          MONTH:    JULY
                                          YEAR:     2015
                                          LATITUDE:   36 46 N
                                          LONGITUDE: 119 43 W

[TEMPERATURE DATA]      [PRECIPITATION DATA]       SYMBOLS USED IN COLUMN 16

AVERAGE MONTHLY: 82.3   TOTAL FOR MONTH:   0.43    1 = FOG OR MIST
DPTR FM NORMAL:  -0.8   DPTR FM NORMAL:    0.42    2 = FOG REDUCING VISIBILITY
HIGHEST:   104 ON  4    GRTST 24HR  0.36 ON 18-18      TO 1/4 MILE OR LESS
LOWEST:     62 ON  9                               3 = THUNDER
                        SNOW, ICE PELLETS, HAIL    4 = ICE PELLETS
                        TOTAL MONTH:   0.0 INCH    5 = HAIL
                        GRTST 24HR     0.0         6 = FREEZING RAIN OR DRIZZLE
                        GRTST DEPTH:   0           7 = DUSTSTORM OR SANDSTORM:
                                                       VSBY 1/2 MILE OR LESS
                                                   8 = SMOKE OR HAZE
[NO. OF DAYS WITH]      [WEATHER - DAYS WITH]      9 = BLOWING SNOW
                                                   X = TORNADO
MAX 32 OR BELOW:   0    0.01 INCH OR MORE:   3
MAX 90 OR ABOVE:  25    0.10 INCH OR MORE:   1
MIN 32 OR BELOW:   0    0.50 INCH OR MORE:   0
MIN  0 OR BELOW:   0    1.00 INCH OR MORE:   0

[HDD (BASE 65) ]
TOTAL THIS MO.     0    CLEAR  (SCALE 0-3)  13
DPTR FM NORMAL     0    PTCLDY (SCALE 4-7)  14
TOTAL FM JUL 1     0    CLOUDY (SCALE 8-10)  0
DPTR FM NORMAL     0

[CDD (BASE 65) ]
TOTAL THIS MO.   473
DPTR FM NORMAL   -13    [PRESSURE DATA]
TOTAL FM JAN 1  1259    HIGHEST SLP M ON M
DPTR FM NORMAL   163    LOWEST  SLP 29.66 ON 17

[REMARKS]
