000
CXUS52 KRAH 300845
CF6FAY
PRELIMINARY LOCAL CLIMATOLOGICAL DATA (WS FORM: F-6)

                                          STATION:   FAYETTEVILLE REGL AIRPORT NC
                                          MONTH:     AUGUST
                                          YEAR:      2014
                                          LATITUDE:   35  0 N
                                          LONGITUDE:  78 53 W

  TEMPERATURE IN F:       :PCPN:    SNOW:  WIND      :SUNSHINE: SKY     :PK WND
================================================================================
1   2   3   4   5  6A  6B    7    8   9   10  11  12  13   14  15   16   17  18
                                     12Z  AVG MX 2MIN
DY MAX MIN AVG DEP HDD CDD  WTR  SNW DPTH SPD SPD DIR MIN PSBL S-S WX    SPD DR
================================================================================

 1  77  69  73  -8   0   8 0.04    M    M  8.4 16  60   M    M   9 1      21 100
 2  72  67  70 -11   0   5 0.16    M    M  7.1 13  30   M    M  10 1      14  30
 3  78  69  74  -7   0   9 0.10    M    M  3.7 10 350   M    M   8 13     13 350
 4  84  69  77  -4   0  12 0.00    M    M  5.8 13 110   M    M   8 12     16 120
 5  90  72  81   0   0  16 0.00    M    M  5.6 14  10   M    M   5 1      17  20
 6  95  71  83   2   0  18 0.00    M    M  6.1 15 280   M    M   2 1      20 230
 7  93  70  82   1   0  17 0.00    M    M  5.9 15  30   M    M   1 18     20  50
 8  88  69  79  -2   0  14 0.00    M    M  5.2 12 100   M    M   2 18     15  70
 9  77  67  72  -8   0   7 1.78    M    M  6.3 17  50   M    M  10 13     25 260
10  79  69  74  -6   0   9 0.27    M    M  7.1 12  40   M    M  10 1      16  50
11  89  71  80   0   0  15 0.20    M    M  6.7 25 110   M    M   8 1      29 110
12  91  72  82   2   0  17 0.00    M    M  4.5 14 210   M    M   6 12     18 220
13  89  72  81   1   0  16 0.00    M    M  7.8 20 260   M    M   3        22 260
14  86  64  75  -5   0  10 0.00    M    M  5.1 14  30   M    M   0        17  30
15  90  62  76  -4   0  11 0.00    M    M  6.2 14 220   M    M   1        19 210
16  89  67  78  -2   0  13 0.10    M    M  2.8 12 230   M    M   2 1      14 230
17  93  73  83   3   0  18 0.00    M    M  5.0 15 260   M    M   2 12     18 280
18  94  73  84   4   0  19 0.30    M    M  7.9 25 310   M    M   2 138    43 300
19  92  73  83   4   0  18    T    M    M  5.2 21 200   M    M   3 3      23 200
20  92  73  83   4   0  18 0.00    M    M  4.3 15 220   M    M   1 13     19 220
21  95  75  85   6   0  20 0.00    M    M  5.2 12 340   M    M   0        14  10
22  98  73  86   7   0  21 0.00    M    M  4.7 15  40   M    M   1        20  40
23  92  73  83   4   0  18 0.97    M    M  5.2 31 340   M    M   3 138    37 360
24  83  67  75  -4   0  10 0.00    M    M  9.7 18  30   M    M   6        24  30
25  81  62  72  -7   0   7 0.00    M    M 10.7 18  20   M    M   6        22  20
26  85  64  75  -4   0  10 0.00    M    M  9.2 17  20   M    M   1        22  30
27  88  62  75  -3   0  10 0.00    M    M  7.5 15  30   M    M   0        17  40
28  95  66  81   3   0  16 0.00    M    M  5.2 12 290   M    M   1        14 300
29  93  70  82   4   0  17 0.00    M    M  4.7 14  20   M    M   1        16  20
================================================================================
SM 2548 2004         0 399  3.92    M    178.8          M      112
================================================================================
AV 87.9 69.1                               6.2 FASTST   M    M   4    MAX(MPH)
                                 MISC ---->  # 31 340               # 43  300
================================================================================
NOTES:
# LAST OF SEVERAL OCCURRENCES

COLUMN 17 PEAK WIND IN M.P.H.

PRELIMINARY LOCAL CLIMATOLOGICAL DATA (WS FORM: F-6) , PAGE 2

                                          STATION:  FAYETTEVILLE REGL AIRPORT NC
                                          MONTH:    AUGUST
                                          YEAR:     2014
                                          LATITUDE:   35  0 N
                                          LONGITUDE:  78 53 W

[TEMPERATURE DATA]      [PRECIPITATION DATA]       SYMBOLS USED IN COLUMN 16

AVERAGE MONTHLY: 78.5   TOTAL FOR MONTH:   3.92    1 = FOG OR MIST
DPTR FM NORMAL:  -1.3   DPTR FM NORMAL:   -1.29    2 = FOG REDUCING VISIBILITY
HIGHEST:    98 ON 22    GRTST 24HR  1.99 ON  9-10      TO 1/4 MILE OR LESS
LOWEST:     62 ON 27,25                            3 = THUNDER
                        SNOW, ICE PELLETS, HAIL    4 = ICE PELLETS
                        TOTAL MONTH:    M          5 = HAIL
                        GRTST 24HR    M  ON   M    6 = FREEZING RAIN OR DRIZZLE
                        GRTST DEPTH:  M  ON   M    7 = DUSTSTORM OR SANDSTORM:
                                                       VSBY 1/2 MILE OR LESS
                                                   8 = SMOKE OR HAZE
[NO. OF DAYS WITH]      [WEATHER - DAYS WITH]      9 = BLOWING SNOW
                                                   X = TORNADO
MAX 32 OR BELOW:   0    0.01 INCH OR MORE:   9
MAX 90 OR ABOVE:  14    0.10 INCH OR MORE:   8
MIN 32 OR BELOW:   0    0.50 INCH OR MORE:   2
MIN  0 OR BELOW:   0    1.00 INCH OR MORE:   1

[HDD (BASE 65) ]
TOTAL THIS MO.     0    CLEAR  (SCALE 0-3)  17
DPTR FM NORMAL     0    PTCLDY (SCALE 4-7)   8
TOTAL FM JUL 1     0    CLOUDY (SCALE 8-10)  4
DPTR FM NORMAL     0

[CDD (BASE 65) ]
TOTAL THIS MO.   399
DPTR FM NORMAL   -28    [PRESSURE DATA]
TOTAL FM JAN 1  1706    HIGHEST SLP M ON M
DPTR FM NORMAL    92    LOWEST  SLP 29.76 ON 12

[REMARKS]
