000
CXUS52 KRAH 230817
CF6FAY
PRELIMINARY LOCAL CLIMATOLOGICAL DATA (WS FORM: F-6)

                                          STATION:   FAYETTEVILLE REGL AIRPORT NC
                                          MONTH:     FEBRUARY
                                          YEAR:      2017
                                          LATITUDE:   35  0 N
                                          LONGITUDE:  78 53 W

  TEMPERATURE IN F:       :PCPN:    SNOW:  WIND      :SUNSHINE: SKY     :PK WND
================================================================================
1   2   3   4   5  6A  6B    7    8   9   10  11  12  13   14  15   16   17  18
                                     12Z  AVG MX 2MIN
DY MAX MIN AVG DEP HDD CDD  WTR  SNW DPTH SPD SPD DIR MIN PSBL S-S WX    SPD DR
================================================================================

 1  76  47  62  17   3   0 0.00    M    M 10.6 22 230   M    M   0        27 210
 2  70  45  58  13   7   0    T    M    M  5.5 14  10   M    M   3        15  10
 3  55  40  48   2  17   0 0.01    M    M  9.2 16 350   M    M  10        22 330
 4  46  28  37  -9  28   0 0.00    M    M  7.5 20  20   M    M   0        26 340
 5  61  31  46   0  19   0    T    M    M  5.6 17 260   M    M   4        22 230
 6  69  34  52   6  13   0 0.00    M    M  4.9 12 170   M    M   1 18     13 170
 7  77  49  63  17   2   0 0.00    M    M  9.5 22 200   M    M   2 18     26 220
 8  74  58  66  20   0   1 0.12    M    M  7.8 16 240   M    M   5 1      20 260
 9  64  37  51   5  14   0 0.22    M    M 16.0 31 300   M    M   2 1      43 310
10  53  29  41  -5  24   0 0.00    M    M  5.3 15 180   M    M   0        20 190
11  75  43  59  12   6   0 0.00    M    M 12.9 23 230   M    M   1        29 230
12  83  63  73  26   0   8 0.00    M    M 14.1 25 240   M    M   3        33 220
13  70  37  54   7  11   0 0.00    M    M 10.4 23 320   M    M   0        32 320
14  68  34  51   4  14   0 0.00    M    M  6.3 17 220   M    M   2        22 220
15  62  45  54   7  11   0 0.64    M    M  9.2 32 350   M    M   4 1      43 330
16  57  34  46  -1  19   0 0.00    M    M  8.5 23 270   M    M   0        30 280
17  67  40  54   6  11   0 0.00    M    M  5.5 17 230   M    M   1        22 230
18  75  38  57   9   8   0    T    M    M  8.6 23 220   M    M   0        29 210
19  74  49  62  14   3   0 0.00    M    M  7.4 15 290   M    M   1        20  10
20  75  47  61  13   4   0 0.00    M    M  4.6 13  30   M    M   0        17  70
21  69  44  57   9   8   0 0.00    M    M  5.5 10 100   M    M   2        14 110
22  76  47  62  13   3   0 0.00    M    M  5.9 14 150   M    M   3 1      18 120
================================================================================
SM 1496  919       225   9  0.99    M    180.8          M       44
================================================================================
AV 68.0 41.8                               8.2 FASTST   M    M   2    MAX(MPH)
                                 MISC ---->  # 32 350               # 43  310
================================================================================
NOTES:
# LAST OF SEVERAL OCCURRENCES

COLUMN 17 PEAK WIND IN M.P.H.

PRELIMINARY LOCAL CLIMATOLOGICAL DATA (WS FORM: F-6) , PAGE 2

                                          STATION:  FAYETTEVILLE REGL AIRPORT NC
                                          MONTH:    FEBRUARY
                                          YEAR:     2017
                                          LATITUDE:   35  0 N
                                          LONGITUDE:  78 53 W

[TEMPERATURE DATA]      [PRECIPITATION DATA]       SYMBOLS USED IN COLUMN 16

AVERAGE MONTHLY: 54.9   TOTAL FOR MONTH:   0.99    1 = FOG OR MIST
DPTR FM NORMAL:   8.1   DPTR FM NORMAL:   -1.19    2 = FOG REDUCING VISIBILITY
HIGHEST:    83 ON 12    GRTST 24HR  0.64 ON 14-15      TO 1/4 MILE OR LESS
LOWEST:     28 ON  4                               3 = THUNDER
                        SNOW, ICE PELLETS, HAIL    4 = ICE PELLETS
                        TOTAL MONTH:    M          5 = HAIL
                        GRTST 24HR    M  ON   M    6 = FREEZING RAIN OR DRIZZLE
                        GRTST DEPTH:  M  ON   M    7 = DUSTSTORM OR SANDSTORM:
                                                       VSBY 1/2 MILE OR LESS
                                                   8 = SMOKE OR HAZE
[NO. OF DAYS WITH]      [WEATHER - DAYS WITH]      9 = BLOWING SNOW
                                                   X = TORNADO
MAX 32 OR BELOW:   0    0.01 INCH OR MORE:   4
MAX 90 OR ABOVE:   0    0.10 INCH OR MORE:   3
MIN 32 OR BELOW:   3    0.50 INCH OR MORE:   1
MIN  0 OR BELOW:   0    1.00 INCH OR MORE:   0

[HDD (BASE 65) ]
TOTAL THIS MO.   225    CLEAR  (SCALE 0-3)  15
DPTR FM NORMAL  -180    PTCLDY (SCALE 4-7)   6
TOTAL FM JUL 1  1590    CLOUDY (SCALE 8-10)  1
DPTR FM NORMAL  -541

[CDD (BASE 65) ]
TOTAL THIS MO.     9
DPTR FM NORMAL     9    [PRESSURE DATA]
TOTAL FM JAN 1    10    HIGHEST SLP  0.00 ON 22
DPTR FM NORMAL     8    LOWEST  SLP 29.50 ON  9

[REMARKS]
