000
CXUS53 KMPX 300700
CF6FCM
PRELIMINARY LOCAL CLIMATOLOGICAL DATA (WS FORM: F-6)

                                          STATION:   MINNEAPOLIS FLYING CLOUD MN
                                          MONTH:     JULY
                                          YEAR:      2015
                                          LATITUDE:   44 49 N
                                          LONGITUDE:  93 27 W

  TEMPERATURE IN F:       :PCPN:    SNOW:  WIND      :SUNSHINE: SKY     :PK WND
================================================================================
1   2   3   4   5  6A  6B    7    8   9   10  11  12  13   14  15   16   17  18
                                     12Z  AVG MX 2MIN
DY MAX MIN AVG DEP HDD CDD  WTR  SNW DPTH SPD SPD DIR MIN PSBL S-S WX    SPD DR
================================================================================

 1  71  57  64  -9   1   0 0.00    M    M  4.6 10 150   M    M   1        13 140
 2  77  53  65  -8   0   0 0.00    M    M  2.3 10 170   M    M   0 8      14 190
 3  79  57  68  -5   0   3 0.00    M    M  5.3 13 210   M    M   0 1      17 220
 4  84  62  73   0   0   8 0.00    M    M  5.2 14 190   M    M   2 18     17 180
 5  87  65  76   3   0  11 0.06    M    M 11.4 21 200   M    M   2 13     27 190
 6  75  58  67  -7   0   2 2.01    M    M 10.6 21 340   M    M   7 138    28 340
 7  73  53  63 -11   2   0 0.00    M    M  6.6 15  30   M    M   1 8      22  10
 8  74  55  65  -9   0   0 0.00    M    M  4.3 16 170   M    M   4 18     20 170
 9  81  57  69  -5   0   4 0.00    M    M  5.9 14 200   M    M   1        17 180
10  84  64  74   0   0   9 0.00    M    M  7.5 16 190   M    M   1        21 190
11  82  66  74   0   0   9    T    M    M  9.0 17 150   M    M   5 18     23 150
12  90  65  78   4   0  13 2.10    M    M 10.3 31 350   M    M   7 13     50 350
13  88  65  77   3   0  12 0.00    M    M  6.9 21 290   M    M   2 13     28 290
14  86  66  76   2   0  11 0.00    M    M  7.8 13  90   M    M   2 8      18  10
15  82  62  72  -2   0   7 0.01    M    M  7.1 14 170   M    M   3        17 170
16  71  67  69  -5   0   4 0.09    M    M  7.4 17 140   M    M   9 18     21 130
17  91  64  78   4   0  13 0.88    M    M  4.3 32 280   M    M   4 123    47 300
18  87  68  78   4   0  13 0.13    M    M 12.6 41 330   M    M   1 13     58 320
19  83  60  72  -2   0   7 0.00    M    M  8.6 18 240   M    M   0        25 230
20  81  64  73  -1   0   8 0.00    M    M 10.4 21 310   M    M   1        26 320
21  82  61  72  -2   0   7 0.00    M    M  5.8 12 280   M    M   1 8      16 270
22  83  62  73  -1   0   8 0.00    M    M  5.8 13 190   M    M   1        20 230
23  85  63  74   1   0   9 0.00    M    M  9.0 16 150   M    M   0        21 200
24  88  66  77   4   0  12 0.70    M    M 10.5 22 190   M    M   3 13     27 180
25  87  68  78   5   0  13 0.00    M    M  5.6 12 210   M    M   1        16 200
26  88  71  80   7   0  15    T    M    M  6.5 15 130   M    M   3        19 150
27  87  71  79   6   0  14 0.00    M    M  9.9 21 140   M    M   4        25 130
28  84  67  76   3   0  11 1.34    M    M 10.4 21 150   M    M   5 13     27 160
29  83  63  73   0   0   8 0.00    M    M 12.5 26 290   M    M   0        36 270
================================================================================
SM 2393 1820         3 231  7.32    M    224.1          M       71
================================================================================
AV 82.5 62.8                               7.7 FASTST   M    M   2    MAX(MPH)
                                 MISC ---->  # 41 330               # 58  320
================================================================================
NOTES:
# LAST OF SEVERAL OCCURRENCES

COLUMN 17 PEAK WIND IN M.P.H.

PRELIMINARY LOCAL CLIMATOLOGICAL DATA (WS FORM: F-6) , PAGE 2

                                          STATION:  MINNEAPOLIS FLYING CLOUD MN
                                          MONTH:    JULY
                                          YEAR:     2015
                                          LATITUDE:   44 49 N
                                          LONGITUDE:  93 27 W

[TEMPERATURE DATA]      [PRECIPITATION DATA]       SYMBOLS USED IN COLUMN 16

AVERAGE MONTHLY: 72.6   TOTAL FOR MONTH:   7.32    1 = FOG OR MIST
DPTR FM NORMAL:  -0.9   DPTR FM NORMAL:    3.42    2 = FOG REDUCING VISIBILITY
HIGHEST:    91 ON 17    GRTST 24HR  2.10 ON 12-12      TO 1/4 MILE OR LESS
LOWEST:     53 ON  7, 2                            3 = THUNDER
                        SNOW, ICE PELLETS, HAIL    4 = ICE PELLETS
                        TOTAL MONTH:    M          5 = HAIL
                        GRTST 24HR    M  ON   M    6 = FREEZING RAIN OR DRIZZLE
                        GRTST DEPTH:  M  ON   M    7 = DUSTSTORM OR SANDSTORM:
                                                       VSBY 1/2 MILE OR LESS
                                                   8 = SMOKE OR HAZE
[NO. OF DAYS WITH]      [WEATHER - DAYS WITH]      9 = BLOWING SNOW
                                                   X = TORNADO
MAX 32 OR BELOW:   0    0.01 INCH OR MORE:   9
MAX 90 OR ABOVE:   2    0.10 INCH OR MORE:   6
MIN 32 OR BELOW:   0    0.50 INCH OR MORE:   5
MIN  0 OR BELOW:   0    1.00 INCH OR MORE:   3

[HDD (BASE 65) ]
TOTAL THIS MO.     3    CLEAR  (SCALE 0-3)  19
DPTR FM NORMAL     3    PTCLDY (SCALE 4-7)   9
TOTAL FM JUL 1     3    CLOUDY (SCALE 8-10)  1
DPTR FM NORMAL     3

[CDD (BASE 65) ]
TOTAL THIS MO.   231
DPTR FM NORMAL   -20    [PRESSURE DATA]
TOTAL FM JAN 1   404    HIGHEST SLP M ON M
DPTR FM NORMAL   -47    LOWEST  SLP 29.58 ON 13

[REMARKS]
