000
CXUS53 KLMK 300800
CF6FFT
PRELIMINARY LOCAL CLIMATOLOGICAL DATA (WS FORM: F-6)

                                          STATION:   FRANKFORT KY
                                          MONTH:     APRIL
                                          YEAR:      2017
                                          LATITUDE:   38 10 N
                                          LONGITUDE:  84 54 W

  TEMPERATURE IN F:       :PCPN:    SNOW:  WIND      :SUNSHINE: SKY     :PK WND
================================================================================
1   2   3   4   5  6A  6B    7    8   9   10  11  12  13   14  15   16   17  18
                                     12Z  AVG MX 2MIN
DY MAX MIN AVG DEP HDD CDD  WTR  SNW DPTH SPD SPD DIR MIN PSBL S-S WX    SPD DR
================================================================================

 1  49  42  46  -4  19   0 0.00    M    M  6.1 12 330   M    M  10 18     15 310
 2  65  45  55   4  10   0 0.00    M    M  7.9 15 100   M    M   3        20  90
 3  72  53  63  12   2   0 0.18    M    M  9.2 23 170   M    M   4 3      33 180
 4  71  55  63  12   2   0    T    M    M  9.7 18 230   M    M   7        26 240
 5  82  50  66  14   0   1 0.37    M    M 12.7 31 240   M    M   2 13     44 220
 6  56  42  49  -3  16   0 0.17    M    M 13.8 30 330   M    M  10 18     39 330
 7  57  36  47  -5  18   0 0.00    M    M  9.8 20 280   M    M   0        27 270
 8  66  30  48  -5  17   0 0.00    M    M  1.5 12 230   M    M   0        14 210
 9  78  41  60   7   5   0 0.00    M    M  8.9 22 190   M    M   0        28 180
10  81  62  72  18   0   7 0.00    M    M 14.3 29 230   M    M   0        41 230
11  70  56  63   9   2   0 0.20    M    M  6.9 16 220   M    M   7 13     22 220
12  74  50  62   8   3   0 0.00    M    M  4.6 10  50   M    M   0 1      15  40
13  80  44  62   8   3   0 0.00    M    M  3.3 12 150   M    M   0        14 130
14  84  46  65  10   0   0 0.00    M    M  2.3 12 220   M    M   0        14 340
15  83  62  73  18   0   8 0.00    M    M 10.5 24 230   M    M   2        30 210
16  78  61  70  15   0   5 1.17    M    M  8.8 23 260   M    M   8 13     33 270
17  75  61  68  12   0   3 0.01    M    M  4.7 12 360   M    M   9 1      15  20
18  75  61  68  12   0   3 0.00    M    M  7.7 15 110   M    M   7        19 110
19  82  60  71  15   0   6 0.00    M    M  7.9 17 220   M    M   4        23 210
20  84  65  75  18   0  10 0.10    M    M 11.1 26 230   M    M   4 8      39 230
21  70  53  62   5   3   0 0.18    M    M  6.8 15 250   M    M   8        23 240
22  54  47  51  -6  14   0 0.22    M    M  8.8 18  70   M    M   7 18     25  30
23  59  46  53  -5  12   0 0.01    M    M  8.6 16  60   M    M   7        27  40
24  74  56  65   7   0   0 0.00    M    M  8.2 17  70   M    M   9        23  70
25  75  50  63   5   2   0 0.00    M    M  4.4  9 190   M    M   2        14  50
26  84  54  69  11   0   4 0.00    M    M  8.0 18 170   M    M   0        25 140
27  73  47  60   1   5   0 0.02    M    M  9.4 25 220   M    M   5        35 210
28  78  46  62   3   3   0    T    M    0  6.4 20 200   M    M   3 3      26 190
29  84  64  74  15   0   9 0.52    M    M  7.4 28 330   M    M   4 13     36 340
================================================================================
SM 2113 1485       136  56  3.15    M    229.7          M      122
================================================================================
AV 72.9 51.2                               7.9 FASTST   M    M   4    MAX(MPH)
                                 MISC ---->  # 31 240               # 44  220
================================================================================
NOTES:
# LAST OF SEVERAL OCCURRENCES

COLUMN 17 PEAK WIND IN M.P.H.

PRELIMINARY LOCAL CLIMATOLOGICAL DATA (WS FORM: F-6) , PAGE 2

                                          STATION:  FRANKFORT KY
                                          MONTH:    APRIL
                                          YEAR:     2017
                                          LATITUDE:   38 10 N
                                          LONGITUDE:  84 54 W

[TEMPERATURE DATA]      [PRECIPITATION DATA]       SYMBOLS USED IN COLUMN 16

AVERAGE MONTHLY: 62.0   TOTAL FOR MONTH:   3.15    1 = FOG OR MIST
DPTR FM NORMAL:   7.1   DPTR FM NORMAL:   -0.39    2 = FOG REDUCING VISIBILITY
HIGHEST:    84 ON 29,26 GRTST 24HR  1.17 ON 16-16      TO 1/4 MILE OR LESS
LOWEST:     30 ON  8                               3 = THUNDER
                        SNOW, ICE PELLETS, HAIL    4 = ICE PELLETS
                        TOTAL MONTH:    M          5 = HAIL
                        GRTST 24HR    M  ON   M    6 = FREEZING RAIN OR DRIZZLE
                        GRTST DEPTH:   0           7 = DUSTSTORM OR SANDSTORM:
                                                       VSBY 1/2 MILE OR LESS
                                                   8 = SMOKE OR HAZE
[NO. OF DAYS WITH]      [WEATHER - DAYS WITH]      9 = BLOWING SNOW
                                                   X = TORNADO
MAX 32 OR BELOW:   0    0.01 INCH OR MORE:  12
MAX 90 OR ABOVE:   0    0.10 INCH OR MORE:   9
MIN 32 OR BELOW:   1    0.50 INCH OR MORE:   2
MIN  0 OR BELOW:   0    1.00 INCH OR MORE:   1

[HDD (BASE 65) ]
TOTAL THIS MO.   136    CLEAR  (SCALE 0-3)  13
DPTR FM NORMAL  -173    PTCLDY (SCALE 4-7)  11
TOTAL FM JUL 1  3439    CLOUDY (SCALE 8-10)  5
DPTR FM NORMAL -1134

[CDD (BASE 65) ]
TOTAL THIS MO.    56
DPTR FM NORMAL    35    [PRESSURE DATA]
TOTAL FM JAN 1    65    HIGHEST SLP M ON M
DPTR FM NORMAL    42    LOWEST  SLP 29.36 ON  5

[REMARKS]
