000
CXUS53 KARX 300930
CF6FKA
PRELIMINARY LOCAL CLIMATOLOGICAL DATA (WS FORM: F-6)

                                          STATION:   PRESTON MN
                                          MONTH:     MAY
                                          YEAR:      2015
                                          LATITUDE:   43 40 N
                                          LONGITUDE:  92 11 W

  TEMPERATURE IN F:       :PCPN:    SNOW:  WIND      :SUNSHINE: SKY     :PK WND
================================================================================
1   2   3   4   5  6A  6B    7    8   9   10  11  12  13   14  15   16   17  18
                                     12Z  AVG MX 2MIN
DY MAX MIN AVG DEP HDD CDD  WTR  SNW DPTH SPD SPD DIR MIN PSBL S-S WX    SPD DR
================================================================================

 1  63  39  51   M  14   0 0.00  0.0    0  9.0 15 220   M    M   5        21 220
 2  77  48  63   M   2   0 0.00  0.0    0 13.1 21 200   M    M   2        32 200
 3  81  54  68   M   0   3 0.28  0.0    0  8.7 12  80   M    M   3 3      17  80
 4  66  50  58   M   7   0 0.00  0.0    0  7.5 14  20   M    M   1 1      20  20
 5  56  49  53   M  12   0    M  0.0    0 10.3 14 110   M    M  10 1      20 100
 6  74  52  63   M   2   0 0.01  0.0    0 11.4 21 160   M    M   7 123    28 160
 7  76  60  68   M   0   3 0.42  0.0    0 16.5 28 180   M    M   4 3      35 170
 8  60  51  56   M   9   0 0.00  0.0    0  8.2 13 290   M    M   9 1       M  M
 9  63  49  56   M   9   0 0.00  0.0    0  5.2  9  80   M    M   9         M  M
10  61  52  57   M   8   0 0.10  0.0    0 11.6 18 120   M    M   9 3      24 120
11  56  40  48   M  17   0 0.08  0.0    0 14.3 21 240   M    M  10 1      28 220
12  53  38  46   M  19   0 0.00  0.0    0 14.6 24 280   M    M   6        32 280
13  64  36  50   M  15   0 0.00  0.0    0  9.2 14 140   M    M   1        20 120
14  55  46  51   M  14   0 0.51  0.0    0  9.6 14 130   M    M   8 1      21 140
15  67  55  61   M   4   0 0.01  0.0    0  4.9  9 280   M    M   7 1       M  M
16  76  54  65   M   0   0 0.16  0.0    0  7.2 13 130   M    M   7 13     18 150
17  73  51  62   M   3   0 0.02  0.0    0 16.1 23 230   M    M   7 1      39 190
18  51  37  44   M  21   0 0.00  0.0    0 19.5 27 280   M    M   9        35 280
19  49  35  42   M  23   0 0.00  0.0    0  9.9 17 350   M    M   5        22  20
20  53  40  47   M  18   0 0.00  0.0    0  2.2  8 220   M    M   6         M  M
21  70  41  56   M   9   0 0.00  0.0    0 11.6 22 310   M    M   0        28 310
22  71  46  59   M   6   0 0.00  0.0    0  3.3  8 300   M    M   0         M  M
23  76  47  62   M   3   0 0.00  0.0    0  4.7 16 160   M    M   5        22 160
24  63  57  60   M   5   0 0.63  0.0    0  7.3 15 100   M    M  10 1      22 100
25  74  58  66   M   0   1 0.55  0.0    0  8.9 21 230   M    M   7 13     28 230
26  63  55  59   M   6   0 0.63  0.0    0  8.6 29 200   M    M   8 1      37 200
27  78  54  66   M   0   1 0.01  0.0    0  7.9 14 240   M    M   2 1      18 240
28  79  58  69   M   0   4 0.00  0.0    0 10.8 20 180   M    M   3        28 170
29  74  59  67   M   0   2 0.19  0.0    0  6.7 14 240   M    M   9        21 350
================================================================================
SM 1922 1411       226  14  3.60     0.0 278.8          M      169
================================================================================
AV 66.3 48.7                               9.6 FASTST   M    M   6    MAX(MPH)
                                 MISC ---->    29   M                 39    M
================================================================================
NOTES:
# LAST OF SEVERAL OCCURRENCES

COLUMN 17 PEAK WIND IN M.P.H.

PRELIMINARY LOCAL CLIMATOLOGICAL DATA (WS FORM: F-6) , PAGE 2

                                          STATION:  PRESTON MN
                                          MONTH:    MAY
                                          YEAR:     2015
                                          LATITUDE:   43 40 N
                                          LONGITUDE:  92 11 W

[TEMPERATURE DATA]      [PRECIPITATION DATA]       SYMBOLS USED IN COLUMN 16

AVERAGE MONTHLY: 57.5   TOTAL FOR MONTH:   3.60    1 = FOG OR MIST
DPTR FM NORMAL:     M   DPTR FM NORMAL:       M    2 = FOG REDUCING VISIBILITY
HIGHEST:    81 ON  3    GRTST 24HR  0.63 ON 26-26      TO 1/4 MILE OR LESS
LOWEST:     35 ON 19                               3 = THUNDER
                        SNOW, ICE PELLETS, HAIL    4 = ICE PELLETS
                        TOTAL MONTH:   0.0 INCH    5 = HAIL
                        GRTST 24HR     0.0         6 = FREEZING RAIN OR DRIZZLE
                        GRTST DEPTH:   0           7 = DUSTSTORM OR SANDSTORM:
                                                       VSBY 1/2 MILE OR LESS
                                                   8 = SMOKE OR HAZE
[NO. OF DAYS WITH]      [WEATHER - DAYS WITH]      9 = BLOWING SNOW
                                                   X = TORNADO
MAX 32 OR BELOW:   0    0.01 INCH OR MORE:  14
MAX 90 OR ABOVE:   0    0.10 INCH OR MORE:   9
MIN 32 OR BELOW:   0    0.50 INCH OR MORE:   4
MIN  0 OR BELOW:   0    1.00 INCH OR MORE:   0

[HDD (BASE 65) ]
TOTAL THIS MO.   226    CLEAR  (SCALE 0-3)   8
DPTR FM NORMAL     M    PTCLDY (SCALE 4-7)  12
TOTAL FM JUL 1  8075    CLOUDY (SCALE 8-10)  9
DPTR FM NORMAL     M

[CDD (BASE 65) ]
TOTAL THIS MO.    14
DPTR FM NORMAL     M    [PRESSURE DATA]
TOTAL FM JAN 1    14    HIGHEST SLP M ON M
DPTR FM NORMAL     M    LOWEST  SLP M ON M

[REMARKS]
