000
CXUS53 KMKX 220650
CF6FLD
PRELIMINARY LOCAL CLIMATOLOGICAL DATA (WS FORM: F-6)

                                          STATION:   FOND_DU_LAC WI
                                          MONTH:     AUGUST
                                          YEAR:      2017
                                          LATITUDE:   43 46 N
                                          LONGITUDE:  88 29 W

  TEMPERATURE IN F:       :PCPN:    SNOW:  WIND      :SUNSHINE: SKY     :PK WND
================================================================================
1   2   3   4   5  6A  6B    7    8   9   10  11  12  13   14  15   16   17  18
                                     12Z  AVG MX 2MIN
DY MAX MIN AVG DEP HDD CDD  WTR  SNW DPTH SPD SPD DIR MIN PSBL S-S WX    SPD DR
================================================================================

 1  83  62  73   2   0   8 0.00  0.0    0  7.0 14 220   M    M   2        20 250
 2  83  63  73   2   0   8    T  0.0    0  8.1 20  20   M    M   4        24  10
 3  71  58  65  -6   0   0 1.19  0.0    0  7.8 25 280   M    M   7 138    32 270
 4  68  53  61 -10   4   0 0.19  0.0    0 10.9 25 330   M    M   8 1      33 320
 5  75  51  63  -8   2   0 0.08  0.0    0  4.1 17 310   M    M   3 13     22 320
 6  77  54  66  -5   0   1 0.02  0.0    0  3.9 15  40   M    M   5        18  30
 7  76  59  68  -3   0   3 0.00  0.0    0  5.6 13  40   M    M   2        16  30
 8  81  54  68  -3   0   3 0.00  0.0    0  6.4 14 310   M    M   1        19 270
 9  79  61  70   0   0   5 0.00  0.0    0  6.4 14 240   M    M   1        18 210
10  82  61  72   2   0   7 0.33  0.0    0  8.7 17 310   M    M   2 13     27 190
11  71  58  65  -5   0   0    T  0.0    0  8.7 17 320   M    M   8        22 320
12  76  54  65  -5   0   0 0.00  0.0    0  4.4 13 360   M    M   3        17 340
13  76  52  64  -6   1   0 0.00  0.0    0  3.6 12 190   M    M   0        15 190
14  77  56  67  -3   0   2 0.00    M    M  4.4 12 130   M    M   4        14 120
15  77  60  69  -1   0   4 0.00  0.0    0  6.2 13  20   M    M   3 1      14  40
16  81  56  69  -1   0   4 0.33  0.0    0  6.3 16 140   M    M   3 1      21 140
17  79  66  73   3   0   8 0.76  0.0    0 12.5 22 210   M    M   7 13     31 210
18  77  64  71   1   0   6    T  0.0    0  9.9 18 300   M    M  10 1      25 290
19  81  63  72   2   0   7 0.00    M    M  5.4 12 260   M    M   3 18     17 280
20  80  60  70   0   0   5 0.00    M    M  5.7 14 190   M    M   0 1      17 200
21  81  64  73   4   0   8 0.00    M    M  4.8 10 170   M    M   1 18     15 160
================================================================================
SM 1631 1229         7  79  2.90     0.0 140.8          M       77
================================================================================
AV 77.7 58.5                               6.7 FASTST   M    M   4    MAX(MPH)
                                 MISC ---->  # 25 280               # 33  320
================================================================================
NOTES:
# LAST OF SEVERAL OCCURRENCES

COLUMN 17 PEAK WIND IN M.P.H.

PRELIMINARY LOCAL CLIMATOLOGICAL DATA (WS FORM: F-6) , PAGE 2

                                          STATION:  FOND_DU_LAC WI
                                          MONTH:    AUGUST
                                          YEAR:     2017
                                          LATITUDE:   43 46 N
                                          LONGITUDE:  88 29 W

[TEMPERATURE DATA]      [PRECIPITATION DATA]       SYMBOLS USED IN COLUMN 16

AVERAGE MONTHLY: 68.1   TOTAL FOR MONTH:   2.90    1 = FOG OR MIST
DPTR FM NORMAL:  -2.2   DPTR FM NORMAL:    0.41    2 = FOG REDUCING VISIBILITY
HIGHEST:    83 ON  2, 1 GRTST 24HR  1.19 ON  3- 3      TO 1/4 MILE OR LESS
LOWEST:     51 ON  5                               3 = THUNDER
                        SNOW, ICE PELLETS, HAIL    4 = ICE PELLETS
                        TOTAL MONTH:   0.0 INCH    5 = HAIL
                        GRTST 24HR     0.0         6 = FREEZING RAIN OR DRIZZLE
                        GRTST DEPTH:   0           7 = DUSTSTORM OR SANDSTORM:
                                                       VSBY 1/2 MILE OR LESS
                                                   8 = SMOKE OR HAZE
[NO. OF DAYS WITH]      [WEATHER - DAYS WITH]      9 = BLOWING SNOW
                                                   X = TORNADO
MAX 32 OR BELOW:   0    0.01 INCH OR MORE:   7
MAX 90 OR ABOVE:   0    0.10 INCH OR MORE:   5
MIN 32 OR BELOW:   0    0.50 INCH OR MORE:   2
MIN  0 OR BELOW:   0    1.00 INCH OR MORE:   1

[HDD (BASE 65) ]
TOTAL THIS MO.     7    CLEAR  (SCALE 0-3)  13
DPTR FM NORMAL    -1    PTCLDY (SCALE 4-7)   7
TOTAL FM JUL 1     8    CLOUDY (SCALE 8-10)  1
DPTR FM NORMAL    -8

[CDD (BASE 65) ]
TOTAL THIS MO.    79
DPTR FM NORMAL   -42    [PRESSURE DATA]
TOTAL FM JAN 1   437    HIGHEST SLP M ON M
DPTR FM NORMAL   -51    LOWEST  SLP 29.64 ON 17

[REMARKS]
