000
CXUS53 KMKX 170658
CF6FLD
PRELIMINARY LOCAL CLIMATOLOGICAL DATA (WS FORM: F-6)

                                          STATION:   FOND_DU_LAC WI
                                          MONTH:     OCTOBER
                                          YEAR:      2017
                                          LATITUDE:   43 46 N
                                          LONGITUDE:  88 29 W

  TEMPERATURE IN F:       :PCPN:    SNOW:  WIND      :SUNSHINE: SKY     :PK WND
================================================================================
1   2   3   4   5  6A  6B    7    8   9   10  11  12  13   14  15   16   17  18
                                     12Z  AVG MX 2MIN
DY MAX MIN AVG DEP HDD CDD  WTR  SNW DPTH SPD SPD DIR MIN PSBL S-S WX    SPD DR
================================================================================

 1  70  41  56   1   9   0    T  0.0    0  8.0 17 140   M    M   0        24 150
 2  80  59  70  15   0   5    T  0.0    0 11.5 18 160   M    M   1        26 160
 3  79  64  72  18   0   7 0.08  0.0    0 11.7 22 200   M    M   5 1      31 200
 4  69  42  56   2   9   0 0.26  0.0    0  8.1 17 270   M    M   0 13     23 280
 5  61  42  52  -2  13   0 0.12    M    0  3.6  9 300   M    M   6 3      12 210
 6  66  54  60   7   5   0 0.23  0.0    0  8.1 20 180   M    M  10 138    27 190
 7  72  57  65  12   0   0 0.18  0.0    0 12.7 26 220   M    M   8 1      39 210
 8  77  54  66  14   0   1    T  0.0    0  7.6 18 200   M    M   0        25 200
 9  66  49  58   6   7   0 0.00  0.0    0  5.1 16  40   M    M   2 18     18  40
10  59  49  54   2  11   0 0.58  0.0    0 13.8 21  40   M    M   7        27  30
11  58  51  55   4  10   0 0.15  0.0    0 10.6 20  40   M    M  10 1      27  40
12  59  55  57   6   8   0    T  0.0    0  6.4 14 130   M    M  10 1      16 140
13  63  56  60  10   5   0 0.04    M    M  4.4 10 220   M    M  10 1      15 230
14  65  55  60  10   5   0 0.65    M    M  8.8 20 150   M    M  10 13     25 160
15  67  42  55   5  10   0 0.07    M    M 12.6 28 330   M    M   8 1      35 280
16  60  42  51   2  14   0 0.00    M    M  6.6 14 260   M    M   3        20 270
================================================================================
SM 1071  812       106  13  2.36     0.0 139.6          M       90
================================================================================
AV 66.9 50.8                               8.7 FASTST   M    M   6    MAX(MPH)
                                 MISC ---->  # 28 330               # 39  210
================================================================================
NOTES:
# LAST OF SEVERAL OCCURRENCES

COLUMN 17 PEAK WIND IN M.P.H.

PRELIMINARY LOCAL CLIMATOLOGICAL DATA (WS FORM: F-6) , PAGE 2

                                          STATION:  FOND_DU_LAC WI
                                          MONTH:    OCTOBER
                                          YEAR:     2017
                                          LATITUDE:   43 46 N
                                          LONGITUDE:  88 29 W

[TEMPERATURE DATA]      [PRECIPITATION DATA]       SYMBOLS USED IN COLUMN 16

AVERAGE MONTHLY: 58.8   TOTAL FOR MONTH:   2.36    1 = FOG OR MIST
DPTR FM NORMAL:   6.7   DPTR FM NORMAL:    1.04    2 = FOG REDUCING VISIBILITY
HIGHEST:    80 ON  2    GRTST 24HR  0.65 ON 14-14      TO 1/4 MILE OR LESS
LOWEST:     41 ON  1                               3 = THUNDER
                        SNOW, ICE PELLETS, HAIL    4 = ICE PELLETS
                        TOTAL MONTH:   0.0 INCH    5 = HAIL
                        GRTST 24HR     0.0         6 = FREEZING RAIN OR DRIZZLE
                        GRTST DEPTH:   0           7 = DUSTSTORM OR SANDSTORM:
                                                       VSBY 1/2 MILE OR LESS
                                                   8 = SMOKE OR HAZE
[NO. OF DAYS WITH]      [WEATHER - DAYS WITH]      9 = BLOWING SNOW
                                                   X = TORNADO
MAX 32 OR BELOW:   0    0.01 INCH OR MORE:  10
MAX 90 OR ABOVE:   0    0.10 INCH OR MORE:   7
MIN 32 OR BELOW:   0    0.50 INCH OR MORE:   2
MIN  0 OR BELOW:   0    1.00 INCH OR MORE:   0

[HDD (BASE 65) ]
TOTAL THIS MO.   106    CLEAR  (SCALE 0-3)   6
DPTR FM NORMAL  -105    PTCLDY (SCALE 4-7)   5
TOTAL FM JUL 1   260    CLOUDY (SCALE 8-10)  5
DPTR FM NORMAL  -126

[CDD (BASE 65) ]
TOTAL THIS MO.    13
DPTR FM NORMAL     6    [PRESSURE DATA]
TOTAL FM JAN 1   561    HIGHEST SLP M ON M
DPTR FM NORMAL   -32    LOWEST  SLP 29.43 ON  7

[REMARKS]
