000
CXUS56 KFGZ 290900
CF6FLG
PRELIMINARY LOCAL CLIMATOLOGICAL DATA (WS FORM: F-6)

                                          STATION:   FLAGSTAFF AZ AIRPORT
                                          MONTH:     AUGUST
                                          YEAR:      2014
                                          LATITUDE:   35  7 N
                                          LONGITUDE: 111 40 W

  TEMPERATURE IN F:       :PCPN:    SNOW:  WIND      :SUNSHINE: SKY     :PK WND
================================================================================
1   2   3   4   5  6A  6B    7    8   9   10  11  12  13   14  15   16   17  18
                                     12Z  AVG MX 2MIN
DY MAX MIN AVG DEP HDD CDD  WTR  SNW DPTH SPD SPD DIR MIN PSBL S-S WX    SPD DR
================================================================================

 1  75  52  64  -2   1   0 0.43  0.0    0  3.1 18 160   M    M   4 1358   24 140
 2  76  49  63  -3   2   0 0.23  0.0    0  3.9 17  60   M    M   4 1      22  60
 3  70  55  63  -3   2   0 0.48  0.0    0  5.2 18 220   M    M   7 1      22 230
 4  74  50  62  -4   3   0 0.00  0.0    0  7.4 23 220   M    M   2 1      27 210
 5  77  48  63  -3   2   0 0.00  0.0    0  5.1 18 230   M    M   1        24 210
 6  78  47  63  -3   2   0 0.00  0.0    0  4.4 18 220   M    M   1        27 220
 7  79  45  62  -3   3   0 0.00  0.0    0  5.5 16 220   M    M   0        24 250
 8  80  47  64  -1   1   0 0.00  0.0    0  4.8 24 210   M    M   1 8      29 210
 9  81  53  67   2   0   2    T  0.0    0  3.4 20 170   M    M   2 38     25 190
10  84  53  69   4   0   4 0.00  0.0    0  5.3 20  60   M    M   3 8      27  40
11  76  52  64  -1   1   0 0.48  0.0    0  3.0 20 130   M    M   6 3      30 120
12  71  56  64  -1   1   0 0.77  0.0    0   M  21 120   M    M   M 3       M  M
13  65  53  59  -6   6   0 0.94  0.0    0  7.2 20 220   M    M   5 1      23 210
14  76  52  64  -1   1   0 0.00  0.0    0  5.1 17 210   M    M   3 1238   20 230
15  79  53  66   2   0   1 0.21  0.0    0  3.2 21 120   M    M   3 18     28 110
16  80  51  66   2   0   1    T  0.0    0  2.3 14 230   M    M   3        17 210
17  83  53  68   4   0   3 0.17  0.0    0  3.6 10 260   M    M   1 1      14 300
18  77  52  65   1   0   0 0.12  0.0    0  5.7 18 210   M    M   3 13     24 200
19  61  52  57  -7   8   0 0.78  0.0    0  5.6 15 220   M    M   7 1      20 270
20  71  48  60  -4   5   0 0.00  0.0    0  4.6 18 230   M    M   3 8      24 240
21  68  46  57  -7   8   0 0.28  0.0    0  2.4 12 170   M    M   6 138    15 240
22  67  52  60  -4   5   0 0.15  0.0    0  6.8 20 220   M    M   7 1      24 220
23  68  46  57  -6   8   0 0.00  0.0    0  5.8 17 230   M    M   5        23 210
24  72  44  58  -5   7   0 0.00  0.0    0  4.2 20 210   M    M   2        26 210
25  71  52  62  -1   3   0 0.00  0.0    0  6.3 18 220   M    M   1        24 210
26  69  48  59  -4   6   0 0.08  0.0    0  2.4 15 230   M    M   6 13     24 300
27  71  48  60  -3   5   0 0.19  0.0    0  3.9 18 230   M    M   8 12     23 240
28  76  44  60  -3   5   0 0.00  0.0    0  2.1 12  30   M    M   1 8      17  70
================================================================================
SM 2075 1401        85  11  5.31     0.0 122.3          M       95
================================================================================
AV 74.1 50.0                               4.5 FASTST   M    M   4    MAX(MPH)
                                 MISC ---->  # 24 210               # 30  120
================================================================================
NOTES:
# LAST OF SEVERAL OCCURRENCES

COLUMN 17 PEAK WIND IN M.P.H.

PRELIMINARY LOCAL CLIMATOLOGICAL DATA (WS FORM: F-6) , PAGE 2

                                          STATION:  FLAGSTAFF AZ AIRPORT
                                          MONTH:    AUGUST
                                          YEAR:     2014
                                          LATITUDE:   35  7 N
                                          LONGITUDE: 111 40 W

[TEMPERATURE DATA]      [PRECIPITATION DATA]       SYMBOLS USED IN COLUMN 16

AVERAGE MONTHLY: 62.1   TOTAL FOR MONTH:   5.31    1 = FOG OR MIST
DPTR FM NORMAL:  -2.4   DPTR FM NORMAL:    2.47    2 = FOG REDUCING VISIBILITY
HIGHEST:    84 ON 10    GRTST 24HR  1.57 ON 12-13      TO 1/4 MILE OR LESS
LOWEST:     44 ON 28,24                            3 = THUNDER
                        SNOW, ICE PELLETS, HAIL    4 = ICE PELLETS
                        TOTAL MONTH:   0.0 INCH    5 = HAIL
                        GRTST 24HR     0.0         6 = FREEZING RAIN OR DRIZZLE
                        GRTST DEPTH:   0           7 = DUSTSTORM OR SANDSTORM:
                                                       VSBY 1/2 MILE OR LESS
                                                   8 = SMOKE OR HAZE
[NO. OF DAYS WITH]      [WEATHER - DAYS WITH]      9 = BLOWING SNOW
                                                   X = TORNADO
MAX 32 OR BELOW:   0    0.01 INCH OR MORE:  14
MAX 90 OR ABOVE:   0    0.10 INCH OR MORE:  13
MIN 32 OR BELOW:   0    0.50 INCH OR MORE:   3
MIN  0 OR BELOW:   0    1.00 INCH OR MORE:   0

[HDD (BASE 65) ]
TOTAL THIS MO.    85    CLEAR  (SCALE 0-3)  13
DPTR FM NORMAL    38    PTCLDY (SCALE 4-7)  14
TOTAL FM JUL 1    86    CLOUDY (SCALE 8-10)  0
DPTR FM NORMAL     7

[CDD (BASE 65) ]
TOTAL THIS MO.    11
DPTR FM NORMAL   -23    [PRESSURE DATA]
TOTAL FM JAN 1   109    HIGHEST SLP M ON M
DPTR FM NORMAL    -6    LOWEST  SLP 29.87 ON 19

[REMARKS]
