000
CXUS52 KMFL 301000
CF6FLL
PRELIMINARY LOCAL CLIMATOLOGICAL DATA (WS FORM: F-6)

                                          STATION:   FORT LAUDERDALE
                                          MONTH:     JULY
                                          YEAR:      2015
                                          LATITUDE:   26  4 N
                                          LONGITUDE:  80  9 W

  TEMPERATURE IN F:       :PCPN:    SNOW:  WIND      :SUNSHINE: SKY     :PK WND
================================================================================
1   2   3   4   5  6A  6B    7    8   9   10  11  12  13   14  15   16   17  18
                                     12Z  AVG MX 2MIN
DY MAX MIN AVG DEP HDD CDD  WTR  SNW DPTH SPD SPD DIR MIN PSBL S-S WX    SPD DR
================================================================================

 1  91  77  84   0   0  19 0.00  0.0    0  8.1 16 130   M    M   5        21 130
 2  91  83  87   3   0  22 0.00  0.0    0 11.4 17 110   M    M   4        23 110
 3  91  82  87   3   0  22 0.00  0.0    0 10.4 20 120   M    M   6 3      24 120
 4  90  79  85   1   0  20    T  0.0    0  9.7 23 100   M    M   6 3      30 100
 5  91  78  85   1   0  20 0.00  0.0    0 11.9 18 360   M    M   4 1      25 360
 6  91  74  83  -1   0  18 0.18  0.0    0  9.6 22 140   M    M   5 1      26 130
 7  89  80  85   1   0  20 0.03  0.0    0  9.7 22 100   M    M   7 3      25  90
 8  91  82  87   3   0  22 0.00  0.0    0 12.1 20  90   M    M   4        24 100
 9  90  79  85   1   0  20    T  0.0    0 12.3 22 150   M    M   4        26 140
10  90  82  86   2   0  21    T  0.0    0 11.3 18 110   M    M   3        24 100
11  91  81  86   2   0  21 0.00  0.0    0  9.4 17  90   M    M   4        23  90
12  91  77  84   0   0  19 0.00  0.0    0  8.1 18 150   M    M   6        22 120
13  91  79  85   1   0  20 0.19  0.0    0  7.0 20 140   M    M   5        23 130
14  93  79  86   2   0  21 0.01  0.0    0  6.1 21 210   M    M   6 3      26 210
15  92  76  84   0   0  19 0.04  0.0    0  6.7 29 250   M    M   8 13     35 240
16  87  76  82  -2   0  17 0.21  0.0    0  3.8 24 150   M    M   9 13     29 150
17  91  76  84   0   0  19 0.01  0.0    0  5.8 21 140   M    M   5        26 140
18  87  77  82  -2   0  17 0.65  0.0    0  4.6 16 270   M    M   5 13     20 280
19  91  77  84   0   0  19 0.00  0.0    0  6.9 17 140   M    M   3        24 140
20  90  79  85   1   0  20 0.02  0.0    0  7.5 20 140   M    M   5 18     26 210
21  92  79  86   1   0  21 0.00  0.0    0  7.5 22 130   M    M   5 3      26 140
22  93  75  84  -1   0  19 0.30  0.0    0  5.8 18 260   M    M   5 13     25 260
23  94  80  87   2   0  22 0.00  0.0    0  7.6 22 140   M    M   5        25 130
24  96  80  88   3   0  23 0.00  0.0    0  7.9 28 290   M    M   7 3      37 280
25  90  76  83  -2   0  18 1.05  0.0    0  8.7 24 280   M    M   8 138    33 290
26  89  77  83  -2   0  18    T  0.0    0  8.3 20 210   M    M   6        26 220
27  92  78  85   0   0  20 0.01  0.0    0  8.4 21 250   M    M   4 3      26 250
28  95  79  87   2   0  22 0.00  0.0    0  7.3 16 180   M    M   6 18     19 160
29  94  79  87   2   0  22    T  0.0    0  6.4 15 330   M    M   8 3      20 270
================================================================================
SM 2644 2276         0 581  2.70     0.0 240.3          M      158
================================================================================
AV 91.2 78.5                               8.3 FASTST   M    M   5    MAX(MPH)
                                 MISC ---->  # 29 250               # 37  280
================================================================================
NOTES:
# LAST OF SEVERAL OCCURRENCES

COLUMN 17 PEAK WIND IN M.P.H.

PRELIMINARY LOCAL CLIMATOLOGICAL DATA (WS FORM: F-6) , PAGE 2

                                          STATION:  FORT LAUDERDALE
                                          MONTH:    JULY
                                          YEAR:     2015
                                          LATITUDE:   26  4 N
                                          LONGITUDE:  80  9 W

[TEMPERATURE DATA]      [PRECIPITATION DATA]       SYMBOLS USED IN COLUMN 16

AVERAGE MONTHLY: 84.8   TOTAL FOR MONTH:   2.70    1 = FOG OR MIST
DPTR FM NORMAL:   0.5   DPTR FM NORMAL:   -2.92    2 = FOG REDUCING VISIBILITY
HIGHEST:    96 ON 24    GRTST 24HR  1.05 ON 25-25      TO 1/4 MILE OR LESS
LOWEST:     74 ON  6                               3 = THUNDER
                        SNOW, ICE PELLETS, HAIL    4 = ICE PELLETS
                        TOTAL MONTH:   0.0 INCH    5 = HAIL
                        GRTST 24HR     0.0         6 = FREEZING RAIN OR DRIZZLE
                        GRTST DEPTH:   0           7 = DUSTSTORM OR SANDSTORM:
                                                       VSBY 1/2 MILE OR LESS
                                                   8 = SMOKE OR HAZE
[NO. OF DAYS WITH]      [WEATHER - DAYS WITH]      9 = BLOWING SNOW
                                                   X = TORNADO
MAX 32 OR BELOW:   0    0.01 INCH OR MORE:  12
MAX 90 OR ABOVE:  25    0.10 INCH OR MORE:   6
MIN 32 OR BELOW:   0    0.50 INCH OR MORE:   2
MIN  0 OR BELOW:   0    1.00 INCH OR MORE:   1

[HDD (BASE 65) ]
TOTAL THIS MO.     0    CLEAR  (SCALE 0-3)   1
DPTR FM NORMAL     0    PTCLDY (SCALE 4-7)  26
TOTAL FM JUL 1     0    CLOUDY (SCALE 8-10)  2
DPTR FM NORMAL     0

[CDD (BASE 65) ]
TOTAL THIS MO.   581
DPTR FM NORMAL    20    [PRESSURE DATA]
TOTAL FM JAN 1  2679    HIGHEST SLP M ON M
DPTR FM NORMAL   157    LOWEST  SLP 29.88 ON 26

[REMARKS]
