000
CXUS55 KBOU 200758
CF6FNL
PRELIMINARY LOCAL CLIMATOLOGICAL DATA (WS FORM: F-6)

                                          STATION:   FT COLLINS/LOVELAND CO
                                          MONTH:     JANUARY
                                          YEAR:      2017
                                          LATITUDE:   40 27 N
                                          LONGITUDE: 105  1 W

  TEMPERATURE IN F:       :PCPN:    SNOW:  WIND      :SUNSHINE: SKY     :PK WND
================================================================================
1   2   3   4   5  6A  6B    7    8   9   10  11  12  13   14  15   16   17  18
                                     12Z  AVG MX 2MIN
DY MAX MIN AVG DEP HDD CDD  WTR  SNW DPTH SPD SPD DIR MIN PSBL S-S WX    SPD DR
================================================================================

 1  45  12  29   M  36   0    M    M    M  2.8  8 350   M    M   0         M  M
 2  41  14  28   M  37   0    M    M    M  8.7 20  10   M    M   3         M  M
 3  19  12  16   M  49   0    M    M    M  5.4 10 120   M    M   7         M  M
 4  12   5   9   M  56   0    M    M    M  5.8 10  30   M    M   9         M  M
 5   7  -2   3   M  62   0    M    M    M  4.5  8 130   M    M   3         M  M
 6  18 -17   1   M  64   0    M    M    M  0.8  7  10   M    M   0         M  M
 7  19  -8   6   M  59   0    M    M    M  1.4  7 340   M    M   0         M  M
 8  50   7  29   M  36   0    M    M    M  5.0 15 110   M    M   0        16 230
 9  57  25  41   M  24   0    M    M    M  9.7 23 200   M    M   0        36 190
10  50  32  41   M  24   0    M    M    M 14.1 25 250   M    M   0        40 250
11  48  14  31   M  34   0    M    M    M  7.9 22  90   M    M   0        29  90
12  32  16  24   M  41   0    M    M    M  6.1 14  50   M    M   1         M  M
13  39  18  29   M  36   0    M    M    M  2.6  8 170   M    M   3         M  M
14  45  21  33   M  32   0    M    M    M  2.0  6 140   M    M   2         M  M
15  36  21  29   M  36   0    M    M    M  1.2  8 100   M    M   6         M  M
16  39  23  31   M  34   0    M    M    M  7.4 17 350   M    M   5        22 350
17  45  18  32   M  33   0    M    M    M  3.1  9 170   M    M   0         M  M
18  52  19  36   M  29   0    M    M    M  4.2  8 170   M    M   0         M  M
19  54  19  37   M  28   0    M    M    M  3.2  8 110   M    M   0         M  M
================================================================================
SM  708  249       750   0    M     M     95.9          M       39
================================================================================
AV 37.3 13.1                               5.0 FASTST   M    M   2    MAX(MPH)
                                 MISC ---->    25   M                 40    M
================================================================================
NOTES:
# LAST OF SEVERAL OCCURRENCES

COLUMN 17 PEAK WIND IN M.P.H.

PRELIMINARY LOCAL CLIMATOLOGICAL DATA (WS FORM: F-6) , PAGE 2

                                          STATION:  FT COLLINS/LOVELAND CO
                                          MONTH:    JANUARY
                                          YEAR:     2017
                                          LATITUDE:   40 27 N
                                          LONGITUDE: 105  1 W

[TEMPERATURE DATA]      [PRECIPITATION DATA]       SYMBOLS USED IN COLUMN 16

AVERAGE MONTHLY: 25.2   TOTAL FOR MONTH:      M    1 = FOG OR MIST
DPTR FM NORMAL:     M   DPTR FM NORMAL:       M    2 = FOG REDUCING VISIBILITY
HIGHEST:    57 ON  9    GRTST 24HR    M  ON   M        TO 1/4 MILE OR LESS
LOWEST:    -17 ON  6                               3 = THUNDER
                        SNOW, ICE PELLETS, HAIL    4 = ICE PELLETS
                        TOTAL MONTH:    M          5 = HAIL
                        GRTST 24HR    M  ON   M    6 = FREEZING RAIN OR DRIZZLE
                        GRTST DEPTH:  M  ON   M    7 = DUSTSTORM OR SANDSTORM:
                                                       VSBY 1/2 MILE OR LESS
                                                   8 = SMOKE OR HAZE
[NO. OF DAYS WITH]      [WEATHER - DAYS WITH]      9 = BLOWING SNOW
                                                   X = TORNADO
MAX 32 OR BELOW:   6    0.01 INCH OR MORE:   0
MAX 90 OR ABOVE:   0    0.10 INCH OR MORE:   0
MIN 32 OR BELOW:  19    0.50 INCH OR MORE:   0
MIN  0 OR BELOW:   3    1.00 INCH OR MORE:   0

[HDD (BASE 65) ]
TOTAL THIS MO.   750    CLEAR  (SCALE 0-3)  14
DPTR FM NORMAL     M    PTCLDY (SCALE 4-7)   4
TOTAL FM JUL 1  2909    CLOUDY (SCALE 8-10)  1
DPTR FM NORMAL     M

[CDD (BASE 65) ]
TOTAL THIS MO.     0
DPTR FM NORMAL     M    [PRESSURE DATA]
TOTAL FM JAN 1     0    HIGHEST SLP M ON M
DPTR FM NORMAL     M    LOWEST  SLP M ON M

[REMARKS]
