000
CXUS55 KBOU 220900
CF6FNL
PRELIMINARY LOCAL CLIMATOLOGICAL DATA (WS FORM: F-6)

                                          STATION:   FT COLLINS/LOVELAND CO
                                          MONTH:     JANUARY
                                          YEAR:      2018
                                          LATITUDE:   40 27 N
                                          LONGITUDE: 105  1 W

  TEMPERATURE IN F:       :PCPN:    SNOW:  WIND      :SUNSHINE: SKY     :PK WND
================================================================================
1   2   3   4   5  6A  6B    7    8   9   10  11  12  13   14  15   16   17  18
                                     12Z  AVG MX 2MIN
DY MAX MIN AVG DEP HDD CDD  WTR  SNW DPTH SPD SPD DIR MIN PSBL S-S WX    SPD DR
================================================================================

 1  35   7  21   M  44   0    M    M    M  3.6  9 130   M    M   5 18      M  M
 2  38   4  21   M  44   0    M    M    M  4.7  9 200   M    M   1 1       M  M
 3  46  12  29   M  36   0    M    M    M  2.8  7  30   M    M   0         M  M
 4  50  22  36   M  29   0    M    M    M  4.3  9 140   M    M   0         M  M
 5  52  21  37   M  28   0    M    M    M  4.4  9 360   M    M   1         M  M
 6  49  24  37   M  28   0    M    M    M  3.6 10  30   M    M   1         M  M
 7  50  27  39   M  26   0    M    M    M  6.5 13  40   M    M   2         M  M
 8  42  23  33   M  32   0    M    M    M  3.4  8  20   M    M   0         M  M
 9  66  31  49   M  16   0    M    M    M  5.2 10 170   M    M   3         M  M
10  53  25  39   M  26   0    M    M    M  8.4 22 340   M    M   4        35 340
11  43  19  31   M  34   0    M    M    M  7.8 15 200   M    M   2         M  M
12  49  18  34   M  31   0    M    M    M  8.0 29 340   M    M   4        39 350
13  48  15  32   M  33   0    M    M    M  3.4  8  30   M    M   1         M  M
14  49  21  35   M  30   0    M    M    M  5.1  9 200   M    M   0         M  M
15  31   0  16   M  49   0    M    M    M  8.1 14  60   M    M   6 1       M  M
16  28  -4  12   M  53   0    M    M    M  3.7  9 180   M    M   0         M  M
17  50   6  28   M  37   0    M    M    M  4.2 10 200   M    M   0         M  M
18  59  19  39   M  26   0    M    M    M  3.5  9  50   M    M   0         M  M
19  66  30  48   M  17   0    M    M    M  6.5 17 260   M    M   0        31 240
20  47  25  36   M  29   0    M    M    M  7.2 16  80   M    M   4 16     18  70
21  29  25  27   M  38   0    M    M    M 14.7 21 340   M    M  10 1       M  M
================================================================================
SM  980  370       686   0    M     M    119.1          M       44
================================================================================
AV 46.7 17.6                               5.7 FASTST   M    M   2    MAX(MPH)
                                 MISC ---->  # 29 340               # 39  350
================================================================================
NOTES:
# LAST OF SEVERAL OCCURRENCES

COLUMN 17 PEAK WIND IN M.P.H.

PRELIMINARY LOCAL CLIMATOLOGICAL DATA (WS FORM: F-6) , PAGE 2

                                          STATION:  FT COLLINS/LOVELAND CO
                                          MONTH:    JANUARY
                                          YEAR:     2018
                                          LATITUDE:   40 27 N
                                          LONGITUDE: 105  1 W

[TEMPERATURE DATA]      [PRECIPITATION DATA]       SYMBOLS USED IN COLUMN 16

AVERAGE MONTHLY: 32.1   TOTAL FOR MONTH:      M    1 = FOG OR MIST
DPTR FM NORMAL:     M   DPTR FM NORMAL:       M    2 = FOG REDUCING VISIBILITY
HIGHEST:    66 ON 19, 9 GRTST 24HR    T  ON 31- 1      TO 1/4 MILE OR LESS
LOWEST:     -4 ON 16                               3 = THUNDER
                        SNOW, ICE PELLETS, HAIL    4 = ICE PELLETS
                        TOTAL MONTH:    M          5 = HAIL
                        GRTST 24HR    M  ON   M    6 = FREEZING RAIN OR DRIZZLE
                        GRTST DEPTH:  M  ON   M    7 = DUSTSTORM OR SANDSTORM:
                                                       VSBY 1/2 MILE OR LESS
                                                   8 = SMOKE OR HAZE
[NO. OF DAYS WITH]      [WEATHER - DAYS WITH]      9 = BLOWING SNOW
                                                   X = TORNADO
MAX 32 OR BELOW:   3    0.01 INCH OR MORE:   0
MAX 90 OR ABOVE:   0    0.10 INCH OR MORE:   0
MIN 32 OR BELOW:  21    0.50 INCH OR MORE:   0
MIN  0 OR BELOW:   2    1.00 INCH OR MORE:   0

[HDD (BASE 65) ]
TOTAL THIS MO.   686    CLEAR  (SCALE 0-3)  15
DPTR FM NORMAL     M    PTCLDY (SCALE 4-7)   5
TOTAL FM JUL 1  2999    CLOUDY (SCALE 8-10)  1
DPTR FM NORMAL     M

[CDD (BASE 65) ]
TOTAL THIS MO.     0
DPTR FM NORMAL     M    [PRESSURE DATA]
TOTAL FM JAN 1     0    HIGHEST SLP M ON M
DPTR FM NORMAL     M    LOWEST  SLP M ON M

[REMARKS]
