000
CXUS52 KMLB 281224
CF6FPR
PRELIMINARY LOCAL CLIMATOLOGICAL DATA (WS FORM: F-6)

                                          STATION:   FORT PIERCE
                                          MONTH:     DECEMBER
                                          YEAR:      2014
                                          LATITUDE:   27 30 N
                                          LONGITUDE:  80 22 W

  TEMPERATURE IN F:       :PCPN:    SNOW:  WIND      :SUNSHINE: SKY     :PK WND
================================================================================
1   2   3   4   5  6A  6B    7    8   9   10  11  12  13   14  15   16   17  18
                                     12Z  AVG MX 2MIN
DY MAX MIN AVG DEP HDD CDD  WTR  SNW DPTH SPD SPD DIR MIN PSBL S-S WX    SPD DR
================================================================================

 1  81  64  73   5   0   8 0.10  0.0    0 10.6 22 100   M    M   6 1      28 100
 2  80  69  75   7   0  10 0.09  0.0    0 10.7 26 110   M    M   7 18     33 110
 3  80  67  74   7   0   9 0.10  0.0    0  7.5 17 110   M    M   4 1      21  40
 4  81  70  76   9   0  11 0.08  0.0    0  9.1 20  90   M    M   3 18     24  80
 5  81  69  75   8   0  10 0.71  0.0    0  7.7 21 110   M    M   8 18     26 100
 6  80  62  71   4   0   6 0.00  0.0    0  3.0 12 120   M    M   4 1      15 100
 7  71  57  64  -3   1   0 0.00  0.0    0  5.6 14 320   M    M   7 12     18 320
 8  74  57  66  -1   0   1 0.02  0.0    0  5.0 12 310   M    M   9 128    25 330
 9  68  48  58  -8   7   0 0.00  0.0    0  9.4 16 310   M    M   6 1      22 330
10  65  41  53 -13  12   0 0.00  0.0    0  5.3 15 310   M    M   0 1      22 320
11  67  38  53 -13  12   0 0.00  0.0    0  4.5 16 290   M    M   0 1      20 290
12  62  41  52 -14  13   0 0.00  0.0    0  4.7 10 320   M    M   0 12     13 320
13  71  46  59  -7   6   0 0.00  0.0    0  5.2 12  10   M    M   0        17  20
14  74  39  57  -9   8   0 0.00  0.0    0  2.7 10 270   M    M   0        15 280
15  75  40  58  -7   7   0 0.00  0.0    0  2.1 10  80   M    M   0 1      13 280
16  77  43  60  -5   5   0 0.00  0.0    0  3.7 13 270   M    M   0 1      17 270
17  77  49  63  -2   2   0 0.00  0.0    0  4.2 14 270   M    M   3 1      18 280
18  74  47  61  -4   4   0 0.00  0.0    0  4.0 10 300   M    M   0        14 270
19  74  44  59  -6   6   0 0.00  0.0    0  3.8 10  20   M    M   0 1      17  10
20  80  53  67   3   0   2    T  0.0    0  3.4 14 130   M    M   3 1      17 110
21  81  56  69   5   0   4    T  0.0    0  5.2 16 140   M    M   2 12     19 140
22  83  63  73   9   0   8 0.04  0.0    0  5.1 13 170   M    M   2 1      17 190
23  82  62  72   8   0   7 0.00  0.0    0  8.3 22 130   M    M   2 12     27 160
24  86  71  79  15   0  14 0.02  0.0    0  9.4 18 200   M    M   4 3      29 180
25  76  60  68   4   0   3 0.36  0.0    0  6.1 22 260   M    M   8 13     29 240
26  75  56  66   3   0   1 0.03  0.0    0  5.3 10  80   M    M   8 1      14  30
27  80  65  73  10   0   8 0.00  0.0    0  3.2 10  90   M    M   6 12     12 100
================================================================================
SM 2055 1477        83 102  1.55     0.0 154.8          M       92
================================================================================
AV 76.1 54.7                               5.7 FASTST   M    M   3    MAX(MPH)
                                 MISC ---->  # 26 110               # 33  110
================================================================================
NOTES:
# LAST OF SEVERAL OCCURRENCES

COLUMN 17 PEAK WIND IN M.P.H.

PRELIMINARY LOCAL CLIMATOLOGICAL DATA (WS FORM: F-6) , PAGE 2

                                          STATION:  FORT PIERCE
                                          MONTH:    DECEMBER
                                          YEAR:     2014
                                          LATITUDE:   27 30 N
                                          LONGITUDE:  80 22 W

[TEMPERATURE DATA]      [PRECIPITATION DATA]       SYMBOLS USED IN COLUMN 16

AVERAGE MONTHLY: 65.4   TOTAL FOR MONTH:   1.55    1 = FOG OR MIST
DPTR FM NORMAL:  -0.1   DPTR FM NORMAL:   -0.37    2 = FOG REDUCING VISIBILITY
HIGHEST:    86 ON 24    GRTST 24HR  0.71 ON  4- 5      TO 1/4 MILE OR LESS
LOWEST:     38 ON 11                               3 = THUNDER
                        SNOW, ICE PELLETS, HAIL    4 = ICE PELLETS
                        TOTAL MONTH:   0.0 INCH    5 = HAIL
                        GRTST 24HR     0.0         6 = FREEZING RAIN OR DRIZZLE
                        GRTST DEPTH:   0           7 = DUSTSTORM OR SANDSTORM:
                                                       VSBY 1/2 MILE OR LESS
                                                   8 = SMOKE OR HAZE
[NO. OF DAYS WITH]      [WEATHER - DAYS WITH]      9 = BLOWING SNOW
                                                   X = TORNADO
MAX 32 OR BELOW:   0    0.01 INCH OR MORE:  10
MAX 90 OR ABOVE:   0    0.10 INCH OR MORE:   4
MIN 32 OR BELOW:   0    0.50 INCH OR MORE:   1
MIN  0 OR BELOW:   0    1.00 INCH OR MORE:   0

[HDD (BASE 65) ]
TOTAL THIS MO.    83    CLEAR  (SCALE 0-3)  15
DPTR FM NORMAL     2    PTCLDY (SCALE 4-7)  10
TOTAL FM JUL 1   139    CLOUDY (SCALE 8-10)  2
DPTR FM NORMAL    32

[CDD (BASE 65) ]
TOTAL THIS MO.   102
DPTR FM NORMAL     9    [PRESSURE DATA]
TOTAL FM JAN 1  3474    HIGHEST SLP M ON M
DPTR FM NORMAL   109    LOWEST  SLP 29.80 ON 24

[REMARKS]
