000
CXUS55 KFSD 170905
CF6FSD
PRELIMINARY LOCAL CLIMATOLOGICAL DATA (WS FORM: F-6)

                                          STATION:   SIOUX FALLS
                                          MONTH:     JANUARY
                                          YEAR:      2018
                                          LATITUDE:   43 34 N
                                          LONGITUDE:  96 44 W

  TEMPERATURE IN F:       :PCPN:    SNOW:  WIND      :SUNSHINE: SKY     :PK WND
================================================================================
1   2   3   4   5  6A  6B    7    8   9   10  11  12  13   14  15   16   17  18
                                     12Z  AVG MX 2MIN
DY MAX MIN AVG DEP HDD CDD  WTR  SNW DPTH SPD SPD DIR MIN PSBL S-S WX    SPD DR
================================================================================

 1  -7 -24 -15 -32  80   0 0.00  0.0    5  3.2  9 270   M    M   0        11 290
 2  20 -25  -2 -18  67   0    T    T    5  9.2 29 330   M    M   4 9      35 340
 3  14  -4   5 -11  60   0    T    T    5  9.6 23 350   M    M   2 9      27 350
 4  10  -3   4 -12  61   0 0.00  0.0    4  7.6 14 110   M    M   9        16 110
 5   9   3   6 -10  59   0 0.00  0.0    4  9.4 17  80   M    M   9        19  80
 6  18   1  10  -6  55   0 0.00  0.0    4 15.2 26 180   M    M   8        35 180
 7  37  17  27  11  38   0 0.00  0.0    4  8.5 22 190   M    M   6        27 180
 8  40  14  27  11  38   0 0.00  0.0    3  3.4  9 270   M    M   5 18     12 280
 9  44  24  34  18  31   0 0.00  0.0    2 10.1 18 170   M    M   6        24 170
10  37  23  30  14  35   0    T    T    1 13.0 30 330   M    M   7 16     37 340
11  22  -4   9  -7  56   0 0.04  1.2    2 23.2 33 330   M    M   7 19     43 330
12   6  -8  -1 -17  66   0 0.00  0.0    2  7.9 17  50   M    M   6        20  50
13  11  -8   2 -14  63   0 0.00  0.0    2  6.1 14 160   M    M   4        17 170
14  28   6  17   1  48   0 0.04  0.4    1 13.5 30 340   M    M  10 189    38 340
15   6  -5   1 -15  64   0    T    T    1 19.1 31 330   M    M   5 9      39 340
16   7  -7   0 -16  65   0 0.00  0.0    1  8.6 18 340   M    M   5        22 340
================================================================================
SM  302    0       886   0  0.08     1.6 167.6          M       93
================================================================================
AV 18.9  0.0                              10.5 FASTST   M    M   6    MAX(MPH)
                                 MISC ---->  # 33 330               # 43  330
================================================================================
NOTES:
# LAST OF SEVERAL OCCURRENCES

COLUMN 17 PEAK WIND IN M.P.H.

PRELIMINARY LOCAL CLIMATOLOGICAL DATA (WS FORM: F-6) , PAGE 2

                                          STATION:  SIOUX FALLS
                                          MONTH:    JANUARY
                                          YEAR:     2018
                                          LATITUDE:   43 34 N
                                          LONGITUDE:  96 44 W

[TEMPERATURE DATA]      [PRECIPITATION DATA]       SYMBOLS USED IN COLUMN 16

AVERAGE MONTHLY:  9.4   TOTAL FOR MONTH:   0.08    1 = FOG OR MIST
DPTR FM NORMAL:  -6.6   DPTR FM NORMAL:   -0.21    2 = FOG REDUCING VISIBILITY
HIGHEST:    44 ON  9    GRTST 24HR  0.04 ON 14-14      TO 1/4 MILE OR LESS
LOWEST:    -25 ON  2                               3 = THUNDER
                        SNOW, ICE PELLETS, HAIL    4 = ICE PELLETS
                        TOTAL MONTH:   1.6 INCHES  5 = HAIL
                        GRTST 24HR   1.2 ON 11-11  6 = FREEZING RAIN OR DRIZZLE
                        GRTST DEPTH:   5 ON  3, 2  7 = DUSTSTORM OR SANDSTORM:
                                                       VSBY 1/2 MILE OR LESS
                                                   8 = SMOKE OR HAZE
[NO. OF DAYS WITH]      [WEATHER - DAYS WITH]      9 = BLOWING SNOW
                                                   X = TORNADO
MAX 32 OR BELOW:  12    0.01 INCH OR MORE:   2
MAX 90 OR ABOVE:   0    0.10 INCH OR MORE:   0
MIN 32 OR BELOW:  16    0.50 INCH OR MORE:   0
MIN  0 OR BELOW:   9    1.00 INCH OR MORE:   0

[HDD (BASE 65) ]
TOTAL THIS MO.   886    CLEAR  (SCALE 0-3)   2
DPTR FM NORMAL   102    PTCLDY (SCALE 4-7)  10
TOTAL FM JUL 1  3647    CLOUDY (SCALE 8-10)  4
DPTR FM NORMAL  -270

[CDD (BASE 65) ]
TOTAL THIS MO.     0
DPTR FM NORMAL     0    [PRESSURE DATA]
TOTAL FM JAN 1     0    HIGHEST SLP M ON M
DPTR FM NORMAL     0    LOWEST  SLP 29.39 ON 10

[REMARKS]
