000
CXUS54 KMAF 171100
CF6FST
PRELIMINARY LOCAL CLIMATOLOGICAL DATA (WS FORM: F-6)

                                          STATION:   Fort Stockton
                                          MONTH:     DECEMBER
                                          YEAR:      2014
                                          LATITUDE:   30 55 N
                                          LONGITUDE: 102 55 W

  TEMPERATURE IN F:       :PCPN:    SNOW:  WIND      :SUNSHINE: SKY     :PK WND
================================================================================
1   2   3   4   5  6A  6B    7    8   9   10  11  12  13   14  15   16   17  18
                                     12Z  AVG MX 2MIN
DY MAX MIN AVG DEP HDD CDD  WTR  SNW DPTH SPD SPD DIR MIN PSBL S-S WX    SPD DR
================================================================================

 1  62  32  47  -5  18   0 0.00  0.0    0  8.3 21  40   M    M   8        27  20
 2  64  32  48  -4  17   0 0.00  0.0    0  5.3 23 200   M    M   2        31 200
 3  74  45  60   8   5   0 0.00  0.0    0  6.5 15 220   M    M   0        26 250
 4  67  47  57   6   8   0 0.00  0.0    0  8.9 20 160   M    M   2        26 170
 5  72  48  60   9   5   0 0.00  0.0    0  8.8 22 310   M    M   0        27 310
 6  65  43  54   3  11   0 0.00  0.0    0  5.8 14  80   M    M   0        19  70
 7  61  44  53   2  12   0    T    M    0  7.7 15 120   M    M   6        19 120
 8  58  39  49  -1  16   0 0.00  0.0    0  5.6 12 230   M    M   4        13 230
 9  63  42  53   3  12   0 0.00  0.0    0  6.3 14 120   M    M   3        19 140
10  67  48  58   8   7   0    T  0.0    0  7.4 17 150   M    M   7        23 150
11  61  43  52   2  13   0 0.00  0.0    0  6.3 14 160   M    M   1        18 170
12  75  45  60  10   5   0 0.00  0.0    0  9.4 20 160   M    M   1        26 160
13  79  49  64  14   1   0 0.00  0.0    0 14.8 28 150   M    M   0 1      37 160
14  68  46  57   8   8   0 0.00  0.0    0  9.8 25 150   M    M   0 1      31 150
15  68  39  54   5  11   0 0.00  0.0    0  7.5 15 320   M    M   0        18 320
16  59  38  49   0  16   0 0.00  0.0    0 11.5 21 150   M    M   2        27 150
================================================================================
SM 1063  680       165   0    T      0.0 129.9          M       36
================================================================================
AV 66.4 42.5                               8.1 FASTST   M    M   2    MAX(MPH)
                                 MISC ---->  # 28 150               # 37  160
================================================================================
NOTES:
# LAST OF SEVERAL OCCURRENCES

COLUMN 17 PEAK WIND IN M.P.H.

PRELIMINARY LOCAL CLIMATOLOGICAL DATA (WS FORM: F-6) , PAGE 2

                                          STATION:  Fort Stockton
                                          MONTH:    DECEMBER
                                          YEAR:     2014
                                          LATITUDE:   30 55 N
                                          LONGITUDE: 102 55 W

[TEMPERATURE DATA]      [PRECIPITATION DATA]       SYMBOLS USED IN COLUMN 16

AVERAGE MONTHLY: 54.5   TOTAL FOR MONTH:      T    1 = FOG OR MIST
DPTR FM NORMAL:   4.0   DPTR FM NORMAL:   -0.41    2 = FOG REDUCING VISIBILITY
HIGHEST:    79 ON 13    GRTST 24HR    T  ON 10-10      TO 1/4 MILE OR LESS
LOWEST:     32 ON  2, 1                            3 = THUNDER
                        SNOW, ICE PELLETS, HAIL    4 = ICE PELLETS
                        TOTAL MONTH:   0.0 INCH    5 = HAIL
                        GRTST 24HR     0.0         6 = FREEZING RAIN OR DRIZZLE
                        GRTST DEPTH:   0           7 = DUSTSTORM OR SANDSTORM:
                                                       VSBY 1/2 MILE OR LESS
                                                   8 = SMOKE OR HAZE
[NO. OF DAYS WITH]      [WEATHER - DAYS WITH]      9 = BLOWING SNOW
                                                   X = TORNADO
MAX 32 OR BELOW:   0    0.01 INCH OR MORE:   0
MAX 90 OR ABOVE:   0    0.10 INCH OR MORE:   0
MIN 32 OR BELOW:   2    0.50 INCH OR MORE:   0
MIN  0 OR BELOW:   0    1.00 INCH OR MORE:   0

[HDD (BASE 65) ]
TOTAL THIS MO.   165    CLEAR  (SCALE 0-3)  11
DPTR FM NORMAL   -70    PTCLDY (SCALE 4-7)   5
TOTAL FM JUL 1   546    CLOUDY (SCALE 8-10)  0
DPTR FM NORMAL   -15

[CDD (BASE 65) ]
TOTAL THIS MO.     0
DPTR FM NORMAL     0    [PRESSURE DATA]
TOTAL FM JAN 1  2749    HIGHEST SLP M ON M
DPTR FM NORMAL   199    LOWEST  SLP 29.74 ON 14

[REMARKS]
