000
CXUS52 KFFC 251110
CF6FTY
PRELIMINARY LOCAL CLIMATOLOGICAL DATA (WS FORM: F-6)

                                          STATION:   FULTON COUNTY AIRPORT
                                          MONTH:     MAY
                                          YEAR:      2016
                                          LATITUDE:   33 46 N
                                          LONGITUDE:  84 31 W

  TEMPERATURE IN F:       :PCPN:    SNOW:  WIND      :SUNSHINE: SKY     :PK WND
================================================================================
1   2   3   4   5  6A  6B    7    8   9   10  11  12  13   14  15   16   17  18
                                     12Z  AVG MX 2MIN
DY MAX MIN AVG DEP HDD CDD  WTR  SNW DPTH SPD SPD DIR MIN PSBL S-S WX    SPD DR
================================================================================

 1  82  63  73   8   0   8 0.21  0.0    M  2.5 12 340   M    M   4 123    16 340
 2  83  64  74   9   0   9 0.07  0.0    M  4.3 20 280   M    M   4 13     25 280
 3  76  59  68   2   0   3 0.00  0.0    M  6.5 18 300   M    M   5 1      23 300
 4  70  50  60  -6   5   0 0.03  0.0    M  7.9 28 320   M    M   2        39 330
 5  66  48  57  -9   8   0    T    M    M 10.9 23 300   0    0   0        37 300
 6  70  46  58  -8   7   0 0.00    M    M  8.6 22 310   M    M   2        30 330
 7  80  45  63  -4   2   0 0.00    M    M  6.4 20 270   M    M   0        27 280
 8  87  53  70   3   0   5 0.00    M    M  5.0 16 320   M    M   0        22 240
 9  80  56  68   1   0   3    T    M    M  4.6 16 230   M    M   0        20 220
10  82  60  71   3   0   6 0.00  0.0    M  4.7 14 200   M    M   4        21 160
11  86  59  73   5   0   8 0.00  0.0    M  4.3 12 200   M    M   2        15 300
12  86  63  75   7   0  10 0.24  0.0    0  2.9 16 320   M    M   1 3      22 300
13  77  60  69   0   0   4 0.00  0.0    0  7.1 18 290   M    M   3        24 330
14  81  51  66  -3   0   1 0.00  0.0    M  8.8 22 270   M    M   0        32 290
15  71  49  60  -9   5   0 0.00    M    M  6.3 16 320   M    M   0        22 310
16  77  47  62  -7   3   0 0.00    M    M  4.4 16  70   M    M   2        21  90
17  75  61  68  -2   0   3 0.53    M    M  6.2  9 150   M    M   9 13      M  M
18  82  65  74   4   0   9 0.11  0.0    M  2.6 24 310   M    M   8 13     32 310
19  81  61  71   1   0   6 0.03  0.0    M  6.1 15  40   M    M   7 18     18  80
20  68  62  65  -6   0   0 0.18    M    M  8.5 14  70   M    M  10 1      18  80
21  81  62  72   1   0   7 0.14    M    M  7.4 21 290   M    M   6 12     27 310
22  77  57  67  -4   0   2 0.00    M    M  8.0 20 360   M    M   0        32 330
23  82  52  67  -4   0   2 0.00    M    M  3.5 16 300   M    M   1        22 290
24  85  54  70  -2   0   5 0.00    M    M  2.8 10 310   M    M   1        14 300
================================================================================
SM 1885 1347        30  91  1.54     0.0 140.3            0     71
================================================================================
AV 78.5 56.1                               5.8 FASTST    0   0   3    MAX(MPH)
                                 MISC ---->  # 28 320               # 39  330
================================================================================
NOTES:
# LAST OF SEVERAL OCCURRENCES

COLUMN 17 PEAK WIND IN M.P.H.

PRELIMINARY LOCAL CLIMATOLOGICAL DATA (WS FORM: F-6) , PAGE 2

                                          STATION:  FULTON COUNTY AIRPORT
                                          MONTH:    MAY
                                          YEAR:     2016
                                          LATITUDE:   33 46 N
                                          LONGITUDE:  84 31 W

[TEMPERATURE DATA]      [PRECIPITATION DATA]       SYMBOLS USED IN COLUMN 16

AVERAGE MONTHLY: 67.3   TOTAL FOR MONTH:   1.54    1 = FOG OR MIST
DPTR FM NORMAL:  -1.0   DPTR FM NORMAL:   -1.40    2 = FOG REDUCING VISIBILITY
HIGHEST:    87 ON  8    GRTST 24HR  0.88 ON 30- 1      TO 1/4 MILE OR LESS
LOWEST:     45 ON  7                               3 = THUNDER
                        SNOW, ICE PELLETS, HAIL    4 = ICE PELLETS
                        TOTAL MONTH:   0.0 INCH    5 = HAIL
                        GRTST 24HR     0.0         6 = FREEZING RAIN OR DRIZZLE
                        GRTST DEPTH:   0           7 = DUSTSTORM OR SANDSTORM:
                                                       VSBY 1/2 MILE OR LESS
                                                   8 = SMOKE OR HAZE
[NO. OF DAYS WITH]      [WEATHER - DAYS WITH]      9 = BLOWING SNOW
                                                   X = TORNADO
MAX 32 OR BELOW:   0    0.01 INCH OR MORE:   9
MAX 90 OR ABOVE:   0    0.10 INCH OR MORE:   6
MIN 32 OR BELOW:   0    0.50 INCH OR MORE:   1
MIN  0 OR BELOW:   0    1.00 INCH OR MORE:   0

[HDD (BASE 65) ]
TOTAL THIS MO.    30    CLEAR  (SCALE 0-3)  14
DPTR FM NORMAL     4    PTCLDY (SCALE 4-7)   7
TOTAL FM JUL 1  2284    CLOUDY (SCALE 8-10)  3
DPTR FM NORMAL  -594

[CDD (BASE 65) ]
TOTAL THIS MO.    91
DPTR FM NORMAL   -15    [PRESSURE DATA]
TOTAL FM JAN 1   159    HIGHEST SLP  0.00 ON  5
DPTR FM NORMAL    14    LOWEST  SLP 29.67 ON  4

[REMARKS]
