000
CXUS52 KFFC 201110
CF6FTY
PRELIMINARY LOCAL CLIMATOLOGICAL DATA (WS FORM: F-6)

                                          STATION:   FULTON COUNTY AIRPORT
                                          MONTH:     JANUARY
                                          YEAR:      2018
                                          LATITUDE:   33 46 N
                                          LONGITUDE:  84 31 W

  TEMPERATURE IN F:       :PCPN:    SNOW:  WIND      :SUNSHINE: SKY     :PK WND
================================================================================
1   2   3   4   5  6A  6B    7    8   9   10  11  12  13   14  15   16   17  18
                                     12Z  AVG MX 2MIN
DY MAX MIN AVG DEP HDD CDD  WTR  SNW DPTH SPD SPD DIR MIN PSBL S-S WX    SPD DR
================================================================================

 1  29  17  23 -20  42   0 0.00  0.0    0  8.7 16 330   M    M   7        22 320
 2  36  12  24 -19  41   0 0.00    M    0  1.3  8  40   M    M   0        11 360
 3  39  24  32 -11  33   0 0.00  0.0    0  4.3 14 310   M    M   3        20 320
 4  35  20  28 -15  37   0    T    M    0 12.2 23 320   M    M   0        31 310
 5  38  16  27 -16  38   0 0.00  0.0    0  7.2 17 290   M    M   0        23 290
 6  39  20  30 -13  35   0 0.00  0.0    0  4.5 16 320   M    M   0        21 320
 7  40  17  29 -14  36   0 0.00  0.0    0  5.5 13  90   M    M   0        18  90
 8  41  32  37  -6  28   0 0.15  0.0    0  5.1 10  60   M    M   8 1      16  80
 9  65  35  50   7  15   0 0.00  0.0    0  3.4 10  60   M    M   6 1      14  70
10  66  47  57  14   8   0    T  0.0    0  6.7 15 130   M    M  10 1      21 120
11  60  52  56  13   9   0 0.03  0.0    0  6.0 13  60   M    M  10 12     19  60
12  63  28  46   3  19   0 0.70  0.0    0 10.1 23 290   M    M  10 1      32 290
13  36  23  30 -13  35   0 0.00  0.0    0 13.6 23 310   M    M   6        33 300
14  41  17  29 -14  36   0 0.00  0.0    0  3.7 13 330   M    M   0        18 320
15  48  24  36  -7  29   0 0.00  0.0    0  1.9  9 180   M    M   1        13 140
16  51  24  38  -5  27   0    T    M    0  4.6 17 300   M    M   4 1      21 300
17  26  14  20 -23  45   0 0.03    M    0 12.2 23 330   M    M   3 1      33 300
18  41  15  28 -15  37   0 0.00  0.0    M  7.3 15 310   M    M   0        23 310
19  54  25  40  -3  25   0 0.00  0.0    0  2.1 13 280   M    M   0        17 280
================================================================================
SM  848  462       575   0  0.91     0.0 120.4          M       68
================================================================================
AV 44.6 24.3                               6.3 FASTST   M    M   4    MAX(MPH)
                                 MISC ---->  # 23 320               # 33  300
================================================================================
NOTES:
# LAST OF SEVERAL OCCURRENCES

COLUMN 17 PEAK WIND IN M.P.H.

PRELIMINARY LOCAL CLIMATOLOGICAL DATA (WS FORM: F-6) , PAGE 2

                                          STATION:  FULTON COUNTY AIRPORT
                                          MONTH:    JANUARY
                                          YEAR:     2018
                                          LATITUDE:   33 46 N
                                          LONGITUDE:  84 31 W

[TEMPERATURE DATA]      [PRECIPITATION DATA]       SYMBOLS USED IN COLUMN 16

AVERAGE MONTHLY: 34.5   TOTAL FOR MONTH:   0.91    1 = FOG OR MIST
DPTR FM NORMAL:  -8.5   DPTR FM NORMAL:   -1.29    2 = FOG REDUCING VISIBILITY
HIGHEST:    66 ON 10    GRTST 24HR  0.70 ON 12-12      TO 1/4 MILE OR LESS
LOWEST:     12 ON  2                               3 = THUNDER
                        SNOW, ICE PELLETS, HAIL    4 = ICE PELLETS
                        TOTAL MONTH:   0.0 INCH    5 = HAIL
                        GRTST 24HR     0.0         6 = FREEZING RAIN OR DRIZZLE
                        GRTST DEPTH:   0           7 = DUSTSTORM OR SANDSTORM:
                                                       VSBY 1/2 MILE OR LESS
                                                   8 = SMOKE OR HAZE
[NO. OF DAYS WITH]      [WEATHER - DAYS WITH]      9 = BLOWING SNOW
                                                   X = TORNADO
MAX 32 OR BELOW:   2    0.01 INCH OR MORE:   4
MAX 90 OR ABOVE:   0    0.10 INCH OR MORE:   2
MIN 32 OR BELOW:  16    0.50 INCH OR MORE:   1
MIN  0 OR BELOW:   0    1.00 INCH OR MORE:   0

[HDD (BASE 65) ]
TOTAL THIS MO.   575    CLEAR  (SCALE 0-3)  11
DPTR FM NORMAL   157    PTCLDY (SCALE 4-7)   4
TOTAL FM JUL 1  1640    CLOUDY (SCALE 8-10)  4
DPTR FM NORMAL    85

[CDD (BASE 65) ]
TOTAL THIS MO.     0
DPTR FM NORMAL     0    [PRESSURE DATA]
TOTAL FM JAN 1     0    HIGHEST SLP M ON M
DPTR FM NORMAL     0    LOWEST  SLP 29.61 ON 12

[REMARKS]
