000
CXUS52 KFFC 271110
CF6FTY
PRELIMINARY LOCAL CLIMATOLOGICAL DATA (WS FORM: F-6)

                                          STATION:   FULTON COUNTY AIRPORT
                                          MONTH:     JANUARY
                                          YEAR:      2015
                                          LATITUDE:   33 46 N
                                          LONGITUDE:  84 31 W

  TEMPERATURE IN F:       :PCPN:    SNOW:  WIND      :SUNSHINE: SKY     :PK WND
================================================================================
1   2   3   4   5  6A  6B    7    8   9   10  11  12  13   14  15   16   17  18
                                     12Z  AVG MX 2MIN
DY MAX MIN AVG DEP HDD CDD  WTR  SNW DPTH SPD SPD DIR MIN PSBL S-S WX    SPD DR
================================================================================

 1  56  30  43   0  22   0 0.08  0.0    M  1.2  7 350   M    M   5 1       9 330
 2  49  42  46   3  19   0 0.69  0.0    M  1.9 10  80   M    M  10 13     13  80
 3  60  48  54  11  11   0 0.28    M    M  5.4 12 150   M    M  10 1      17 150
 4  64  44  54  11  11   0 1.03  0.0    M  8.1 22 310   M    M   7 13     30 310
 5  47  31  39  -4  26   0 0.00    M    M  8.0 21 340   M    M   2        30 330
 6  53  26  40  -3  25   0 0.00  0.0    M  5.7 20 310   M    M   0        27 290
 7  40  15  28 -15  37   0 0.00    M    M 12.8 26 320   M    M   2        36 340
 8  33  10  22 -21  43   0 0.00    M    M  5.0 17 350   M    M   0        24 340
 9  40  19  30 -13  35   0 0.00    M    M  6.0 15 310   M    M   0        20 310
10  47  19  33 -10  32   0 0.00    M    M  3.9 15 340   M    M   0        22 350
11  45  25  35  -8  30   0 0.05    M    M  5.7 15  80   M    M   7 1      18  80
12  48  38  43   0  22   0 0.01    M    M  1.8  9  60   M    M  10 12     12  60
13  49  41  45   2  20   0 0.05    M    M  5.8 13 320   M    M  10 1      18 320
14  45  33  39  -4  26   0 0.00    M    M  3.7 10  50   M    M   9 1      13  50
15  39  30  35  -8  30   0 0.10    M    M  2.2 10 330   M    M   8 1      15 340
16  53  31  42  -1  23   0 0.00  0.0    M  5.9 17 310   M    M   2        22 310
17  59  27  43   0  22   0 0.00  0.0    M  2.4 14 160   M    M   0 1      19 150
18  59  31  45   2  20   0 0.00  0.0    M  6.3 24 300   M    M   1 1      30 290
19  66  28  47   4  18   0 0.00  0.0    M  3.5 15 250   M    M   0        20 250
20  67  41  54  11  11   0 0.00  0.0    M  3.5 12 270   M    M   0        17 290
21  63  35  49   6  16   0 0.00  0.0    M  3.5 17 290   M    M   0        22 300
22  56  32  44   1  21   0 0.05    M    M  2.0 10 350   M    M   5        13 340
23  46  41  44   1  21   0 0.93    M    M  8.4 20  80   M    M  10 1      28  80
24  48  34  41  -2  24   0    T  0.0    M  8.2 22 300   M    M   5 1      30 290
25  60  28  44   0  21   0 0.05  0.0    M  5.2 21 290   M    M   2        29 290
26  45  33  39  -5  26   0 0.01  0.0    M 10.1 23 310   M    M   9        32 310
================================================================================
SM 1337  812       612   0  3.33     0.0 136.2          M      114
================================================================================
AV 51.4 31.2                               5.2 FASTST   M    M   4    MAX(MPH)
                                 MISC ---->  # 26 320               # 36  340
================================================================================
NOTES:
# LAST OF SEVERAL OCCURRENCES

COLUMN 17 PEAK WIND IN M.P.H.

PRELIMINARY LOCAL CLIMATOLOGICAL DATA (WS FORM: F-6) , PAGE 2

                                          STATION:  FULTON COUNTY AIRPORT
                                          MONTH:    JANUARY
                                          YEAR:     2015
                                          LATITUDE:   33 46 N
                                          LONGITUDE:  84 31 W

[TEMPERATURE DATA]      [PRECIPITATION DATA]       SYMBOLS USED IN COLUMN 16

AVERAGE MONTHLY: 41.3   TOTAL FOR MONTH:   3.33    1 = FOG OR MIST
DPTR FM NORMAL:  -1.8   DPTR FM NORMAL:   -0.05    2 = FOG REDUCING VISIBILITY
HIGHEST:    67 ON 20    GRTST 24HR  1.28 ON  3- 4      TO 1/4 MILE OR LESS
LOWEST:     10 ON  8                               3 = THUNDER
                        SNOW, ICE PELLETS, HAIL    4 = ICE PELLETS
                        TOTAL MONTH:   0.0 INCH    5 = HAIL
                        GRTST 24HR     0.0         6 = FREEZING RAIN OR DRIZZLE
                        GRTST DEPTH:  M  ON   M    7 = DUSTSTORM OR SANDSTORM:
                                                       VSBY 1/2 MILE OR LESS
                                                   8 = SMOKE OR HAZE
[NO. OF DAYS WITH]      [WEATHER - DAYS WITH]      9 = BLOWING SNOW
                                                   X = TORNADO
MAX 32 OR BELOW:   0    0.01 INCH OR MORE:  12
MAX 90 OR ABOVE:   0    0.10 INCH OR MORE:   5
MIN 32 OR BELOW:  15    0.50 INCH OR MORE:   3
MIN  0 OR BELOW:   0    1.00 INCH OR MORE:   1

[HDD (BASE 65) ]
TOTAL THIS MO.   612    CLEAR  (SCALE 0-3)  13
DPTR FM NORMAL    41    PTCLDY (SCALE 4-7)   6
TOTAL FM JUL 1  1752    CLOUDY (SCALE 8-10)  7
DPTR FM NORMAL    44

[CDD (BASE 65) ]
TOTAL THIS MO.     0
DPTR FM NORMAL     0    [PRESSURE DATA]
TOTAL FM JAN 1     0    HIGHEST SLP M ON M
DPTR FM NORMAL     0    LOWEST  SLP 29.67 ON 24

[REMARKS]
